000
CDUS43 KDMX 300646
CLIDSM

CLIMATE REPORT
NATIONAL WEATHER SERVICE DES MOINES IA
1245 AM CST THU NOV 30 2017

...................................

...THE DES MOINES IA CLIMATE SUMMARY FOR NOVEMBER 29 2017...

CLIMATE NORMAL PERIOD 1981 TO 2010
CLIMATE RECORD PERIOD 1878 TO 2017


WEATHER ITEM   OBSERVED TIME   RECORD YEAR NORMAL DEPARTURE LAST
                VALUE   (LST)  VALUE       VALUE  FROM      YEAR
                                                  NORMAL
..................................................................
TEMPERATURE (F)
 YESTERDAY
  MAXIMUM         50    332 PM  70    1998  40     10       47
  MINIMUM         28    745 AM -10    1891  24      4       33
  AVERAGE         39                        32      7       40

PRECIPITATION (IN)
  YESTERDAY        0.00          1.07 1975   0.06  -0.06      T
  MONTH TO DATE    0.25                      2.13  -1.88     1.38
  SINCE SEP 1      7.54                      7.82  -0.28     7.79
  SINCE JAN 1     29.78                     34.54  -4.76    33.12

SNOWFALL (IN)
  YESTERDAY        0.0           2.6  1886   0.2   -0.2       T
  MONTH TO DATE    T                         2.3   -2.3       T
  SINCE SEP 1      T                         2.7   -2.7       T
  SINCE JUL 1      T                         2.7   -2.7       T
  SNOW DEPTH       0

DEGREE DAYS
 HEATING
  YESTERDAY       26                        33     -7       25
  MONTH TO DATE  715                       741    -26      449
  SINCE SEP 1   1035                      1219   -184      655
  SINCE JUL 1   1035                      1225   -190      655

 COOLING
  YESTERDAY        0                         0      0        0
  MONTH TO DATE    0                         0      0        1
  SINCE SEP 1    226                       127     99      251
  SINCE JAN 1   1306                      1066    240     1448
..................................................................


WIND (MPH)
  HIGHEST WIND SPEED    18   HIGHEST WIND DIRECTION    SE (140)
  HIGHEST GUST SPEED    25   HIGHEST GUST DIRECTION    SE (120)
  AVERAGE WIND SPEED     7.9


SKY COVER
  POSSIBLE SUNSHINE  MM
  AVERAGE SKY COVER 0.4


WEATHER CONDITIONS
 THE FOLLOWING WEATHER WAS RECORDED YESTERDAY.
  NO SIGNIFICANT WEATHER WAS OBSERVED.


RELATIVE HUMIDITY (PERCENT)
 HIGHEST    53           700 AM
 LOWEST     29          1200 AM
 AVERAGE    41

..........................................................


THE DES MOINES IA CLIMATE NORMALS FOR TODAY
                         NORMAL    RECORD    YEAR
 MAXIMUM TEMPERATURE (F)   40        69      1922
 MINIMUM TEMPERATURE (F)   23        -3      1964


SUNRISE AND SUNSET
NOVEMBER 30 2017......SUNRISE   721 AM CST   SUNSET   446 PM CST
DECEMBER  1 2017......SUNRISE   722 AM CST   SUNSET   445 PM CST


-  INDICATES NEGATIVE NUMBERS.
R  INDICATES RECORD WAS SET OR TIED.
MM INDICATES DATA IS MISSING.
T  INDICATES TRACE AMOUNT.

$$

SMALL
