000
CDUS43 KDMX 290633
CLIDSM

CLIMATE REPORT
NATIONAL WEATHER SERVICE DES MOINES IA
132 AM CDT MON JUN 29 2015


...................................

...THE DES MOINES IA CLIMATE SUMMARY FOR JUNE 28 2015...

CLIMATE NORMAL PERIOD 1981 TO 2010
CLIMATE RECORD PERIOD 1878 TO 2015


WEATHER ITEM   OBSERVED TIME   RECORD YEAR NORMAL DEPARTURE LAST
                VALUE   (LST)  VALUE       VALUE  FROM      YEAR
                                                  NORMAL
..................................................................
TEMPERATURE (F)
 YESTERDAY
  MAXIMUM         86    328 PM 102    1934  85      1       88
  MINIMUM         64    605 AM  52    1911  65     -1       66
  AVERAGE         75                        75      0       77

PRECIPITATION (IN)
  YESTERDAY        0.80          2.75 1882   0.17   0.63     0.78
  MONTH TO DATE    8.40                      4.62   3.78     6.10
  SINCE JUN 1      8.40                      4.62   3.78     6.10
  SINCE JAN 1     17.75                     17.80  -0.05    17.25

SNOWFALL (IN)
  YESTERDAY        0.0          MM      MM   0.0    0.0      0.0
  MONTH TO DATE    0.0                       0.0    0.0      0.0
  SINCE JUN 1      0.0                       0.0    0.0      0.0
  SINCE JUL 1     29.1                      35.3   -6.2     48.3
  SNOW DEPTH       0

DEGREE DAYS
 HEATING
  YESTERDAY        0                         0      0        0
  MONTH TO DATE    3                        14    -11        0
  SINCE JUN 1      3                        14    -11        0
  SINCE JUL 1   5915                      6199   -284     6787

 COOLING
  YESTERDAY       10                        10      0       12
  MONTH TO DATE  238                       199     39      238
  SINCE JUN 1    238                       199     39      238
  SINCE JAN 1    318                       275     43      369
..................................................................


WIND (MPH)
  HIGHEST WIND SPEED    28   HIGHEST WIND DIRECTION    SW (240)
  HIGHEST GUST SPEED    31   HIGHEST GUST DIRECTION    SW (240)
  AVERAGE WIND SPEED    10.4


SKY COVER
  POSSIBLE SUNSHINE  MM
  AVERAGE SKY COVER 0.6


WEATHER CONDITIONS
 THE FOLLOWING WEATHER WAS RECORDED YESTERDAY.
  THUNDERSTORM
  HEAVY RAIN
  LIGHT RAIN
  FOG


RELATIVE HUMIDITY (PERCENT)
 HIGHEST    81           100 AM
 LOWEST     48           300 PM
 AVERAGE    65

..........................................................


THE DES MOINES IA CLIMATE NORMALS FOR TODAY
                         NORMAL    RECORD    YEAR
 MAXIMUM TEMPERATURE (F)   85       100      1936
 MINIMUM TEMPERATURE (F)   66        50      1923


SUNRISE AND SUNSET
JUNE 29 2015..........SUNRISE   543 AM CDT   SUNSET   853 PM CDT
JUNE 30 2015..........SUNRISE   544 AM CDT   SUNSET   852 PM CDT


-  INDICATES NEGATIVE NUMBERS.
R  INDICATES RECORD WAS SET OR TIED.
MM INDICATES DATA IS MISSING.
T  INDICATES TRACE AMOUNT.




$$
