000
CDUS43 KDMX 160633
CLIDSM

CLIMATE REPORT
NATIONAL WEATHER SERVICE DES MOINES IA
133 AM CDT SUN JUL 16 2017

...................................

...THE DES MOINES IA CLIMATE SUMMARY FOR JULY 15 2017...

CLIMATE NORMAL PERIOD 1981 TO 2010
CLIMATE RECORD PERIOD 1878 TO 2017


WEATHER ITEM   OBSERVED TIME   RECORD YEAR NORMAL DEPARTURE LAST
                VALUE   (LST)  VALUE       VALUE  FROM      YEAR
                                                  NORMAL
..................................................................
TEMPERATURE (F)
 YESTERDAY
  MAXIMUM         93    407 PM 108    1936  86      7       77
  MINIMUM         66    527 AM  50    1930  67     -1       60
  AVERAGE         80                        76      4       69

PRECIPITATION (IN)
  YESTERDAY        0.00          1.19 1882   0.15  -0.15     0.00
  MONTH TO DATE    1.29                      2.30  -1.01     2.91
  SINCE JUN 1      3.63                      7.24  -3.61     4.38
  SINCE JAN 1     18.60                     20.42  -1.82    15.62

SNOWFALL (IN)
  YESTERDAY        0.0          MM      MM   0.0    0.0      0.0
  MONTH TO DATE    0.0                       0.0    0.0      0.0
  SINCE JUN 1      0.0                       0.0    0.0      0.0
  SINCE JUL 1      0.0                       0.0    0.0      0.0
  SNOW DEPTH       0

DEGREE DAYS
 HEATING
  YESTERDAY        0                         0      0        0
  MONTH TO DATE    0                         0      0        0
  SINCE JUN 1      2                        17    -15        0
  SINCE JUL 1      0                         0      0        0

 COOLING
  YESTERDAY       15                        12      3        4
  MONTH TO DATE  212                       169     43      153
  SINCE JUN 1    519                       390    129      531
  SINCE JAN 1    599                       466    133      624
..................................................................


WIND (MPH)
  HIGHEST WIND SPEED    16   HIGHEST WIND DIRECTION     W (250)
  HIGHEST GUST SPEED    24   HIGHEST GUST DIRECTION     W (250)
  AVERAGE WIND SPEED     8.8


SKY COVER
  POSSIBLE SUNSHINE  MM
  AVERAGE SKY COVER 0.2


WEATHER CONDITIONS
 THE FOLLOWING WEATHER WAS RECORDED YESTERDAY.
  NO SIGNIFICANT WEATHER WAS OBSERVED.


RELATIVE HUMIDITY (PERCENT)
 HIGHEST    87           600 AM
 LOWEST     44           100 PM
 AVERAGE    66

..........................................................


THE DES MOINES IA CLIMATE NORMALS FOR TODAY
                         NORMAL    RECORD    YEAR
 MAXIMUM TEMPERATURE (F)   86       102      1936
 MINIMUM TEMPERATURE (F)   67        53      1906


SUNRISE AND SUNSET
JULY 16 2017..........SUNRISE   555 AM CDT   SUNSET   846 PM CDT
JULY 17 2017..........SUNRISE   556 AM CDT   SUNSET   845 PM CDT


-  INDICATES NEGATIVE NUMBERS.
R  INDICATES RECORD WAS SET OR TIED.
MM INDICATES DATA IS MISSING.
T  INDICATES TRACE AMOUNT.

$$

SMALL
