000
CDUS43 KDMX 250643
CLIDSM

CLIMATE REPORT
NATIONAL WEATHER SERVICE DES MOINES IA
141 AM CDT THU SEP 25 2014


...................................

...THE DES MOINES IA CLIMATE SUMMARY FOR SEPTEMBER 24 2014...

CLIMATE NORMAL PERIOD 1981 TO 2010
CLIMATE RECORD PERIOD 1878 TO 2014


WEATHER ITEM   OBSERVED TIME   RECORD YEAR NORMAL DEPARTURE LAST
                VALUE   (LST)  VALUE       VALUE  FROM      YEAR
                                                  NORMAL
..................................................................
TEMPERATURE (F)
 YESTERDAY
  MAXIMUM         66    410 PM  88    1984  73     -7       74
                                      1935
                                      1891
  MINIMUM         58   1029 AM  31    1942  51      7       58
  AVERAGE         62                        62      0       66

PRECIPITATION (IN)
  YESTERDAY        0.38          2.12 1931   0.09   0.29     0.01
  MONTH TO DATE    3.93                      2.51   1.42     2.14
  SINCE SEP 1      3.93                      2.51   1.42     2.14
  SINCE JAN 1     36.30                     29.23   7.07    25.69

SNOWFALL (IN)
  YESTERDAY        0.0           T    1985   0.0    0.0      0.0
  MONTH TO DATE    0.0                       0.0    0.0      0.0
  SINCE SEP 1      0.0                       0.0    0.0      0.0
  SINCE JUL 1      0.0                       0.0    0.0      0.0
  SNOW DEPTH       0

DEGREE DAYS
 HEATING
  YESTERDAY        3                         5     -2        0
  MONTH TO DATE   77                        57     20       15
  SINCE SEP 1     77                        57     20       15
  SINCE JUL 1     79                        63     16       15

 COOLING
  YESTERDAY        0                         2     -2        1
  MONTH TO DATE   71                       102    -31      198
  SINCE SEP 1     71                       102    -31      198
  SINCE JAN 1   1040                      1041     -1     1299
..................................................................


WIND (MPH)
  HIGHEST WIND SPEED    20   HIGHEST WIND DIRECTION     S (180)
  HIGHEST GUST SPEED    24   HIGHEST GUST DIRECTION     S (180)
  AVERAGE WIND SPEED     9.0


SKY COVER
  POSSIBLE SUNSHINE  MM
  AVERAGE SKY COVER 0.9


WEATHER CONDITIONS
 THE FOLLOWING WEATHER WAS RECORDED YESTERDAY.
  RAIN
  LIGHT RAIN
  FOG


RELATIVE HUMIDITY (PERCENT)
 HIGHEST    86           800 AM
 LOWEST     67          1200 AM
 AVERAGE    77

..........................................................


THE DES MOINES IA CLIMATE NORMALS FOR TODAY
                         NORMAL    RECORD    YEAR
 MAXIMUM TEMPERATURE (F)   72        91      1897
 MINIMUM TEMPERATURE (F)   51        32      1942


SUNRISE AND SUNSET
SEPTEMBER 25 2014.....SUNRISE   705 AM CDT   SUNSET   707 PM CDT
SEPTEMBER 26 2014.....SUNRISE   706 AM CDT   SUNSET   705 PM CDT


-  INDICATES NEGATIVE NUMBERS.
R  INDICATES RECORD WAS SET OR TIED.
MM INDICATES DATA IS MISSING.
T  INDICATES TRACE AMOUNT.




$$
