000
CDUS43 KDMX 150637
CLIDSM

CLIMATE REPORT
NATIONAL WEATHER SERVICE DES MOINES IA
1236 AM CST MON DEC 15 2014


...................................

...THE DES MOINES IA CLIMATE SUMMARY FOR DECEMBER 14 2014...

CLIMATE NORMAL PERIOD 1981 TO 2010
CLIMATE RECORD PERIOD 1878 TO 2014


WEATHER ITEM   OBSERVED TIME   RECORD YEAR NORMAL DEPARTURE LAST
                VALUE   (LST)  VALUE       VALUE  FROM      YEAR
                                                  NORMAL
..................................................................
TEMPERATURE (F)
 YESTERDAY
  MAXIMUM         58    332 PM  60    1975  34     24       25
  MINIMUM         51   1127 PM -17    1901  18     33       15
  AVERAGE         55                        26     29       20

PRECIPITATION (IN)
  YESTERDAY        0.00          0.61 1992   0.05  -0.05      T
  MONTH TO DATE    T                         0.73  -0.73     0.21
  SINCE DEC 1      T                         0.73  -0.73     0.21
  SINCE JAN 1     40.96                     35.33   5.63    31.40

SNOWFALL (IN)
  YESTERDAY        0.0           5.1  1951   0.3   -0.3       T
  MONTH TO DATE    0.0                       4.1   -4.1      5.6
  SINCE DEC 1      0.0                       4.1   -4.1      5.6
  SINCE JUL 1      5.8                       7.0   -1.2      7.0
  SNOW DEPTH       0

DEGREE DAYS
 HEATING
  YESTERDAY       10                        39    -29       45
  MONTH TO DATE  420                       514    -94      618
  SINCE DEC 1    420                       514    -94      618
  SINCE JUL 1   1737                      1772    -35     1821

 COOLING
  YESTERDAY        0                         0      0        0
  MONTH TO DATE    0                         0      0        0
  SINCE DEC 1      0                         0      0        0
  SINCE JAN 1   1075                      1066      9     1353
..................................................................


WIND (MPH)
  HIGHEST WIND SPEED    17   HIGHEST WIND DIRECTION     S (200)
  HIGHEST GUST SPEED    22   HIGHEST GUST DIRECTION     S (190)
  AVERAGE WIND SPEED    10.9


SKY COVER
  POSSIBLE SUNSHINE  MM
  AVERAGE SKY COVER 1.0


WEATHER CONDITIONS
 THE FOLLOWING WEATHER WAS RECORDED YESTERDAY.
  FOG
  HAZE


RELATIVE HUMIDITY (PERCENT)
 HIGHEST    93           800 AM
 LOWEST     80          1200 PM
 AVERAGE    87

..........................................................


THE DES MOINES IA CLIMATE NORMALS FOR TODAY
                         NORMAL    RECORD    YEAR
 MAXIMUM TEMPERATURE (F)   34        59      2002
                                             1939
 MINIMUM TEMPERATURE (F)   18       -18      1901


SUNRISE AND SUNSET
DECEMBER 15 2014......SUNRISE   734 AM CST   SUNSET   445 PM CST
DECEMBER 16 2014......SUNRISE   735 AM CST   SUNSET   446 PM CST


-  INDICATES NEGATIVE NUMBERS.
R  INDICATES RECORD WAS SET OR TIED.
MM INDICATES DATA IS MISSING.
T  INDICATES TRACE AMOUNT.




$$
