000
CDUS43 KDMX 110900
CLIDSM

CLIMATE REPORT
NATIONAL WEATHER SERVICE DES MOINES IA
142 AM CDT SUN JUN 11 2017

...................................

...THE DES MOINES IA CLIMATE SUMMARY FOR JUNE 10 2017...

CLIMATE NORMAL PERIOD 1981 TO 2010
CLIMATE RECORD PERIOD 1878 TO 2017


WEATHER ITEM   OBSERVED TIME   RECORD YEAR NORMAL DEPARTURE LAST
                VALUE   (LST)  VALUE       VALUE  FROM      YEAR
                                                  NORMAL
..................................................................
TEMPERATURE (F)
 YESTERDAY
  MAXIMUM         92    402 PM 102    1933  80     12       95
  MINIMUM         69    456 AM  44    1913  61      8       73
  AVERAGE         81                        70     11       84

PRECIPITATION (IN)
  YESTERDAY        0.00          3.51 1882   0.15  -0.15     0.00
  MONTH TO DATE    0.00                      1.64  -1.64     0.07
  SINCE JUN 1      0.00                      1.64  -1.64     0.07
  SINCE JAN 1     14.97                     14.82   0.15    11.31

SNOWFALL (IN)
  YESTERDAY        0.0          MM      MM   0.0    0.0      0.0
  MONTH TO DATE    0.0                       0.0    0.0      0.0
  SINCE JUN 1      0.0                       0.0    0.0      0.0
  SINCE JUL 1     14.3                      35.3  -21.0     30.3
  SNOW DEPTH       0

DEGREE DAYS
 HEATING
  YESTERDAY        0                         1     -1        0
  MONTH TO DATE    0                        12    -12        0
  SINCE JUN 1      0                        12    -12        0
  SINCE JUL 1   4837                      6197  -1360     5006

 COOLING
  YESTERDAY       16                         6     10       19
  MONTH TO DATE  100                        50     50       85
  SINCE JUN 1    100                        50     50       85
  SINCE JAN 1    180                       126     54      178
..................................................................


WIND (MPH)
  HIGHEST WIND SPEED    30   HIGHEST WIND DIRECTION     S (180)
  HIGHEST GUST SPEED    36   HIGHEST GUST DIRECTION     S (180)
  AVERAGE WIND SPEED    16.5


SKY COVER
  POSSIBLE SUNSHINE  MM
  AVERAGE SKY COVER 0.4


WEATHER CONDITIONS
 THE FOLLOWING WEATHER WAS RECORDED YESTERDAY.
  NO SIGNIFICANT WEATHER WAS OBSERVED.


RELATIVE HUMIDITY (PERCENT)
 HIGHEST    70           400 AM
 LOWEST     43          1200 PM
 AVERAGE    57

..........................................................


THE DES MOINES IA CLIMATE NORMALS FOR TODAY
                         NORMAL    RECORD    YEAR
 MAXIMUM TEMPERATURE (F)   81        97      1918
                                             1886
 MINIMUM TEMPERATURE (F)   61        45      1903


SUNRISE AND SUNSET
JUNE 11 2017..........SUNRISE   540 AM CDT   SUNSET   849 PM CDT
JUNE 12 2017..........SUNRISE   540 AM CDT   SUNSET   849 PM CDT


-  INDICATES NEGATIVE NUMBERS.
R  INDICATES RECORD WAS SET OR TIED.
MM INDICATES DATA IS MISSING.
T  INDICATES TRACE AMOUNT.




$$
