000
CDUS43 KDMX 260645
CLIDSM

CLIMATE REPORT
NATIONAL WEATHER SERVICE DES MOINES IA
143 AM CDT WED AUG 26 2015


...................................

...THE DES MOINES IA CLIMATE SUMMARY FOR AUGUST 25 2015...

CLIMATE NORMAL PERIOD 1981 TO 2010
CLIMATE RECORD PERIOD 1878 TO 2015


WEATHER ITEM   OBSERVED TIME   RECORD YEAR NORMAL DEPARTURE LAST
                VALUE   (LST)  VALUE       VALUE  FROM      YEAR
                                                  NORMAL
..................................................................
TEMPERATURE (F)
 YESTERDAY
  MAXIMUM         77    359 PM 106    1936  83     -6       92
  MINIMUM         53    600 AM  44    1934  64    -11       73
  AVERAGE         65                        73     -8       83

PRECIPITATION (IN)
  YESTERDAY        0.00          3.45 1987   0.13  -0.13     0.01
  MONTH TO DATE    3.92                      3.39   0.53     5.58
  SINCE JUN 1     19.49                     12.80   6.69    15.44
  SINCE JAN 1     28.84                     25.98   2.86    26.59

SNOWFALL (IN)
  YESTERDAY        0.0          MM      MM   0.0    0.0      0.0
  MONTH TO DATE    0.0                       0.0    0.0      0.0
  SINCE JUN 1      0.0                       0.0    0.0      0.0
  SINCE JUL 1      0.0                       0.0    0.0      0.0
  SNOW DEPTH       0

DEGREE DAYS
 HEATING
  YESTERDAY        0                         0      0        0
  MONTH TO DATE    2                         0      2        0
  SINCE JUN 1      5                        18    -13        2
  SINCE JUL 1      2                         1      1        2

 COOLING
  YESTERDAY        0                         8     -8       18
  MONTH TO DATE  230                       248    -18      268
  SINCE JUN 1    840                       818     22      777
  SINCE JAN 1    920                       894     26      908
..................................................................


WIND (MPH)
  HIGHEST WIND SPEED    18   HIGHEST WIND DIRECTION    NW (320)
  HIGHEST GUST SPEED    24   HIGHEST GUST DIRECTION    NW (320)
  AVERAGE WIND SPEED     7.0


SKY COVER
  POSSIBLE SUNSHINE  MM
  AVERAGE SKY COVER 0.2


WEATHER CONDITIONS
 THE FOLLOWING WEATHER WAS RECORDED YESTERDAY.
  NO SIGNIFICANT WEATHER WAS OBSERVED.


RELATIVE HUMIDITY (PERCENT)
 HIGHEST    83           300 AM
 LOWEST     33           300 PM
 AVERAGE    58

..........................................................


THE DES MOINES IA CLIMATE NORMALS FOR TODAY
                         NORMAL    RECORD    YEAR
 MAXIMUM TEMPERATURE (F)   83       104      1983
 MINIMUM TEMPERATURE (F)   63        45      1910


SUNRISE AND SUNSET
AUGUST 26 2015........SUNRISE   634 AM CDT   SUNSET   758 PM CDT
AUGUST 27 2015........SUNRISE   635 AM CDT   SUNSET   756 PM CDT


-  INDICATES NEGATIVE NUMBERS.
R  INDICATES RECORD WAS SET OR TIED.
MM INDICATES DATA IS MISSING.
T  INDICATES TRACE AMOUNT.

$$

REV
