000
CDUS43 KDMX 210644
CLIDSM

CLIMATE REPORT
NATIONAL WEATHER SERVICE DES MOINES IA
1233 AM CST FRI NOV 21 2014


...................................

...THE DES MOINES IA CLIMATE SUMMARY FOR NOVEMBER 20 2014...

CLIMATE NORMAL PERIOD 1981 TO 2010
CLIMATE RECORD PERIOD 1878 TO 2014


WEATHER ITEM   OBSERVED TIME   RECORD YEAR NORMAL DEPARTURE LAST
                VALUE   (LST)  VALUE       VALUE  FROM      YEAR
                                                  NORMAL
..................................................................
TEMPERATURE (F)
 YESTERDAY
  MAXIMUM         30    308 PM  76    1897  45    -15       48
  MINIMUM         14    608 AM   5    1964  28    -14       37
  AVERAGE         22                        37    -15       43

PRECIPITATION (IN)
  YESTERDAY        T             0.87 1907   0.06  -0.06     0.08
  MONTH TO DATE    0.23                      1.55  -1.32     1.24
  SINCE SEP 1      8.24                      7.24   1.00     7.52
  SINCE JAN 1     40.61                     33.96   6.65    31.07

SNOWFALL (IN)
  YESTERDAY        T             2.2  1956   0.1   -0.1      0.0
  MONTH TO DATE    2.8                       1.0    1.8      0.4
  SINCE SEP 1      2.8                       1.4    1.4      0.4
  SINCE JUL 1      2.8                       1.4    1.4      0.4
  SNOW DEPTH       1

DEGREE DAYS
 HEATING
  YESTERDAY       43                        28     15       22
  MONTH TO DATE  609                       462    147      425
  SINCE SEP 1    989                       940     49      815
  SINCE JUL 1    991                       946     45      815

 COOLING
  YESTERDAY        0                         0      0        0
  MONTH TO DATE    0                         0      0        0
  SINCE SEP 1    106                       127    -21      252
  SINCE JAN 1   1075                      1066      9     1353
..................................................................


WIND (MPH)
  HIGHEST WIND SPEED    20   HIGHEST WIND DIRECTION    NW (310)
  HIGHEST GUST SPEED    24   HIGHEST GUST DIRECTION    NW (300)
  AVERAGE WIND SPEED     8.2


SKY COVER
  POSSIBLE SUNSHINE  MM
  AVERAGE SKY COVER 0.2


WEATHER CONDITIONS
 THE FOLLOWING WEATHER WAS RECORDED YESTERDAY.
  LIGHT SNOW


RELATIVE HUMIDITY (PERCENT)
 HIGHEST    74           800 AM
 LOWEST     50           100 PM
 AVERAGE    62

..........................................................


THE DES MOINES IA CLIMATE NORMALS FOR TODAY
                         NORMAL    RECORD    YEAR
 MAXIMUM TEMPERATURE (F)   45        74      1990
 MINIMUM TEMPERATURE (F)   28        -1      1937


SUNRISE AND SUNSET
NOVEMBER 21 2014......SUNRISE   711 AM CST   SUNSET   450 PM CST
NOVEMBER 22 2014......SUNRISE   712 AM CST   SUNSET   449 PM CST


-  INDICATES NEGATIVE NUMBERS.
R  INDICATES RECORD WAS SET OR TIED.
MM INDICATES DATA IS MISSING.
T  INDICATES TRACE AMOUNT.




$$
