000
CDUS43 KDMX 220634
CLIDSM

CLIMATE REPORT
NATIONAL WEATHER SERVICE DES MOINES IA
133 AM CDT THU SEP 22 2016

...................................

...THE DES MOINES IA CLIMATE SUMMARY FOR SEPTEMBER 21 2016...

CLIMATE NORMAL PERIOD 1981 TO 2010
CLIMATE RECORD PERIOD 1878 TO 2016


WEATHER ITEM   OBSERVED TIME   RECORD YEAR NORMAL DEPARTURE LAST
                VALUE   (LST)  VALUE       VALUE  FROM      YEAR
                                                  NORMAL
..................................................................
TEMPERATURE (F)
 YESTERDAY
  MAXIMUM         93    216 PM  95    1937  74     19       78
  MINIMUM         75    645 AM  35    1995  53     22       55
                                      1918
  AVERAGE         84                        63     21       67

PRECIPITATION (IN)
  YESTERDAY        0.00          1.59 1914   0.10  -0.10     0.00
  MONTH TO DATE    3.82                      2.23   1.59     4.31
  SINCE SEP 1      3.82                      2.23   1.59     4.31
  SINCE JAN 1     29.15                     28.95   0.20    33.48

SNOWFALL (IN)
  YESTERDAY        0.0          MM      MM   0.0    0.0      0.0
  MONTH TO DATE    0.0                       0.0    0.0      0.0
  SINCE SEP 1      0.0                       0.0    0.0      0.0
  SINCE JUL 1      0.0                       0.0    0.0      0.0
  SNOW DEPTH       0

DEGREE DAYS
 HEATING
  YESTERDAY        0                         4     -4        0
  MONTH TO DATE    0                        43    -43       18
  SINCE SEP 1      0                        43    -43       18
  SINCE JUL 1      0                        49    -49       20

 COOLING
  YESTERDAY       19                         2     17        2
  MONTH TO DATE  173                        96     77      190
  SINCE SEP 1    173                        96     77      190
  SINCE JAN 1   1370                      1035    335     1142
..................................................................


WIND (MPH)
  HIGHEST WIND SPEED    21   HIGHEST WIND DIRECTION     S (200)
  HIGHEST GUST SPEED    27   HIGHEST GUST DIRECTION    SW (210)
  AVERAGE WIND SPEED    11.5


SKY COVER
  POSSIBLE SUNSHINE  MM
  AVERAGE SKY COVER 0.5


WEATHER CONDITIONS
 THE FOLLOWING WEATHER WAS RECORDED YESTERDAY.
  NO SIGNIFICANT WEATHER WAS OBSERVED.


RELATIVE HUMIDITY (PERCENT)
 HIGHEST    94           500 AM
 LOWEST     52          1200 PM
 AVERAGE    73

..........................................................


THE DES MOINES IA CLIMATE NORMALS FOR TODAY
                         NORMAL    RECORD    YEAR
 MAXIMUM TEMPERATURE (F)   74        98      1937
 MINIMUM TEMPERATURE (F)   52        31      1995


SUNRISE AND SUNSET
SEPTEMBER 22 2016.....SUNRISE   703 AM CDT   SUNSET   711 PM CDT
SEPTEMBER 23 2016.....SUNRISE   704 AM CDT   SUNSET   709 PM CDT


-  INDICATES NEGATIVE NUMBERS.
R  INDICATES RECORD WAS SET OR TIED.
MM INDICATES DATA IS MISSING.
T  INDICATES TRACE AMOUNT.




$$
