000
CDUS43 KDMX 260713
CLIDSM

CLIMATE REPORT
NATIONAL WEATHER SERVICE DES MOINES IA
203 AM CDT SUN JUL 26 2015

...................................

...THE DES MOINES IA CLIMATE SUMMARY FOR JULY 25 2015...

CLIMATE NORMAL PERIOD 1981 TO 2010
CLIMATE RECORD PERIOD 1878 TO 2015

WEATHER ITEM   OBSERVED TIME   RECORD YEAR NORMAL DEPARTURE LAST
                VALUE   (LST)  VALUE       VALUE  FROM      YEAR
                                                  NORMAL
..................................................................
TEMPERATURE (F)
 YESTERDAY
  MAXIMUM         89    409 PM 110    1936  86      3       82
  MINIMUM         74    615 AM  54    1905  67      7       65
  AVERAGE         82                        76      6       74

PRECIPITATION (IN)
  YESTERDAY        0.12          0.89 1948   0.13  -0.01     0.09
  MONTH TO DATE    2.28                      3.67  -1.39     2.35
  SINCE JUN 1     10.68                      8.61   2.07     9.84
  SINCE JAN 1     20.03                     21.79  -1.76    20.99

SNOWFALL (IN)
  YESTERDAY        0.0          MM      MM   0.0    0.0      0.0
  MONTH TO DATE    0.0                       0.0    0.0      0.0
  SINCE JUN 1      0.0                       0.0    0.0      0.0
  SINCE JUL 1      0.0                       0.0    0.0      0.0
  SNOW DEPTH       0

DEGREE DAYS
 HEATING
  YESTERDAY        0                         0      0        0
  MONTH TO DATE    0                         0      0        2
  SINCE JUN 1      3                        17    -14        2
  SINCE JUL 1      0                         0      0        2

 COOLING
  YESTERDAY       17                        11      6        9
  MONTH TO DATE  270                       282    -12      209
  SINCE JUN 1    527                       503     24      465
  SINCE JAN 1    607                       579     28      596
..................................................................

WIND (MPH)
  HIGHEST WIND SPEED    16   HIGHEST WIND DIRECTION    SW (240)
  HIGHEST GUST SPEED    22   HIGHEST GUST DIRECTION     E (90)
  AVERAGE WIND SPEED     5.8

SKY COVER
  POSSIBLE SUNSHINE  MM
  AVERAGE SKY COVER 0.7

WEATHER CONDITIONS
 THE FOLLOWING WEATHER WAS RECORDED YESTERDAY.
  THUNDERSTORM
  LIGHT RAIN
  FOG

RELATIVE HUMIDITY (PERCENT)
 HIGHEST    87           500 AM
 LOWEST     56           300 PM
 AVERAGE    72
..........................................................

THE DES MOINES IA CLIMATE NORMALS FOR TODAY
                         NORMAL    RECORD    YEAR
 MAXIMUM TEMPERATURE (F)   86       108      1936
 MINIMUM TEMPERATURE (F)   67        52      1911

SUNRISE AND SUNSET
JULY 26 2015..........SUNRISE   603 AM CDT   SUNSET   838 PM CDT
JULY 27 2015..........SUNRISE   604 AM CDT   SUNSET   837 PM CDT

-  INDICATES NEGATIVE NUMBERS.
R  INDICATES RECORD WAS SET OR TIED.
MM INDICATES DATA IS MISSING.
T  INDICATES TRACE AMOUNT.

$$

FAB
