329
CDUS43 KDMX 092341 RRA
CLIDSM

CLIMATE REPORT
NATIONAL WEATHER SERVICE DES MOINES IA
540 PM CST MON JAN 9 2017

...................................

...THE DES MOINES IA CLIMATE SUMMARY FOR JANUARY 9 2017...
VALID TODAY AS OF 0500 PM LOCAL TIME.

CLIMATE NORMAL PERIOD 1981 TO 2010
CLIMATE RECORD PERIOD 1878 TO 2017


WEATHER ITEM   OBSERVED TIME   RECORD YEAR NORMAL DEPARTURE LAST
                VALUE   (LST)  VALUE       VALUE  FROM      YEAR
                                                  NORMAL
..................................................................
TEMPERATURE (F)
 TODAY
  MAXIMUM         30    459 PM  57    2002  31     -1       25
  MINIMUM         14    634 AM -24    1886  14      0       -2
  AVERAGE         22                        22      0       12

PRECIPITATION (IN)
  TODAY            0.00          0.52 1901   0.03  -0.03      T
  MONTH TO DATE    0.01                      0.29  -0.28     0.44
  SINCE DEC 1      1.42                      1.71  -0.29     5.88
  SINCE JAN 1      0.01                      0.29  -0.28     0.44

SNOWFALL (IN)
  TODAY            0.0           7.3  1957   0.3   -0.3       T
  MONTH TO DATE    0.1                       2.3   -2.2      0.1
  SINCE DEC 1      3.9                      11.3   -7.4      7.9
  SINCE JUL 1      3.9                      14.2  -10.3     14.8
  SNOW DEPTH       0

DEGREE DAYS
 HEATING
  TODAY           43                        43      0       53
  MONTH TO DATE  420                       380     40      352
  SINCE DEC 1   1580                      1589     -9     1237
  SINCE JUL 1   2263                      2847   -584     2118

 COOLING
  TODAY            0                         0      0        0
  MONTH TO DATE    0                         0      0        0
  SINCE DEC 1      0                         0      0        0
  SINCE JAN 1      0                         0      0        0
..................................................................


WIND (MPH)
  HIGHEST WIND SPEED    22   HIGHEST WIND DIRECTION    SE (150)
  HIGHEST GUST SPEED    26   HIGHEST GUST DIRECTION    SE (150)
  AVERAGE WIND SPEED     8.2


SKY COVER
  POSSIBLE SUNSHINE  MM
  AVERAGE SKY COVER 0.7


WEATHER CONDITIONS
 THE FOLLOWING WEATHER WAS RECORDED TODAY.
  NO SIGNIFICANT WEATHER WAS OBSERVED.


RELATIVE HUMIDITY (PERCENT)
 HIGHEST    80           200 AM
 LOWEST     60           100 PM
 AVERAGE    70

..........................................................


THE DES MOINES IA CLIMATE NORMALS FOR TOMORROW
                         NORMAL    RECORD    YEAR
 MAXIMUM TEMPERATURE (F)   31        65      1928
 MINIMUM TEMPERATURE (F)   14       -22      1982


SUNRISE AND SUNSET
JANUARY  9 2017.......SUNRISE   741 AM CST   SUNSET   503 PM CST
JANUARY 10 2017.......SUNRISE   740 AM CST   SUNSET   504 PM CST


-  INDICATES NEGATIVE NUMBERS.
R  INDICATES RECORD WAS SET OR TIED.
MM INDICATES DATA IS MISSING.
T  INDICATES TRACE AMOUNT.




$$
