000
CDUS43 KDMX 120711 RRA
CLIDSM

CLIMATE REPORT
NATIONAL WEATHER SERVICE DES MOINES IA
211 AM CDT FRI SEP 12 2014

...................................

...THE DES MOINES IA CLIMATE SUMMARY FOR SEPTEMBER 11 2014...

CLIMATE NORMAL PERIOD 1981 TO 2010
CLIMATE RECORD PERIOD 1878 TO 2014


WEATHER ITEM   OBSERVED TIME   RECORD YEAR NORMAL DEPARTURE LAST
                VALUE   (LST)  VALUE       VALUE  FROM      YEAR
                                                  NORMAL
..................................................................
TEMPERATURE (F)
 YESTERDAY
  MAXIMUM         56    324 PM  97    2000  78    -22       89
                                      1936
  MINIMUM         50    805 AM  40    1955  57     -7       73
  AVERAGE         53                        68    -15       81

PRECIPITATION (IN)
  YESTERDAY        0.02          1.28 1910   0.11  -0.09      T
  MONTH TO DATE    3.20                      1.21   1.99     0.17
  SINCE SEP 1      3.20                      1.21   1.99     0.17
  SINCE JAN 1     35.57                     27.93   7.64    23.72

SNOWFALL (IN)
  YESTERDAY        0.0          MM      MM   0.0    0.0      0.0
  MONTH TO DATE    0.0                       0.0    0.0      0.0
  SINCE SEP 1      0.0                       0.0    0.0      0.0
  SINCE JUL 1      0.0                       0.0    0.0      0.0
  SNOW DEPTH       0

DEGREE DAYS
 HEATING
  YESTERDAY       12                         2     10        0
  MONTH TO DATE   16                        13      3        0
  SINCE SEP 1     16                        13      3        0
  SINCE JUL 1     18                        19     -1        0

 COOLING
  YESTERDAY        0                         5     -5       16
  MONTH TO DATE   58                        63     -5      160
  SINCE SEP 1     58                        63     -5      160
  SINCE JAN 1   1027                      1002     25     1261
..................................................................


WIND (MPH)
  HIGHEST WIND SPEED    17   HIGHEST WIND DIRECTION    NE (30)
  HIGHEST GUST SPEED    21   HIGHEST GUST DIRECTION     N (10)
  AVERAGE WIND SPEED     9.9


SKY COVER
  POSSIBLE SUNSHINE  MM
  AVERAGE SKY COVER 1.0


WEATHER CONDITIONS
 THE FOLLOWING WEATHER WAS RECORDED YESTERDAY.
  LIGHT RAIN


RELATIVE HUMIDITY (PERCENT)
 HIGHEST    83           200 AM
 LOWEST     66           200 PM
 AVERAGE    75

..........................................................


THE DES MOINES IA CLIMATE NORMALS FOR TODAY
                         NORMAL    RECORD    YEAR
 MAXIMUM TEMPERATURE (F)   78        96      1927
 MINIMUM TEMPERATURE (F)   57        37      1902


SUNRISE AND SUNSET
SEPTEMBER 12 2014.....SUNRISE   652 AM CDT   SUNSET   729 PM CDT
SEPTEMBER 13 2014.....SUNRISE   653 AM CDT   SUNSET   727 PM CDT


-  INDICATES NEGATIVE NUMBERS.
R  INDICATES RECORD WAS SET OR TIED.
MM INDICATES DATA IS MISSING.
T  INDICATES TRACE AMOUNT.

$$

SMALL
