000
CDUS43 KDMX 130633
CLIDSM

CLIMATE REPORT
NATIONAL WEATHER SERVICE DES MOINES IA
1231 AM CST MON FEB 13 2017

...................................

...THE DES MOINES IA CLIMATE SUMMARY FOR FEBRUARY 12 2017...

CLIMATE NORMAL PERIOD 1981 TO 2010
CLIMATE RECORD PERIOD 1878 TO 2017


WEATHER ITEM   OBSERVED TIME   RECORD YEAR NORMAL DEPARTURE LAST
                VALUE   (LST)  VALUE       VALUE  FROM      YEAR
                                                  NORMAL
..................................................................
TEMPERATURE (F)
 YESTERDAY
  MAXIMUM         49    312 PM  70    1990  35     14       21
  MINIMUM         31   1153 PM -21    1905  18     13        5
  AVERAGE         40                        26     14       13

PRECIPITATION (IN)
  YESTERDAY        T             0.74 1949   0.05  -0.05      T
  MONTH TO DATE    0.20                      0.50  -0.30     0.53
  SINCE DEC 1      3.35                      2.92   0.43     6.65
  SINCE JAN 1      1.94                      1.50   0.44     1.21

SNOWFALL (IN)
  YESTERDAY        0.0           6.5  1894   0.3   -0.3       T
  MONTH TO DATE    2.6                       3.8   -1.2      8.0
  SINCE DEC 1      8.9                      21.3  -12.4     19.7
  SINCE JUL 1      8.9                      24.2  -15.3     26.6
  SNOW DEPTH       0

DEGREE DAYS
 HEATING
  YESTERDAY       25                        39    -14       52
  MONTH TO DATE  406                       482    -76      485
  SINCE DEC 1   2708                      3004   -296     2637
  SINCE JUL 1   3391                      4262   -871     3518

 COOLING
  YESTERDAY        0                         0      0        0
  MONTH TO DATE    0                         0      0        0
  SINCE DEC 1      0                         0      0        0
  SINCE JAN 1      0                         0      0        0
..................................................................


WIND (MPH)
  HIGHEST WIND SPEED    26   HIGHEST WIND DIRECTION    NW (320)
  HIGHEST GUST SPEED    35   HIGHEST GUST DIRECTION    NW (320)
  AVERAGE WIND SPEED    13.4


SKY COVER
  POSSIBLE SUNSHINE  MM
  AVERAGE SKY COVER 0.4


WEATHER CONDITIONS
 THE FOLLOWING WEATHER WAS RECORDED YESTERDAY.
  NO SIGNIFICANT WEATHER WAS OBSERVED.


RELATIVE HUMIDITY (PERCENT)
 HIGHEST    93           300 AM
 LOWEST     34           200 PM
 AVERAGE    64

..........................................................


THE DES MOINES IA CLIMATE NORMALS FOR TODAY
                         NORMAL    RECORD    YEAR
 MAXIMUM TEMPERATURE (F)   35        65      1921
 MINIMUM TEMPERATURE (F)   18       -26      1905


SUNRISE AND SUNSET
FEBRUARY 13 2017......SUNRISE   712 AM CST   SUNSET   546 PM CST
FEBRUARY 14 2017......SUNRISE   711 AM CST   SUNSET   547 PM CST


-  INDICATES NEGATIVE NUMBERS.
R  INDICATES RECORD WAS SET OR TIED.
MM INDICATES DATA IS MISSING.
T  INDICATES TRACE AMOUNT.




$$
