000
CDUS43 KDMX 302327
CLIDSM

CLIMATE REPORT
NATIONAL WEATHER SERVICE DES MOINES IA
526 PM CST THU NOV 30 2017


...................................

...THE DES MOINES IA CLIMATE SUMMARY FOR NOVEMBER 30 2017...
VALID TODAY AS OF 0500 PM LOCAL TIME.

CLIMATE NORMAL PERIOD 1981 TO 2010
CLIMATE RECORD PERIOD 1878 TO 2017


WEATHER ITEM   OBSERVED TIME   RECORD YEAR NORMAL DEPARTURE LAST
                VALUE   (LST)  VALUE       VALUE  FROM      YEAR
                                                  NORMAL
..................................................................
TEMPERATURE (F)
 TODAY
  MAXIMUM         55    237 PM  69    1922  40     15       38
  MINIMUM         37    722 AM  -3    1964  23     14       35
  AVERAGE         46                        31     15       37

PRECIPITATION (IN)
  TODAY            0.00          0.91 1881   0.06  -0.06      T
  MONTH TO DATE    0.25                      2.19  -1.94     1.38
  SINCE SEP 1      7.54                      7.88  -0.34     7.79
  SINCE JAN 1     29.78                     34.60  -4.82    33.12

SNOWFALL (IN)
  TODAY            0.0           8.0  1893   0.2   -0.2       T
  MONTH TO DATE    T                         2.5   -2.5       T
  SINCE SEP 1      T                         2.9   -2.9       T
  SINCE JUL 1      T                         2.9   -2.9       T
  SNOW DEPTH       0

DEGREE DAYS
 HEATING
  TODAY           19                        34    -15       28
  MONTH TO DATE  734                       775    -41      477
  SINCE SEP 1   1054                      1252   -198      683
  SINCE JUL 1   1054                      1258   -204      683

 COOLING
  TODAY            0                         0      0        0
  MONTH TO DATE    0                         0      0        1
  SINCE SEP 1    226                       127     99      251
  SINCE JAN 1   1306                      1066    240     1448
..................................................................


WIND (MPH)
  HIGHEST WIND SPEED    22   HIGHEST WIND DIRECTION    NW (300)
  HIGHEST GUST SPEED    26   HIGHEST GUST DIRECTION    NW (300)
  AVERAGE WIND SPEED    12.7


SKY COVER
  POSSIBLE SUNSHINE  MM
  AVERAGE SKY COVER 0.2


WEATHER CONDITIONS
 THE FOLLOWING WEATHER WAS RECORDED TODAY.
  NO SIGNIFICANT WEATHER WAS OBSERVED.


RELATIVE HUMIDITY (PERCENT)
 HIGHEST    64           500 AM
 LOWEST     26           300 PM
 AVERAGE    45

..........................................................


THE DES MOINES IA CLIMATE NORMALS FOR TOMORROW
                         NORMAL    RECORD    YEAR
 MAXIMUM TEMPERATURE (F)   39        66      1970
 MINIMUM TEMPERATURE (F)   23        -8      1893


SUNRISE AND SUNSET
NOVEMBER 30 2017......SUNRISE   721 AM CST   SUNSET   446 PM CST
DECEMBER  1 2017......SUNRISE   722 AM CST   SUNSET   445 PM CST


-  INDICATES NEGATIVE NUMBERS.
R  INDICATES RECORD WAS SET OR TIED.
MM INDICATES DATA IS MISSING.
T  INDICATES TRACE AMOUNT.




$$
