000
CDUS43 KDMX 232234
CLIDSM

DSMCLIDSX 000
TTAA00 KDMX 232233


CLIMATE REPORT
NATIONAL WEATHER SERVICE DES MOINES IA
533 PM CDT TUE JUN 23 2015


...................................

...THE DES MOINES IA CLIMATE SUMMARY FOR JUNE 23 2015...
VALID TODAY AS OF 0500 PM LOCAL TIME.

CLIMATE NORMAL PERIOD 1981 TO 2010
CLIMATE RECORD PERIOD 1878 TO 2015


WEATHER ITEM   OBSERVED TIME   RECORD YEAR NORMAL DEPARTURE LAST
                VALUE   (LST)  VALUE       VALUE  FROM      YEAR
                                                  NORMAL
..................................................................
TEMPERATURE (F)
 TODAY
  MAXIMUM         83    239 PM 103    1934  84     -1       84
  MINIMUM         62    528 AM  49    1958  64     -2       66
                                      1887
  AVERAGE         73                        74     -1       75

PRECIPITATION (IN)
  TODAY            0.00          1.66 2000   0.16  -0.16     0.00
  MONTH TO DATE    3.35                      3.79  -0.44     3.61
  SINCE JUN 1      3.35                      3.79  -0.44     3.61
  SINCE JAN 1     12.70                     16.97  -4.27    14.76

SNOWFALL (IN)
  TODAY            0.0          MM      MM   0.0    0.0      0.0
  MONTH TO DATE    0.0                       0.0    0.0      0.0
  SINCE JUN 1      0.0                       0.0    0.0      0.0
  SINCE JUL 1     29.1                      35.3   -6.2     48.3
  SNOW DEPTH       0

DEGREE DAYS
 HEATING
  TODAY            0                         0      0        0
  MONTH TO DATE    3                        14    -11        0
  SINCE JUN 1      3                        14    -11        0
  SINCE JUL 1   5915                      6199   -284     6787

 COOLING
  TODAY            8                         9     -1       10
  MONTH TO DATE  199                       150     49      184
  SINCE JUN 1    199                       150     49      184
  SINCE JAN 1    279                       226     53      315
..................................................................


WIND (MPH)
  HIGHEST WIND SPEED    14   HIGHEST WIND DIRECTION     N (360)
  HIGHEST GUST SPEED    17   HIGHEST GUST DIRECTION     N (10)
  AVERAGE WIND SPEED     6.0


SKY COVER
  POSSIBLE SUNSHINE  MM
  AVERAGE SKY COVER 0.3


WEATHER CONDITIONS
 THE FOLLOWING WEATHER WAS RECORDED TODAY.
  NO SIGNIFICANT WEATHER WAS OBSERVED.


RELATIVE HUMIDITY (PERCENT)
 HIGHEST    78           400 AM
 LOWEST     36           100 PM
 AVERAGE    57

..........................................................


THE DES MOINES IA CLIMATE NORMALS FOR TOMORROW
                         NORMAL    RECORD    YEAR
 MAXIMUM TEMPERATURE (F)   84       102      1988
 MINIMUM TEMPERATURE (F)   65        45      1887


SUNRISE AND SUNSET
JUNE 23 2015..........SUNRISE   541 AM CDT   SUNSET   852 PM CDT
JUNE 24 2015..........SUNRISE   541 AM CDT   SUNSET   852 PM CDT


-  INDICATES NEGATIVE NUMBERS.
R  INDICATES RECORD WAS SET OR TIED.
MM INDICATES DATA IS MISSING.
T  INDICATES TRACE AMOUNT.




$$
