000
CDUS43 KDMX 170630
CLIDSM

CLIMATE REPORT
NATIONAL WEATHER SERVICE DES MOINES IA
126 AM CDT SAT JUN 17 2017

...................................

...THE DES MOINES IA CLIMATE SUMMARY FOR JUNE 16 2017...

CLIMATE NORMAL PERIOD 1981 TO 2010
CLIMATE RECORD PERIOD 1878 TO 2017


WEATHER ITEM   OBSERVED TIME   RECORD YEAR NORMAL DEPARTURE LAST
                VALUE   (LST)  VALUE       VALUE  FROM      YEAR
                                                  NORMAL
..................................................................
TEMPERATURE (F)
 YESTERDAY
  MAXIMUM         89    515 PM 102    1918  82      7       89
  MINIMUM         66    510 AM  48    1989  62      4       69
  AVERAGE         78                        72      6       79

PRECIPITATION (IN)
  YESTERDAY        0.04          4.23 1990   0.17  -0.13     0.00
  MONTH TO DATE    0.67                      2.63  -1.96     0.71
  SINCE JUN 1      0.67                      2.63  -1.96     0.71
  SINCE JAN 1     15.64                     15.81  -0.17    11.95

SNOWFALL (IN)
  YESTERDAY        0.0          MM      MM   0.0    0.0      0.0
  MONTH TO DATE    0.0                       0.0    0.0      0.0
  SINCE JUN 1      0.0                       0.0    0.0      0.0
  SINCE JUL 1     14.3                      35.3  -21.0     30.3
  SNOW DEPTH       0

DEGREE DAYS
 HEATING
  YESTERDAY        0                         0      0        0
  MONTH TO DATE    0                        14    -14        0
  SINCE JUN 1      0                        14    -14        0
  SINCE JUL 1   4837                      6199  -1362     5006

 COOLING
  YESTERDAY       13                         7      6       14
  MONTH TO DATE  199                        90    109      185
  SINCE JUN 1    199                        90    109      185
  SINCE JAN 1    279                       166    113      278
..................................................................


WIND (MPH)
  HIGHEST WIND SPEED    16   HIGHEST WIND DIRECTION     S (160)
  HIGHEST GUST SPEED    20   HIGHEST GUST DIRECTION     S (160)
  AVERAGE WIND SPEED     8.0


SKY COVER
  POSSIBLE SUNSHINE  MM
  AVERAGE SKY COVER 0.7


WEATHER CONDITIONS
 THE FOLLOWING WEATHER WAS RECORDED YESTERDAY.
  THUNDERSTORM
  LIGHT RAIN


RELATIVE HUMIDITY (PERCENT)
 HIGHEST    88          1100 PM
 LOWEST     45          1200 PM
 AVERAGE    67

..........................................................


THE DES MOINES IA CLIMATE NORMALS FOR TODAY
                         NORMAL    RECORD    YEAR
 MAXIMUM TEMPERATURE (F)   82        94      1933
                                             1913
                                             1897
 MINIMUM TEMPERATURE (F)   63        46      1999


SUNRISE AND SUNSET
JUNE 17 2017..........SUNRISE   540 AM CDT   SUNSET   851 PM CDT
JUNE 18 2017..........SUNRISE   540 AM CDT   SUNSET   851 PM CDT


-  INDICATES NEGATIVE NUMBERS.
R  INDICATES RECORD WAS SET OR TIED.
MM INDICATES DATA IS MISSING.
T  INDICATES TRACE AMOUNT.

$$

REV
