000
CDUS43 KDMX 070634 RRB
CLIDSM

CLIMATE REPORT
NATIONAL WEATHER SERVICE DES MOINES IA
133 AM CDT WED JUN 7 2017


...................................

...THE DES MOINES IA CLIMATE SUMMARY FOR JUNE 6 2017...

CLIMATE NORMAL PERIOD 1981 TO 2010
CLIMATE RECORD PERIOD 1878 TO 2017


WEATHER ITEM   OBSERVED TIME   RECORD YEAR NORMAL DEPARTURE LAST
                VALUE   (LST)  VALUE       VALUE  FROM      YEAR
                                                  NORMAL
..................................................................
TEMPERATURE (F)
 YESTERDAY
  MAXIMUM         83        MM 103    1933  79      4       85
  MINIMUM         60        MM  43    1894  59      1       60
  AVERAGE         72                        69      3       73

PRECIPITATION (IN)
  YESTERDAY        0.00          3.84 1881   0.17  -0.17     0.00
  MONTH TO DATE    0.00                      1.01  -1.01     0.07
  SINCE JUN 1      0.00                      1.01  -1.01     0.07
  SINCE JAN 1     14.97                     14.19   0.78    11.31

SNOWFALL (IN)
  YESTERDAY        0.0          MM      MM   0.0    0.0      0.0
  MONTH TO DATE    0.0                       0.0    0.0      0.0
  SINCE JUN 1      0.0                       0.0    0.0      0.0
  SINCE JUL 1     14.3                      35.3  -21.0     30.3
  SNOW DEPTH       0

DEGREE DAYS
 HEATING
  YESTERDAY        0                         1     -1        0
  MONTH TO DATE    0                         8     -8        0
  SINCE JUN 1      0                         8     -8        0
  SINCE JUL 1   4837                      6193  -1356     5006

 COOLING
  YESTERDAY        7                         5      2        8
  MONTH TO DATE   61                        28     33       40
  SINCE JUN 1     61                        28     33       40
  SINCE JAN 1    141                       104     37      133
..................................................................


WIND (MPH)
  HIGHEST WIND SPEED    10   HIGHEST WIND DIRECTION     E (70)
  HIGHEST GUST SPEED    MM   HIGHEST GUST DIRECTION    MM
  AVERAGE WIND SPEED     5.8


SKY COVER
  POSSIBLE SUNSHINE  MM
  AVERAGE SKY COVER 0.2


WEATHER CONDITIONS
 THE FOLLOWING WEATHER WAS RECORDED YESTERDAY.
  NO SIGNIFICANT WEATHER WAS OBSERVED.


RELATIVE HUMIDITY (PERCENT)
 HIGHEST    72           400 AM
 LOWEST     26           400 PM
 AVERAGE    49

..........................................................


THE DES MOINES IA CLIMATE NORMALS FOR TODAY
                         NORMAL    RECORD    YEAR
 MAXIMUM TEMPERATURE (F)   79        98      1933
 MINIMUM TEMPERATURE (F)   60        42      1901


SUNRISE AND SUNSET
JUNE  7 2017..........SUNRISE   541 AM CDT   SUNSET   846 PM CDT
JUNE  8 2017..........SUNRISE   541 AM CDT   SUNSET   847 PM CDT


-  INDICATES NEGATIVE NUMBERS.
R  INDICATES RECORD WAS SET OR TIED.
MM INDICATES DATA IS MISSING.
T  INDICATES TRACE AMOUNT.




$$
