000
CDUS43 KDMX 122227
CLIDSM

CLIMATE REPORT
NATIONAL WEATHER SERVICE DES MOINES IA
526 PM CDT MON SEP 12 2016


...................................

...THE DES MOINES IA CLIMATE SUMMARY FOR SEPTEMBER 12 2016...
VALID TODAY AS OF 0500 PM LOCAL TIME.

CLIMATE NORMAL PERIOD 1981 TO 2010
CLIMATE RECORD PERIOD 1878 TO 2016


WEATHER ITEM   OBSERVED TIME   RECORD YEAR NORMAL DEPARTURE LAST
                VALUE   (LST)  VALUE       VALUE  FROM      YEAR
                                                  NORMAL
..................................................................
TEMPERATURE (F)
 TODAY
  MAXIMUM         84    229 PM  96    1927  78      6       71
  MINIMUM         60    606 AM  37    1902  57      3       49
  AVERAGE         72                        67      5       60

PRECIPITATION (IN)
  TODAY            0.00          4.42 1961   0.11  -0.11     0.00
  MONTH TO DATE    1.21                      1.32  -0.11     1.35
  SINCE SEP 1      1.21                      1.32  -0.11     1.35
  SINCE JAN 1     26.54                     28.04  -1.50    30.52

SNOWFALL (IN)
  TODAY            0.0          MM      MM   0.0    0.0      0.0
  MONTH TO DATE    0.0                       0.0    0.0      0.0
  SINCE SEP 1      0.0                       0.0    0.0      0.0
  SINCE JUL 1      0.0                       0.0    0.0      0.0
  SNOW DEPTH       0

DEGREE DAYS
 HEATING
  TODAY            0                         2     -2        5
  MONTH TO DATE    0                        15    -15        7
  SINCE SEP 1      0                        15    -15        7
  SINCE JUL 1      0                        21    -21        9

 COOLING
  TODAY            7                         4      3        0
  MONTH TO DATE  100                        67     33      141
  SINCE SEP 1    100                        67     33      141
  SINCE JAN 1   1297                      1006    291     1093
..................................................................


WIND (MPH)
  HIGHEST WIND SPEED    21   HIGHEST WIND DIRECTION     S (180)
  HIGHEST GUST SPEED    32   HIGHEST GUST DIRECTION     S (200)
  AVERAGE WIND SPEED    12.3


SKY COVER
  POSSIBLE SUNSHINE  MM
  AVERAGE SKY COVER 0.3


WEATHER CONDITIONS
 THE FOLLOWING WEATHER WAS RECORDED TODAY.
  NO SIGNIFICANT WEATHER WAS OBSERVED.


RELATIVE HUMIDITY (PERCENT)
 HIGHEST    84           200 AM
 LOWEST     55           100 PM
 AVERAGE    70

..........................................................


THE DES MOINES IA CLIMATE NORMALS FOR TOMORROW
                         NORMAL    RECORD    YEAR
 MAXIMUM TEMPERATURE (F)   77        96      1939
                                             1931
                                             1897
 MINIMUM TEMPERATURE (F)   57        33      1890


SUNRISE AND SUNSET
SEPTEMBER 12 2016.....SUNRISE   652 AM CDT   SUNSET   728 PM CDT
SEPTEMBER 13 2016.....SUNRISE   653 AM CDT   SUNSET   726 PM CDT


-  INDICATES NEGATIVE NUMBERS.
R  INDICATES RECORD WAS SET OR TIED.
MM INDICATES DATA IS MISSING.
T  INDICATES TRACE AMOUNT.

$$
