000
CDUS43 KDMX 140636 RRB
CLIDSM

CLIMATE REPORT
NATIONAL WEATHER SERVICE DES MOINES IA
136 AM CDT SUN SEP 14 2014

...................................

...THE DES MOINES IA CLIMATE SUMMARY FOR SEPTEMBER 13 2014...

CLIMATE NORMAL PERIOD 1981 TO 2010
CLIMATE RECORD PERIOD 1878 TO 2014


WEATHER ITEM   OBSERVED TIME   RECORD YEAR NORMAL DEPARTURE LAST
                VALUE   (LST)  VALUE       VALUE  FROM      YEAR
                                                  NORMAL
..................................................................
TEMPERATURE (F)
 YESTERDAY
  MAXIMUM         62    323 PM  96    1939  77    -15       76
                                      1931
                                      1897
  MINIMUM         39    629 AM  33    1890  57    -18       55
  AVERAGE         51                        67    -16       66

PRECIPITATION (IN)
  YESTERDAY        0.00          3.78 1914   0.10  -0.10     0.00
  MONTH TO DATE    3.47                      1.42   2.05     0.17
  SINCE SEP 1      3.47                      1.42   2.05     0.17
  SINCE JAN 1     35.84                     28.14   7.70    23.72

SNOWFALL (IN)
  YESTERDAY        0.0          MM      MM   0.0    0.0      0.0
  MONTH TO DATE    0.0                       0.0    0.0      0.0
  SINCE SEP 1      0.0                       0.0    0.0      0.0
  SINCE JUL 1      0.0                       0.0    0.0      0.0
  SNOW DEPTH       0

DEGREE DAYS
 HEATING
  YESTERDAY       14                         2     12        0
  MONTH TO DATE   46                        17     29        0
  SINCE SEP 1     46                        17     29        0
  SINCE JUL 1     48                        23     25        0

 COOLING
  YESTERDAY        0                         4     -4        1
  MONTH TO DATE   58                        71    -13      168
  SINCE SEP 1     58                        71    -13      168
  SINCE JAN 1   1027                      1010     17     1269
..................................................................


WIND (MPH)
  HIGHEST WIND SPEED    15   HIGHEST WIND DIRECTION     S (170)
  HIGHEST GUST SPEED    21   HIGHEST GUST DIRECTION     S (170)
  AVERAGE WIND SPEED     4.6


SKY COVER
  POSSIBLE SUNSHINE  MM
  AVERAGE SKY COVER 0.3


WEATHER CONDITIONS
 THE FOLLOWING WEATHER WAS RECORDED YESTERDAY.
  FOG


RELATIVE HUMIDITY (PERCENT)
 HIGHEST    93           400 AM
 LOWEST     42           200 PM
 AVERAGE    68

..........................................................


THE DES MOINES IA CLIMATE NORMALS FOR TODAY
                         NORMAL    RECORD    YEAR
 MAXIMUM TEMPERATURE (F)   77        97      1939
 MINIMUM TEMPERATURE (F)   56        38      1879


SUNRISE AND SUNSET
SEPTEMBER 14 2014.....SUNRISE   654 AM CDT   SUNSET   726 PM CDT
SEPTEMBER 15 2014.....SUNRISE   655 AM CDT   SUNSET   724 PM CDT


-  INDICATES NEGATIVE NUMBERS.
R  INDICATES RECORD WAS SET OR TIED.
MM INDICATES DATA IS MISSING.
T  INDICATES TRACE AMOUNT.

$$

SMALL
