000
CDUS43 KDMX 102331
CLIDSM

CLIMATE REPORT
NATIONAL WEATHER SERVICE DES MOINES IA
530 PM CST FRI NOV 10 2017


...................................

...THE DES MOINES IA CLIMATE SUMMARY FOR NOVEMBER 10 2017...
VALID TODAY AS OF 0500 PM LOCAL TIME.

CLIMATE NORMAL PERIOD 1981 TO 2010
CLIMATE RECORD PERIOD 1878 TO 2017


WEATHER ITEM   OBSERVED TIME   RECORD YEAR NORMAL DEPARTURE LAST
                VALUE   (LST)  VALUE       VALUE  FROM      YEAR
                                                  NORMAL
..................................................................
TEMPERATURE (F)
 TODAY
  MAXIMUM         32    459 PM  78    2012  51    -19       72
  MINIMUM         18    732 AM  11    1986  33    -15       40
  AVERAGE         25                        42    -17       56

PRECIPITATION (IN)
  TODAY            0.00          1.37 1968   0.07  -0.07     0.00
  MONTH TO DATE    T                         0.82  -0.82     0.09
  SINCE SEP 1      7.29                      6.51   0.78     6.50
  SINCE JAN 1     29.53                     33.23  -3.70    31.83

SNOWFALL (IN)
  TODAY            0.0          11.8  1968   0.0    0.0      0.0
  MONTH TO DATE    0.0                       0.3   -0.3      0.0
  SINCE SEP 1      T                         0.7   -0.7      0.0
  SINCE JUL 1      T                         0.7   -0.7      0.0
  SNOW DEPTH       0

DEGREE DAYS
 HEATING
  TODAY           40                        23     17        9
  MONTH TO DATE  274                       205     69       80
  SINCE SEP 1    594                       683    -89      286
  SINCE JUL 1    594                       689    -95      286

 COOLING
  TODAY            0                         0      0        0
  MONTH TO DATE    0                         0      0        1
  SINCE SEP 1    226                       127     99      251
  SINCE JAN 1   1306                      1066    240     1448
..................................................................


WIND (MPH)
  HIGHEST WIND SPEED    18   HIGHEST WIND DIRECTION    SE (140)
  HIGHEST GUST SPEED    23   HIGHEST GUST DIRECTION    SE (150)
  AVERAGE WIND SPEED    11.6


SKY COVER
  POSSIBLE SUNSHINE  MM
  AVERAGE SKY COVER 0.7


WEATHER CONDITIONS
 THE FOLLOWING WEATHER WAS RECORDED TODAY.
  NO SIGNIFICANT WEATHER WAS OBSERVED.


RELATIVE HUMIDITY (PERCENT)
 HIGHEST    61           600 AM
 LOWEST     36           300 PM
 AVERAGE    49

..........................................................


THE DES MOINES IA CLIMATE NORMALS FOR TOMORROW
                         NORMAL    RECORD    YEAR
 MAXIMUM TEMPERATURE (F)   51        73      1964
 MINIMUM TEMPERATURE (F)   33         0      1986


SUNRISE AND SUNSET
NOVEMBER 10 2017......SUNRISE   658 AM CST   SUNSET   459 PM CST
NOVEMBER 11 2017......SUNRISE   659 AM CST   SUNSET   458 PM CST


-  INDICATES NEGATIVE NUMBERS.
R  INDICATES RECORD WAS SET OR TIED.
MM INDICATES DATA IS MISSING.
T  INDICATES TRACE AMOUNT.




$$
