000
CDUS43 KDMX 130648 RRA
CLIDSM

CLIMATE REPORT
NATIONAL WEATHER SERVICE DES MOINES IA
148 AM CDT SAT SEP 13 2014

...................................

...THE DES MOINES IA CLIMATE SUMMARY FOR SEPTEMBER 12 2014...

CLIMATE NORMAL PERIOD 1981 TO 2010
CLIMATE RECORD PERIOD 1878 TO 2014


WEATHER ITEM   OBSERVED TIME   RECORD YEAR NORMAL DEPARTURE LAST
                VALUE   (LST)  VALUE       VALUE  FROM      YEAR
                                                  NORMAL
..................................................................
TEMPERATURE (F)
 YESTERDAY
  MAXIMUM         54    527 PM  96    1927  78    -24       81
  MINIMUM         44   1158 PM  37    1902  57    -13       63
  AVERAGE         49                        67    -18       72

PRECIPITATION (IN)
  YESTERDAY        0.27          4.42 1961   0.11   0.16     0.00
  MONTH TO DATE    3.47                      1.32   2.15     0.17
  SINCE SEP 1      3.47                      1.32   2.15     0.17
  SINCE JAN 1     35.84                     28.04   7.80    23.72

SNOWFALL (IN)
  YESTERDAY        0.0          MM      MM   0.0    0.0      0.0
  MONTH TO DATE    0.0                       0.0    0.0      0.0
  SINCE SEP 1      0.0                       0.0    0.0      0.0
  SINCE JUL 1      0.0                       0.0    0.0      0.0
  SNOW DEPTH       0

DEGREE DAYS
 HEATING
  YESTERDAY       16                         2     14        0
  MONTH TO DATE   32                        15     17        0
  SINCE SEP 1     32                        15     17        0
  SINCE JUL 1     34                        21     13        0

 COOLING
  YESTERDAY        0                         4     -4        7
  MONTH TO DATE   58                        67     -9      167
  SINCE SEP 1     58                        67     -9      167
  SINCE JAN 1   1027                      1006     21     1268
..................................................................


WIND (MPH)
  HIGHEST WIND SPEED    20   HIGHEST WIND DIRECTION     N (10)
  HIGHEST GUST SPEED    24   HIGHEST GUST DIRECTION     N (360)
  AVERAGE WIND SPEED     8.1


SKY COVER
  POSSIBLE SUNSHINE  MM
  AVERAGE SKY COVER 0.8


WEATHER CONDITIONS
 THE FOLLOWING WEATHER WAS RECORDED YESTERDAY.
  RAIN
  LIGHT RAIN
  FOG


RELATIVE HUMIDITY (PERCENT)
 HIGHEST    89          1000 PM
 LOWEST     66           500 PM
 AVERAGE    78

..........................................................


THE DES MOINES IA CLIMATE NORMALS FOR TODAY
                         NORMAL    RECORD    YEAR
 MAXIMUM TEMPERATURE (F)   77        96      1939
                                             1931
                                             1897
 MINIMUM TEMPERATURE (F)   57        33      1890


SUNRISE AND SUNSET
SEPTEMBER 13 2014.....SUNRISE   653 AM CDT   SUNSET   727 PM CDT
SEPTEMBER 14 2014.....SUNRISE   654 AM CDT   SUNSET   726 PM CDT


-  INDICATES NEGATIVE NUMBERS.
R  INDICATES RECORD WAS SET OR TIED.
MM INDICATES DATA IS MISSING.
T  INDICATES TRACE AMOUNT.

$$

SMALL
