000
CDUS43 KDMX 072233
CLIDSM

CLIMATE REPORT
NATIONAL WEATHER SERVICE DES MOINES IA
532 PM CDT FRI JUL 7 2017


...................................

...THE DES MOINES IA CLIMATE SUMMARY FOR JULY 7 2017...
VALID TODAY AS OF 0500 PM LOCAL TIME.

CLIMATE NORMAL PERIOD 1981 TO 2010
CLIMATE RECORD PERIOD 1878 TO 2017


WEATHER ITEM   OBSERVED TIME   RECORD YEAR NORMAL DEPARTURE LAST
                VALUE   (LST)  VALUE       VALUE  FROM      YEAR
                                                  NORMAL
..................................................................
TEMPERATURE (F)
 TODAY
  MAXIMUM         87    338 PM 100    2012  86      1       87
                                      1936
                                      1890
  MINIMUM         73    701 AM  52    1908  67      6       67
                                      1894
  AVERAGE         80                        76      4       77

PRECIPITATION (IN)
  TODAY            0.00          1.28 1915   0.16  -0.16     1.06
  MONTH TO DATE    0.80                      1.10  -0.30     1.21
  SINCE JUN 1      3.14                      6.04  -2.90     2.68
  SINCE JAN 1     18.11                     19.22  -1.11    13.92

SNOWFALL (IN)
  TODAY            0.0          MM      MM   0.0    0.0      0.0
  MONTH TO DATE    0.0                       0.0    0.0      0.0
  SINCE JUN 1      0.0                       0.0    0.0      0.0
  SINCE JUL 1      0.0                       0.0    0.0      0.0
  SNOW DEPTH       0

DEGREE DAYS
 HEATING
  TODAY            0                         0      0        0
  MONTH TO DATE    0                         0      0        0
  SINCE JUN 1      2                        17    -15        0
  SINCE JUL 1      0                         0      0        0

 COOLING
  TODAY           15                        11      4       12
  MONTH TO DATE   93                        77     16       56
  SINCE JUN 1    400                       298    102      434
  SINCE JAN 1    480                       374    106      527
..................................................................


WIND (MPH)
  HIGHEST WIND SPEED    21   HIGHEST WIND DIRECTION     N (360)
  HIGHEST GUST SPEED    27   HIGHEST GUST DIRECTION     N (350)
  AVERAGE WIND SPEED    11.9


SKY COVER
  POSSIBLE SUNSHINE  MM
  AVERAGE SKY COVER 0.4


WEATHER CONDITIONS
 THE FOLLOWING WEATHER WAS RECORDED TODAY.
  NO SIGNIFICANT WEATHER WAS OBSERVED.


RELATIVE HUMIDITY (PERCENT)
 HIGHEST    87           200 AM
 LOWEST     37           200 PM
 AVERAGE    62

..........................................................


THE DES MOINES IA CLIMATE NORMALS FOR TOMORROW
                         NORMAL    RECORD    YEAR
 MAXIMUM TEMPERATURE (F)   86       100      1936
 MINIMUM TEMPERATURE (F)   67        52      1908
                                             1891


SUNRISE AND SUNSET
JULY  7 2017..........SUNRISE   548 AM CDT   SUNSET   851 PM CDT
JULY  8 2017..........SUNRISE   549 AM CDT   SUNSET   850 PM CDT


-  INDICATES NEGATIVE NUMBERS.
R  INDICATES RECORD WAS SET OR TIED.
MM INDICATES DATA IS MISSING.
T  INDICATES TRACE AMOUNT.

$$
