000
CDUS43 KDMX 210632 RRA
CLIDSM

CLIMATE REPORT
NATIONAL WEATHER SERVICE DES MOINES IA
130 AM CDT SUN JUN 21 2015


...................................

...THE DES MOINES IA CLIMATE SUMMARY FOR JUNE 20 2015...

CLIMATE NORMAL PERIOD 1981 TO 2010
CLIMATE RECORD PERIOD 1878 TO 2015


WEATHER ITEM   OBSERVED TIME   RECORD YEAR NORMAL DEPARTURE LAST
                VALUE   (LST)  VALUE       VALUE  FROM      YEAR
                                                  NORMAL
..................................................................
TEMPERATURE (F)
 YESTERDAY
  MAXIMUM         93    227 PM 101    1988  83     10       90
  MINIMUM         64    423 AM  49    1961  64      0       63
                                      1946
  AVERAGE         79                        73      6       77

PRECIPITATION (IN)
  YESTERDAY        0.00          2.71 1942   0.16  -0.16      T
  MONTH TO DATE    3.29                      3.29   0.00     3.39
  SINCE JUN 1      3.29                      3.29   0.00     3.39
  SINCE JAN 1     12.64                     16.47  -3.83    14.54

SNOWFALL (IN)
  YESTERDAY        0.0          MM      MM   0.0    0.0      0.0
  MONTH TO DATE    0.0                       0.0    0.0      0.0
  SINCE JUN 1      0.0                       0.0    0.0      0.0
  SINCE JUL 1     29.1                      35.3   -6.2     48.3
  SNOW DEPTH       0

DEGREE DAYS
 HEATING
  YESTERDAY        0                         0      0        0
  MONTH TO DATE    3                        14    -11        0
  SINCE JUN 1      3                        14    -11        0
  SINCE JUL 1   5915                      6199   -284     6787

 COOLING
  YESTERDAY       14                         9      5       12
  MONTH TO DATE  163                       123     40      151
  SINCE JUN 1    163                       123     40      151
  SINCE JAN 1    243                       199     44      282
..................................................................


WIND (MPH)
  HIGHEST WIND SPEED    24   HIGHEST WIND DIRECTION    NE (50)
  HIGHEST GUST SPEED    30   HIGHEST GUST DIRECTION     N (360)
  AVERAGE WIND SPEED    11.6


SKY COVER
  POSSIBLE SUNSHINE  MM
  AVERAGE SKY COVER 0.7


WEATHER CONDITIONS
 THE FOLLOWING WEATHER WAS RECORDED YESTERDAY.
  THUNDERSTORM


RELATIVE HUMIDITY (PERCENT)
 HIGHEST    93           500 AM
 LOWEST     59          1200 PM
 AVERAGE    76

..........................................................


THE DES MOINES IA CLIMATE NORMALS FOR TODAY
                         NORMAL    RECORD    YEAR
 MAXIMUM TEMPERATURE (F)   83       103      1988
 MINIMUM TEMPERATURE (F)   64        46      1992
                                             1902


SUNRISE AND SUNSET
JUNE 21 2015..........SUNRISE   541 AM CDT   SUNSET   852 PM CDT
JUNE 22 2015..........SUNRISE   541 AM CDT   SUNSET   852 PM CDT


-  INDICATES NEGATIVE NUMBERS.
R  INDICATES RECORD WAS SET OR TIED.
MM INDICATES DATA IS MISSING.
T  INDICATES TRACE AMOUNT.




$$
