000
CDUS43 KDMX 082228 RRA
CLIDSM

CLIMATE REPORT
NATIONAL WEATHER SERVICE DES MOINES IA
526 PM CDT FRI JUL 8 2016

...................................

...THE DES MOINES IA CLIMATE SUMMARY FOR JULY 8 2016...
VALID TODAY AS OF 0500 PM LOCAL TIME.

CLIMATE NORMAL PERIOD 1981 TO 2010
CLIMATE RECORD PERIOD 1878 TO 2016


WEATHER ITEM   OBSERVED TIME   RECORD YEAR NORMAL DEPARTURE LAST
                VALUE   (LST)  VALUE       VALUE  FROM      YEAR
                                                  NORMAL
..................................................................
TEMPERATURE (F)
 TODAY
  MAXIMUM         88    217 PM 100    1936  86      2       70
  MINIMUM         68    533 AM  52    1908  67      1       60
                                      1891
  AVERAGE         78                        76      2       65

PRECIPITATION (IN)
  TODAY            0.00          2.20 1880   0.15  -0.15      T
  MONTH TO DATE    1.21                      1.25  -0.04     0.24
  SINCE JUN 1      2.68                      6.19  -3.51     8.64
  SINCE JAN 1     13.92                     19.37  -5.45    17.99

SNOWFALL (IN)
  TODAY            0.0          MM      MM   0.0    0.0      0.0
  MONTH TO DATE    0.0                       0.0    0.0      0.0
  SINCE JUN 1      0.0                       0.0    0.0      0.0
  SINCE JUL 1      0.0                       0.0    0.0      0.0
  SNOW DEPTH       0

DEGREE DAYS
 HEATING
  TODAY            0                         0      0        0
  MONTH TO DATE    0                         0      0        0
  SINCE JUN 1      0                        17    -17        3
  SINCE JUL 1      0                         0      0        0

 COOLING
  TODAY           13                        11      2        0
  MONTH TO DATE   69                        88    -19       38
  SINCE JUN 1    447                       309    138      295
  SINCE JAN 1    540                       385    155      375
..................................................................


WIND (MPH)
  HIGHEST WIND SPEED    24   HIGHEST WIND DIRECTION    NW (320)
  HIGHEST GUST SPEED    27   HIGHEST GUST DIRECTION    NW (300)
  AVERAGE WIND SPEED    11.4


SKY COVER
  POSSIBLE SUNSHINE  MM
  AVERAGE SKY COVER 0.5


WEATHER CONDITIONS
 THE FOLLOWING WEATHER WAS RECORDED TODAY.
  NO SIGNIFICANT WEATHER WAS OBSERVED.


RELATIVE HUMIDITY (PERCENT)
 HIGHEST    93          1200 AM
 LOWEST     37          1100 AM
 AVERAGE    65

..........................................................


THE DES MOINES IA CLIMATE NORMALS FOR TOMORROW
                         NORMAL    RECORD    YEAR
 MAXIMUM TEMPERATURE (F)   86       102      1930
 MINIMUM TEMPERATURE (F)   67        48      1895


SUNRISE AND SUNSET
JULY  8 2016..........SUNRISE   549 AM CDT   SUNSET   850 PM CDT
JULY  9 2016..........SUNRISE   550 AM CDT   SUNSET   850 PM CDT


-  INDICATES NEGATIVE NUMBERS.
R  INDICATES RECORD WAS SET OR TIED.
MM INDICATES DATA IS MISSING.
T  INDICATES TRACE AMOUNT.




$$
