000
CDUS43 KDMX 092236
CLIDSM

CLIMATE REPORT
NATIONAL WEATHER SERVICE DES MOINES IA
535 PM CDT TUE SEP 9 2014


...................................

...THE DES MOINES IA CLIMATE SUMMARY FOR SEPTEMBER 9 2014...
VALID TODAY AS OF 0500 PM LOCAL TIME.

CLIMATE NORMAL PERIOD 1981 TO 2010
CLIMATE RECORD PERIOD 1878 TO 2014


WEATHER ITEM   OBSERVED TIME   RECORD YEAR NORMAL DEPARTURE LAST
                VALUE   (LST)  VALUE       VALUE  FROM      YEAR
                                                  NORMAL
..................................................................
TEMPERATURE (F)
 TODAY
  MAXIMUM         78    903 AM 101    2013  79     -1      101
  MINIMUM         68    246 PM  40    1883  58     10       73
  AVERAGE         73                        69      4       87

PRECIPITATION (IN)
  TODAY            1.00          1.92 1970   0.11   0.89     0.00
  MONTH TO DATE    1.12                      1.00   0.12     0.17
  SINCE SEP 1      1.12                      1.00   0.12     0.17
  SINCE JAN 1     33.49                     27.72   5.77    23.72

SNOWFALL (IN)
  TODAY            0.0          MM      MM   0.0    0.0      0.0
  MONTH TO DATE    0.0                       0.0    0.0      0.0
  SINCE SEP 1      0.0                       0.0    0.0      0.0
  SINCE JUL 1      0.0                       0.0    0.0      0.0
  SNOW DEPTH       0

DEGREE DAYS
 HEATING
  TODAY            0                         1     -1        0
  MONTH TO DATE    1                         9     -8        0
  SINCE SEP 1      1                         9     -8        0
  SINCE JUL 1      3                        15    -12        0

 COOLING
  TODAY            8                         5      3       22
  MONTH TO DATE   58                        53      5      123
  SINCE SEP 1     58                        53      5      123
  SINCE JAN 1   1027                       992     35     1224
..................................................................


WIND (MPH)
  HIGHEST WIND SPEED    18   HIGHEST WIND DIRECTION     E (110)
  HIGHEST GUST SPEED    25   HIGHEST GUST DIRECTION    SE (140)
  AVERAGE WIND SPEED     9.5


SKY COVER
  POSSIBLE SUNSHINE  MM
  AVERAGE SKY COVER 0.7


WEATHER CONDITIONS
 THE FOLLOWING WEATHER WAS RECORDED TODAY.
  THUNDERSTORM
  HEAVY RAIN
  RAIN
  LIGHT RAIN
  FOG


RELATIVE HUMIDITY (PERCENT)
 HIGHEST    90           400 PM
 LOWEST     76           900 AM
 AVERAGE    83

..........................................................


THE DES MOINES IA CLIMATE NORMALS FOR TOMORROW
                         NORMAL    RECORD    YEAR
 MAXIMUM TEMPERATURE (F)   79        99      2013
                                             1927
 MINIMUM TEMPERATURE (F)   58        42      1910


SUNRISE AND SUNSET
SEPTEMBER  9 2014.....SUNRISE   649 AM CDT   SUNSET   734 PM CDT
SEPTEMBER 10 2014.....SUNRISE   650 AM CDT   SUNSET   732 PM CDT


-  INDICATES NEGATIVE NUMBERS.
R  INDICATES RECORD WAS SET OR TIED.
MM INDICATES DATA IS MISSING.
T  INDICATES TRACE AMOUNT.




$$
