000
CDUS43 KDMX 092229
CLIDSM

CLIMATE REPORT
NATIONAL WEATHER SERVICE DES MOINES IA
528 PM CDT FRI JUN 9 2017


...................................

...THE DES MOINES IA CLIMATE SUMMARY FOR JUNE 9 2017...
VALID TODAY AS OF 0500 PM LOCAL TIME.

CLIMATE NORMAL PERIOD 1981 TO 2010
CLIMATE RECORD PERIOD 1878 TO 2017


WEATHER ITEM   OBSERVED TIME   RECORD YEAR NORMAL DEPARTURE LAST
                VALUE   (LST)  VALUE       VALUE  FROM      YEAR
                                                  NORMAL
..................................................................
TEMPERATURE (F)
 TODAY
  MAXIMUM         89    311 PM  99    1911  80      9       95
  MINIMUM         63    518 AM  44    1913  60      3       68
                                      1885
  AVERAGE         76                        70      6       82

PRECIPITATION (IN)
  TODAY            0.00          4.53 2011   0.16  -0.16     0.00
  MONTH TO DATE    0.00                      1.49  -1.49     0.07
  SINCE JUN 1      0.00                      1.49  -1.49     0.07
  SINCE JAN 1     14.97                     14.67   0.30    11.31

SNOWFALL (IN)
  TODAY            0.0          MM      MM   0.0    0.0      0.0
  MONTH TO DATE    0.0                       0.0    0.0      0.0
  SINCE JUN 1      0.0                       0.0    0.0      0.0
  SINCE JUL 1     14.3                      35.3  -21.0     30.3
  SNOW DEPTH       0

DEGREE DAYS
 HEATING
  TODAY            0                         1     -1        0
  MONTH TO DATE    0                        11    -11        0
  SINCE JUN 1      0                        11    -11        0
  SINCE JUL 1   4837                      6196  -1359     5006

 COOLING
  TODAY           11                         6      5       17
  MONTH TO DATE   84                        44     40       66
  SINCE JUN 1     84                        44     40       66
  SINCE JAN 1    164                       120     44      159
..................................................................


WIND (MPH)
  HIGHEST WIND SPEED    21   HIGHEST WIND DIRECTION    SW (220)
  HIGHEST GUST SPEED    25   HIGHEST GUST DIRECTION    SW (220)
  AVERAGE WIND SPEED     8.9


SKY COVER
  POSSIBLE SUNSHINE  MM
  AVERAGE SKY COVER 0.3


WEATHER CONDITIONS
 THE FOLLOWING WEATHER WAS RECORDED TODAY.
  NO SIGNIFICANT WEATHER WAS OBSERVED.


RELATIVE HUMIDITY (PERCENT)
 HIGHEST    67           500 AM
 LOWEST     34           200 PM
 AVERAGE    51

..........................................................


THE DES MOINES IA CLIMATE NORMALS FOR TOMORROW
                         NORMAL    RECORD    YEAR
 MAXIMUM TEMPERATURE (F)   80       102      1933
 MINIMUM TEMPERATURE (F)   61        44      1913


SUNRISE AND SUNSET
JUNE  9 2017..........SUNRISE   540 AM CDT   SUNSET   848 PM CDT
JUNE 10 2017..........SUNRISE   540 AM CDT   SUNSET   848 PM CDT


-  INDICATES NEGATIVE NUMBERS.
R  INDICATES RECORD WAS SET OR TIED.
MM INDICATES DATA IS MISSING.
T  INDICATES TRACE AMOUNT.

$$
