000
CDUS43 KDMX 282327
CLIDSM

CLIMATE REPORT
NATIONAL WEATHER SERVICE DES MOINES IA
526 PM CST TUE NOV 28 2017


...................................

...THE DES MOINES IA CLIMATE SUMMARY FOR NOVEMBER 28 2017...
VALID TODAY AS OF 0500 PM LOCAL TIME.

CLIMATE NORMAL PERIOD 1981 TO 2010
CLIMATE RECORD PERIOD 1878 TO 2017


WEATHER ITEM   OBSERVED TIME   RECORD YEAR NORMAL DEPARTURE LAST
                VALUE   (LST)  VALUE       VALUE  FROM      YEAR
                                                  NORMAL
..................................................................
TEMPERATURE (F)
 TODAY
  MAXIMUM         57   1125 AM  66    2006  41     16       62
  MINIMUM         49    955 AM  -9    1887  24     25       43
  AVERAGE         53                        32     21       53

PRECIPITATION (IN)
  TODAY            0.00          1.09 1918   0.07  -0.07     0.00
  MONTH TO DATE    0.25                      2.07  -1.82     1.38
  SINCE SEP 1      7.54                      7.76  -0.22     7.79
  SINCE JAN 1     29.78                     34.48  -4.70    33.12

SNOWFALL (IN)
  TODAY            0.0           6.5  1918   0.1   -0.1      0.0
  MONTH TO DATE    T                         2.1   -2.1       T
  SINCE SEP 1      T                         2.5   -2.5       T
  SINCE JUL 1      T                         2.5   -2.5       T
  SNOW DEPTH       0

DEGREE DAYS
 HEATING
  TODAY           12                        33    -21       12
  MONTH TO DATE  685                       708    -23      424
  SINCE SEP 1   1005                      1186   -181      630
  SINCE JUL 1   1005                      1192   -187      630

 COOLING
  TODAY            0                         0      0        0
  MONTH TO DATE    0                         0      0        1
  SINCE SEP 1    226                       127     99      251
  SINCE JAN 1   1306                      1066    240     1448
..................................................................


WIND (MPH)
  HIGHEST WIND SPEED    23   HIGHEST WIND DIRECTION     N (340)
  HIGHEST GUST SPEED    28   HIGHEST GUST DIRECTION     N (340)
  AVERAGE WIND SPEED    11.4


SKY COVER
  POSSIBLE SUNSHINE  MM
  AVERAGE SKY COVER 0.7


WEATHER CONDITIONS
 THE FOLLOWING WEATHER WAS RECORDED TODAY.
  NO SIGNIFICANT WEATHER WAS OBSERVED.


RELATIVE HUMIDITY (PERCENT)
 HIGHEST    83           600 AM
 LOWEST     30           300 PM
 AVERAGE    57

..........................................................


THE DES MOINES IA CLIMATE NORMALS FOR TOMORROW
                         NORMAL    RECORD    YEAR
 MAXIMUM TEMPERATURE (F)   40        70      1998
 MINIMUM TEMPERATURE (F)   24       -10      1891


SUNRISE AND SUNSET
NOVEMBER 28 2017......SUNRISE   719 AM CST   SUNSET   446 PM CST
NOVEMBER 29 2017......SUNRISE   720 AM CST   SUNSET   446 PM CST


-  INDICATES NEGATIVE NUMBERS.
R  INDICATES RECORD WAS SET OR TIED.
MM INDICATES DATA IS MISSING.
T  INDICATES TRACE AMOUNT.




$$
