000
CDUS43 KDMX 270633
CLIDSM

CLIMATE REPORT
NATIONAL WEATHER SERVICE DES MOINES IA
132 AM CDT SAT JUN 27 2015


...................................

...THE DES MOINES IA CLIMATE SUMMARY FOR JUNE 26 2015...

CLIMATE NORMAL PERIOD 1981 TO 2010
CLIMATE RECORD PERIOD 1878 TO 2015


WEATHER ITEM   OBSERVED TIME   RECORD YEAR NORMAL DEPARTURE LAST
                VALUE   (LST)  VALUE       VALUE  FROM      YEAR
                                                  NORMAL
..................................................................
TEMPERATURE (F)
 YESTERDAY
  MAXIMUM         77    121 PM 103    1934  84     -7       78
  MINIMUM         64   1159 PM  47    1926  65     -1       69
  AVERAGE         71                        75     -4       74

PRECIPITATION (IN)
  YESTERDAY        T             1.76 2010   0.17  -0.17     0.47
  MONTH TO DATE    7.60                      4.29   3.31     4.08
  SINCE JUN 1      7.60                      4.29   3.31     4.08
  SINCE JAN 1     16.95                     17.47  -0.52    15.23

SNOWFALL (IN)
  YESTERDAY        0.0          MM      MM   0.0    0.0      0.0
  MONTH TO DATE    0.0                       0.0    0.0      0.0
  SINCE JUN 1      0.0                       0.0    0.0      0.0
  SINCE JUL 1     29.1                      35.3   -6.2     48.3
  SNOW DEPTH       0

DEGREE DAYS
 HEATING
  YESTERDAY        0                         0      0        0
  MONTH TO DATE    3                        14    -11        0
  SINCE JUN 1      3                        14    -11        0
  SINCE JUL 1   5915                      6199   -284     6787

 COOLING
  YESTERDAY        6                        10     -4        9
  MONTH TO DATE  220                       179     41      215
  SINCE JUN 1    220                       179     41      215
  SINCE JAN 1    300                       255     45      346
..................................................................


WIND (MPH)
  HIGHEST WIND SPEED    17   HIGHEST WIND DIRECTION    NE (50)
  HIGHEST GUST SPEED    21   HIGHEST GUST DIRECTION    NE (50)
  AVERAGE WIND SPEED     7.1


SKY COVER
  POSSIBLE SUNSHINE  MM
  AVERAGE SKY COVER 0.8


WEATHER CONDITIONS
 THE FOLLOWING WEATHER WAS RECORDED YESTERDAY.
  LIGHT RAIN


RELATIVE HUMIDITY (PERCENT)
 HIGHEST    90           700 AM
 LOWEST     54           400 PM
 AVERAGE    72

..........................................................


THE DES MOINES IA CLIMATE NORMALS FOR TODAY
                         NORMAL    RECORD    YEAR
 MAXIMUM TEMPERATURE (F)   85       102      1934
 MINIMUM TEMPERATURE (F)   65        48      1968


SUNRISE AND SUNSET
JUNE 27 2015..........SUNRISE   543 AM CDT   SUNSET   853 PM CDT
JUNE 28 2015..........SUNRISE   543 AM CDT   SUNSET   853 PM CDT


-  INDICATES NEGATIVE NUMBERS.
R  INDICATES RECORD WAS SET OR TIED.
MM INDICATES DATA IS MISSING.
T  INDICATES TRACE AMOUNT.




$$
