000
CDUS43 KDMX 012239
CLIDSM

CLIMATE REPORT
NATIONAL WEATHER SERVICE DES MOINES IA
538 PM CDT SUN OCT 1 2017


...................................

...THE DES MOINES IA CLIMATE SUMMARY FOR OCTOBER 1 2017...
VALID TODAY AS OF 0500 PM LOCAL TIME.

CLIMATE NORMAL PERIOD 1981 TO 2010
CLIMATE RECORD PERIOD 1878 TO 2017


WEATHER ITEM   OBSERVED TIME   RECORD YEAR NORMAL DEPARTURE LAST
                VALUE   (LST)  VALUE       VALUE  FROM      YEAR
                                                  NORMAL
..................................................................
TEMPERATURE (F)
 TODAY
  MAXIMUM         76    359 PM  92    1976  70      6       67
  MINIMUM         55    445 AM  29    1985  48      7       60
  AVERAGE         66                        59      7       64

PRECIPITATION (IN)
  TODAY            T             1.57 1883   0.09  -0.09      T
  MONTH TO DATE    T                         0.09  -0.09      T
  SINCE SEP 1      2.84                      3.14  -0.30     5.50
  SINCE JAN 1     25.08                     29.86  -4.78    30.83

SNOWFALL (IN)
  TODAY            0.0          MM      MM   0.0    0.0      0.0
  MONTH TO DATE    0.0                       0.0    0.0      0.0
  SINCE SEP 1      0.0                       0.0    0.0      0.0
  SINCE JUL 1      0.0                       0.0    0.0      0.0
  SNOW DEPTH       0

DEGREE DAYS
 HEATING
  TODAY            0                         7     -7        1
  MONTH TO DATE    0                         7     -7        1
  SINCE SEP 1     22                       101    -79       22
  SINCE JUL 1     22                       107    -85       22

 COOLING
  TODAY            1                         1      0        0
  MONTH TO DATE    1                         1      0        0
  SINCE SEP 1    208                       114     94      217
  SINCE JAN 1   1288                      1053    235     1414
..................................................................


WIND (MPH)
  HIGHEST WIND SPEED    25   HIGHEST WIND DIRECTION    SE (150)
  HIGHEST GUST SPEED    32   HIGHEST GUST DIRECTION    SE (150)
  AVERAGE WIND SPEED    14.0


SKY COVER
  POSSIBLE SUNSHINE  MM
  AVERAGE SKY COVER 0.6


WEATHER CONDITIONS
 THE FOLLOWING WEATHER WAS RECORDED TODAY.
  LIGHT RAIN


RELATIVE HUMIDITY (PERCENT)
 HIGHEST    66           300 AM
 LOWEST     38           300 PM
 AVERAGE    52

..........................................................


THE DES MOINES IA CLIMATE NORMALS FOR TOMORROW
                         NORMAL    RECORD    YEAR
 MAXIMUM TEMPERATURE (F)   69        92      1953
 MINIMUM TEMPERATURE (F)   48        27      1974


SUNRISE AND SUNSET
OCTOBER  1 2017.......SUNRISE   712 AM CDT   SUNSET   656 PM CDT
OCTOBER  2 2017.......SUNRISE   713 AM CDT   SUNSET   654 PM CDT


-  INDICATES NEGATIVE NUMBERS.
R  INDICATES RECORD WAS SET OR TIED.
MM INDICATES DATA IS MISSING.
T  INDICATES TRACE AMOUNT.




$$
