939
CDUS43 KDMX 290648
CLIDSM

CLIMATE REPORT
NATIONAL WEATHER SERVICE DES MOINES IA
1244 AM CST TUE NOV 29 2016


...................................

...THE DES MOINES IA CLIMATE SUMMARY FOR NOVEMBER 28 2016...

CLIMATE NORMAL PERIOD 1981 TO 2010
CLIMATE RECORD PERIOD 1878 TO 2016


WEATHER ITEM   OBSERVED TIME   RECORD YEAR NORMAL DEPARTURE LAST
                VALUE   (LST)  VALUE       VALUE  FROM      YEAR
                                                  NORMAL
..................................................................
TEMPERATURE (F)
 YESTERDAY
  MAXIMUM         62    101 PM  66    2006  41     21       33
  MINIMUM         43   1159 PM  -9    1887  24     19       26
  AVERAGE         53                        32     21       30

PRECIPITATION (IN)
  YESTERDAY        0.00          1.09 1918   0.07  -0.07     0.00
  MONTH TO DATE    1.38                      2.07  -0.69     2.74
  SINCE SEP 1      7.79                      7.76   0.03     9.40
  SINCE JAN 1     33.12                     34.48  -1.36    38.57

SNOWFALL (IN)
  YESTERDAY        0.0           6.5  1918   0.1   -0.1      0.0
  MONTH TO DATE    T                         2.1   -2.1      6.9
  SINCE SEP 1      T                         2.5   -2.5      6.9
  SINCE JUL 1      T                         2.5   -2.5      6.9
  SNOW DEPTH       0

DEGREE DAYS
 HEATING
  YESTERDAY       12                        33    -21       35
  MONTH TO DATE  424                       708   -284      513
  SINCE SEP 1    630                      1186   -556      819
  SINCE JUL 1    630                      1192   -562      821

 COOLING
  YESTERDAY        0                         0      0        0
  MONTH TO DATE    1                         0      1        1
  SINCE SEP 1    251                       127    124      259
  SINCE JAN 1   1448                      1066    382     1211
..................................................................


WIND (MPH)
  HIGHEST WIND SPEED    28   HIGHEST WIND DIRECTION     S (190)
  HIGHEST GUST SPEED    37   HIGHEST GUST DIRECTION     S (200)
  AVERAGE WIND SPEED    16.1


SKY COVER
  POSSIBLE SUNSHINE  MM
  AVERAGE SKY COVER 0.6


WEATHER CONDITIONS
 THE FOLLOWING WEATHER WAS RECORDED YESTERDAY.
  NO SIGNIFICANT WEATHER WAS OBSERVED.


RELATIVE HUMIDITY (PERCENT)
 HIGHEST    89           200 AM
 LOWEST     47           300 PM
 AVERAGE    68

..........................................................


THE DES MOINES IA CLIMATE NORMALS FOR TODAY
                         NORMAL    RECORD    YEAR
 MAXIMUM TEMPERATURE (F)   40        70      1998
 MINIMUM TEMPERATURE (F)   24       -10      1891


SUNRISE AND SUNSET
NOVEMBER 29 2016......SUNRISE   720 AM CST   SUNSET   446 PM CST
NOVEMBER 30 2016......SUNRISE   721 AM CST   SUNSET   446 PM CST


-  INDICATES NEGATIVE NUMBERS.
R  INDICATES RECORD WAS SET OR TIED.
MM INDICATES DATA IS MISSING.
T  INDICATES TRACE AMOUNT.




$$
