000
CDUS43 KDMX 050630 RRA
CLIDSM

CLIMATE REPORT
NATIONAL WEATHER SERVICE DES MOINES IA
128 AM CDT TUE SEP 5 2017


...................................

...THE DES MOINES IA CLIMATE SUMMARY FOR SEPTEMBER 4 2017...

CLIMATE NORMAL PERIOD 1981 TO 2010
CLIMATE RECORD PERIOD 1878 TO 2017


WEATHER ITEM   OBSERVED TIME   RECORD YEAR NORMAL DEPARTURE LAST
                VALUE   (LST)  VALUE       VALUE  FROM      YEAR
                                                  NORMAL
..................................................................
TEMPERATURE (F)
 YESTERDAY
  MAXIMUM         78   1031 AM  99    1913  81     -3       82
  MINIMUM         61   1159 PM  40    1891  60      1       64
  AVERAGE         70                        70      0       73

PRECIPITATION (IN)
  YESTERDAY        0.00          1.98 1994   0.11  -0.11      T
  MONTH TO DATE    T                         0.44  -0.44      T
  SINCE SEP 1      T                         0.44  -0.44      T
  SINCE JAN 1     22.24                     27.16  -4.92    25.33

SNOWFALL (IN)
  YESTERDAY        0.0          MM      MM   0.0    0.0      0.0
  MONTH TO DATE    0.0                       0.0    0.0      0.0
  SINCE SEP 1      0.0                       0.0    0.0      0.0
  SINCE JUL 1      0.0                       0.0    0.0      0.0
  SNOW DEPTH       0

DEGREE DAYS
 HEATING
  YESTERDAY        0                         1     -1        0
  MONTH TO DATE    0                         4     -4        0
  SINCE SEP 1      0                         4     -4        0
  SINCE JUL 1      0                        10    -10        0

 COOLING
  YESTERDAY        5                         6     -1        8
  MONTH TO DATE   22                        26     -4       21
  SINCE SEP 1     22                        26     -4       21
  SINCE JAN 1   1102                       965    137     1218
..................................................................


WIND (MPH)
  HIGHEST WIND SPEED    17   HIGHEST WIND DIRECTION    NW (320)
  HIGHEST GUST SPEED    27   HIGHEST GUST DIRECTION    NW (320)
  AVERAGE WIND SPEED    11.4


SKY COVER
  POSSIBLE SUNSHINE  MM
  AVERAGE SKY COVER 0.7


WEATHER CONDITIONS
 THE FOLLOWING WEATHER WAS RECORDED YESTERDAY.
  NO SIGNIFICANT WEATHER WAS OBSERVED.


RELATIVE HUMIDITY (PERCENT)
 HIGHEST    79           700 AM
 LOWEST     46           100 PM
 AVERAGE    63

..........................................................


THE DES MOINES IA CLIMATE NORMALS FOR TODAY
                         NORMAL    RECORD    YEAR
 MAXIMUM TEMPERATURE (F)   80        99      1925
                                             1913
                                             1899
 MINIMUM TEMPERATURE (F)   60        44      1889


SUNRISE AND SUNSET
SEPTEMBER  5 2017.....SUNRISE   645 AM CDT   SUNSET   740 PM CDT
SEPTEMBER  6 2017.....SUNRISE   646 AM CDT   SUNSET   739 PM CDT


-  INDICATES NEGATIVE NUMBERS.
R  INDICATES RECORD WAS SET OR TIED.
MM INDICATES DATA IS MISSING.
T  INDICATES TRACE AMOUNT.




$$
