000
CDUS43 KDMX 252240
CLIDSM

CLIMATE REPORT
NATIONAL WEATHER SERVICE DES MOINES IA
539 PM CDT THU JUN 25 2015


...................................

...THE DES MOINES IA CLIMATE SUMMARY FOR JUNE 25 2015...
VALID TODAY AS OF 0500 PM LOCAL TIME.

CLIMATE NORMAL PERIOD 1981 TO 2010
CLIMATE RECORD PERIOD 1878 TO 2015


WEATHER ITEM   OBSERVED TIME   RECORD YEAR NORMAL DEPARTURE LAST
                VALUE   (LST)  VALUE       VALUE  FROM      YEAR
                                                  NORMAL
..................................................................
TEMPERATURE (F)
 TODAY
  MAXIMUM         78    359 PM  99    1954  84     -6       88
  MINIMUM         67    419 AM  47    2004  65      2       65
                                      1958
  AVERAGE         73                        74     -1       77

PRECIPITATION (IN)
  TODAY            1.70          2.06 1935   0.16   1.54     0.00
  MONTH TO DATE    7.60                      4.12   3.48     3.61
  SINCE JUN 1      7.60                      4.12   3.48     3.61
  SINCE JAN 1     16.95                     17.30  -0.35    14.76

SNOWFALL (IN)
  TODAY            0.0          MM      MM   0.0    0.0      0.0
  MONTH TO DATE    0.0                       0.0    0.0      0.0
  SINCE JUN 1      0.0                       0.0    0.0      0.0
  SINCE JUL 1     29.1                      35.3   -6.2     48.3
  SNOW DEPTH       0

DEGREE DAYS
 HEATING
  TODAY            0                         0      0        0
  MONTH TO DATE    3                        14    -11        0
  SINCE JUN 1      3                        14    -11        0
  SINCE JUL 1   5915                      6199   -284     6787

 COOLING
  TODAY            8                        10     -2       12
  MONTH TO DATE  214                       169     45      206
  SINCE JUN 1    214                       169     45      206
  SINCE JAN 1    294                       245     49      337
..................................................................


WIND (MPH)
  HIGHEST WIND SPEED    23   HIGHEST WIND DIRECTION    SW (220)
  HIGHEST GUST SPEED    28   HIGHEST GUST DIRECTION    SW (220)
  AVERAGE WIND SPEED     6.7


SKY COVER
  POSSIBLE SUNSHINE  MM
  AVERAGE SKY COVER 1.0


WEATHER CONDITIONS
 THE FOLLOWING WEATHER WAS RECORDED TODAY.
  THUNDERSTORM
  HEAVY RAIN
  RAIN
  LIGHT RAIN
  FOG


RELATIVE HUMIDITY (PERCENT)
 HIGHEST    93           500 AM
 LOWEST     69           400 PM
 AVERAGE    81

..........................................................


THE DES MOINES IA CLIMATE NORMALS FOR TOMORROW
                         NORMAL    RECORD    YEAR
 MAXIMUM TEMPERATURE (F)   84       103      1934
 MINIMUM TEMPERATURE (F)   65        47      1926


SUNRISE AND SUNSET
JUNE 25 2015..........SUNRISE   542 AM CDT   SUNSET   853 PM CDT
JUNE 26 2015..........SUNRISE   542 AM CDT   SUNSET   853 PM CDT


-  INDICATES NEGATIVE NUMBERS.
R  INDICATES RECORD WAS SET OR TIED.
MM INDICATES DATA IS MISSING.
T  INDICATES TRACE AMOUNT.




$$
