000
CDUS43 KDMX 070654
CLIDSM

CLIMATE REPORT
NATIONAL WEATHER SERVICE DES MOINES IA
148 AM CDT THU SEP 7 2017

...................................

...THE DES MOINES IA CLIMATE SUMMARY FOR SEPTEMBER 6 2017...

CLIMATE NORMAL PERIOD 1981 TO 2010
CLIMATE RECORD PERIOD 1878 TO 2017


WEATHER ITEM   OBSERVED TIME   RECORD YEAR NORMAL DEPARTURE LAST
                VALUE   (LST)  VALUE       VALUE  FROM      YEAR
                                                  NORMAL
..................................................................
TEMPERATURE (F)
 YESTERDAY
  MAXIMUM         71    326 PM 100    1939  80     -9       93
  MINIMUM         47    602 AM  42    1988  60    -13       76
  AVERAGE         59                        70    -11       85

PRECIPITATION (IN)
  YESTERDAY        0.00          2.22 1911   0.11  -0.11     0.00
  MONTH TO DATE    T                         0.67  -0.67      T
  SINCE SEP 1      T                         0.67  -0.67      T
  SINCE JAN 1     22.24                     27.39  -5.15    25.33

SNOWFALL (IN)
  YESTERDAY        0.0          MM      MM   0.0    0.0      0.0
  MONTH TO DATE    0.0                       0.0    0.0      0.0
  SINCE SEP 1      0.0                       0.0    0.0      0.0
  SINCE JUL 1      0.0                       0.0    0.0      0.0
  SNOW DEPTH       0

DEGREE DAYS
 HEATING
  YESTERDAY        6                         1      5        0
  MONTH TO DATE    9                         6      3        0
  SINCE SEP 1      9                         6      3        0
  SINCE JUL 1      9                        12     -3        0

 COOLING
  YESTERDAY        0                         6     -6       20
  MONTH TO DATE   22                        38    -16       55
  SINCE SEP 1     22                        38    -16       55
  SINCE JAN 1   1102                       977    125     1252
..................................................................


WIND (MPH)
  HIGHEST WIND SPEED    17   HIGHEST WIND DIRECTION    NW (330)
  HIGHEST GUST SPEED    22   HIGHEST GUST DIRECTION    NW (320)
  AVERAGE WIND SPEED     5.8


SKY COVER
  POSSIBLE SUNSHINE  MM
  AVERAGE SKY COVER 0.6


WEATHER CONDITIONS
 THE FOLLOWING WEATHER WAS RECORDED YESTERDAY.
  NO SIGNIFICANT WEATHER WAS OBSERVED.


RELATIVE HUMIDITY (PERCENT)
 HIGHEST    86           500 AM
 LOWEST     35           300 PM
 AVERAGE    61

..........................................................


THE DES MOINES IA CLIMATE NORMALS FOR TODAY
                         NORMAL    RECORD    YEAR
 MAXIMUM TEMPERATURE (F)   80       101      1939
 MINIMUM TEMPERATURE (F)   59        41      1986


SUNRISE AND SUNSET
SEPTEMBER  7 2017.....SUNRISE   647 AM CDT   SUNSET   737 PM CDT
SEPTEMBER  8 2017.....SUNRISE   648 AM CDT   SUNSET   735 PM CDT


-  INDICATES NEGATIVE NUMBERS.
R  INDICATES RECORD WAS SET OR TIED.
MM INDICATES DATA IS MISSING.
T  INDICATES TRACE AMOUNT.




$$
