000
CDUS43 KDMX 092225
CLIDSM

CLIMATE REPORT
NATIONAL WEATHER SERVICE DES MOINES IA
525 PM CDT SAT JUL 9 2016

...................................

...THE DES MOINES IA CLIMATE SUMMARY FOR JULY 9 2016...
VALID TODAY AS OF 0500 PM LOCAL TIME.

CLIMATE NORMAL PERIOD 1981 TO 2010
CLIMATE RECORD PERIOD 1878 TO 2016


WEATHER ITEM   OBSERVED TIME   RECORD YEAR NORMAL DEPARTURE LAST
                VALUE   (LST)  VALUE       VALUE  FROM      YEAR
                                                  NORMAL
..................................................................
TEMPERATURE (F)
 TODAY
  MAXIMUM         86    357 PM 102    1930  86      0       82
  MINIMUM         64    432 AM  48    1895  67     -3       58
  AVERAGE         75                        76     -1       70

PRECIPITATION (IN)
  TODAY            0.00          2.31 1988   0.16  -0.16     0.00
                                      1881
  MONTH TO DATE    1.21                      1.41  -0.20     0.24
  SINCE JUN 1      2.68                      6.35  -3.67     8.64
  SINCE JAN 1     13.92                     19.53  -5.61    17.99

SNOWFALL (IN)
  TODAY            0.0          MM      MM   0.0    0.0      0.0
  MONTH TO DATE    0.0                       0.0    0.0      0.0
  SINCE JUN 1      0.0                       0.0    0.0      0.0
  SINCE JUL 1      0.0                       0.0    0.0      0.0
  SNOW DEPTH       0

DEGREE DAYS
 HEATING
  TODAY            0                         0      0        0
  MONTH TO DATE    0                         0      0        0
  SINCE JUN 1      0                        17    -17        3
  SINCE JUL 1      0                         0      0        0

 COOLING
  TODAY           10                        11     -1        5
  MONTH TO DATE   79                        99    -20       43
  SINCE JUN 1    457                       320    137      300
  SINCE JAN 1    550                       396    154      380
..................................................................


WIND (MPH)
  HIGHEST WIND SPEED    10   HIGHEST WIND DIRECTION    SE (120)
  HIGHEST GUST SPEED    18   HIGHEST GUST DIRECTION     E (110)
  AVERAGE WIND SPEED     5.5


SKY COVER
  POSSIBLE SUNSHINE  MM
  AVERAGE SKY COVER 0.5


WEATHER CONDITIONS
 THE FOLLOWING WEATHER WAS RECORDED TODAY.
  NO SIGNIFICANT WEATHER WAS OBSERVED.


RELATIVE HUMIDITY (PERCENT)
 HIGHEST    93           500 AM
 LOWEST     45           400 PM
 AVERAGE    69

..........................................................


THE DES MOINES IA CLIMATE NORMALS FOR TOMORROW
                         NORMAL    RECORD    YEAR
 MAXIMUM TEMPERATURE (F)   86       103      1936
                                             1930
 MINIMUM TEMPERATURE (F)   67        49      1945


SUNRISE AND SUNSET
JULY  9 2016..........SUNRISE   550 AM CDT   SUNSET   850 PM CDT
JULY 10 2016..........SUNRISE   550 AM CDT   SUNSET   849 PM CDT


-  INDICATES NEGATIVE NUMBERS.
R  INDICATES RECORD WAS SET OR TIED.
MM INDICATES DATA IS MISSING.
T  INDICATES TRACE AMOUNT.




$$
