000
CDUS43 KDMX 220734 RRA
CLIDSM

CLIMATE REPORT
NATIONAL WEATHER SERVICE DES MOINES IA
234 AM CDT FRI SEP 22 2017

...................................

...THE DES MOINES IA CLIMATE SUMMARY FOR SEPTEMBER 21 2017...

CLIMATE NORMAL PERIOD 1981 TO 2010
CLIMATE RECORD PERIOD 1878 TO 2017


WEATHER ITEM   OBSERVED TIME   RECORD YEAR NORMAL DEPARTURE LAST
                VALUE   (LST)  VALUE       VALUE  FROM      YEAR
                                                  NORMAL
..................................................................
TEMPERATURE (F)
 YESTERDAY
  MAXIMUM         89    430 PM  95    1937  74     15       93
  MINIMUM         67    538 AM  35    1995  53     14       75
                                      1918
  AVERAGE         78                        63     15       84

PRECIPITATION (IN)
  YESTERDAY        0.16          1.59 1914   0.10   0.06     0.00
  MONTH TO DATE    1.21                      2.23  -1.02     3.82
  SINCE SEP 1      1.21                      2.23  -1.02     3.82
  SINCE JAN 1     23.45                     28.95  -5.50    29.15

SNOWFALL (IN)
  YESTERDAY        0.0          MM      MM   0.0    0.0      0.0
  MONTH TO DATE    0.0                       0.0    0.0      0.0
  SINCE SEP 1      0.0                       0.0    0.0      0.0
  SINCE JUL 1      0.0                       0.0    0.0      0.0
  SNOW DEPTH       0

DEGREE DAYS
 HEATING
  YESTERDAY        0                         4     -4        0
  MONTH TO DATE   12                        43    -31        0
  SINCE SEP 1     12                        43    -31        0
  SINCE JUL 1     12                        49    -37        0

 COOLING
  YESTERDAY       13                         2     11       19
  MONTH TO DATE  143                        96     47      173
  SINCE SEP 1    143                        96     47      173
  SINCE JAN 1   1223                      1035    188     1370
..................................................................


WIND (MPH)
  HIGHEST WIND SPEED    26   HIGHEST WIND DIRECTION     S (170)
  HIGHEST GUST SPEED    35   HIGHEST GUST DIRECTION     S (160)
  AVERAGE WIND SPEED    12.7


SKY COVER
  POSSIBLE SUNSHINE  MM
  AVERAGE SKY COVER 0.4


WEATHER CONDITIONS
 THE FOLLOWING WEATHER WAS RECORDED YESTERDAY.
  THUNDERSTORM
  RAIN
  FOG


RELATIVE HUMIDITY (PERCENT)
 HIGHEST    97           700 AM
 LOWEST     56           300 PM
 AVERAGE    77

..........................................................


THE DES MOINES IA CLIMATE NORMALS FOR TODAY
                         NORMAL    RECORD    YEAR
 MAXIMUM TEMPERATURE (F)   74        98      1937
 MINIMUM TEMPERATURE (F)   52        31      1995


SUNRISE AND SUNSET
SEPTEMBER 22 2017.....SUNRISE   702 AM CDT   SUNSET   711 PM CDT
SEPTEMBER 23 2017.....SUNRISE   703 AM CDT   SUNSET   710 PM CDT


-  INDICATES NEGATIVE NUMBERS.
R  INDICATES RECORD WAS SET OR TIED.
MM INDICATES DATA IS MISSING.
T  INDICATES TRACE AMOUNT.

$$

SMALL
