000
CDUS43 KDMX 270635
CLIDSM

CLIMATE REPORT
NATIONAL WEATHER SERVICE DES MOINES IA
1233 AM CST MON NOV 27 2017


...................................

...THE DES MOINES IA CLIMATE SUMMARY FOR NOVEMBER 26 2017...

CLIMATE NORMAL PERIOD 1981 TO 2010
CLIMATE RECORD PERIOD 1878 TO 2017


WEATHER ITEM   OBSERVED TIME   RECORD YEAR NORMAL DEPARTURE LAST
                VALUE   (LST)  VALUE       VALUE  FROM      YEAR
                                                  NORMAL
..................................................................
TEMPERATURE (F)
 YESTERDAY
  MAXIMUM         61    258 PM  71    1990  42     19       61
  MINIMUM         32    248 AM  -2    1898  25      7       34
  AVERAGE         47                        34     13       48

PRECIPITATION (IN)
  YESTERDAY        0.00          1.15 1935   0.06  -0.06     0.00
  MONTH TO DATE    0.25                      1.94  -1.69     0.71
  SINCE SEP 1      7.54                      7.63  -0.09     7.12
  SINCE JAN 1     29.78                     34.35  -4.57    32.45

SNOWFALL (IN)
  YESTERDAY        0.0           3.4  1978   0.2   -0.2      0.0
  MONTH TO DATE    0.0                       1.8   -1.8       T
  SINCE SEP 1      T                         2.2   -2.2       T
  SINCE JUL 1      T                         2.2   -2.2       T
  SNOW DEPTH       0

DEGREE DAYS
 HEATING
  YESTERDAY       18                        32    -14       17
  MONTH TO DATE  656                       643     13      393
  SINCE SEP 1    976                      1121   -145      599
  SINCE JUL 1    976                      1127   -151      599

 COOLING
  YESTERDAY        0                         0      0        0
  MONTH TO DATE    0                         0      0        1
  SINCE SEP 1    226                       127     99      251
  SINCE JAN 1   1306                      1066    240     1448
..................................................................


WIND (MPH)
  HIGHEST WIND SPEED    16   HIGHEST WIND DIRECTION    SW (230)
  HIGHEST GUST SPEED    20   HIGHEST GUST DIRECTION    SW (230)
  AVERAGE WIND SPEED     5.8


SKY COVER
  POSSIBLE SUNSHINE  MM
  AVERAGE SKY COVER 0.4


WEATHER CONDITIONS
 THE FOLLOWING WEATHER WAS RECORDED YESTERDAY.
  NO SIGNIFICANT WEATHER WAS OBSERVED.


RELATIVE HUMIDITY (PERCENT)
 HIGHEST    89           400 AM
 LOWEST     39           200 PM
 AVERAGE    64

..........................................................


THE DES MOINES IA CLIMATE NORMALS FOR TODAY
                         NORMAL    RECORD    YEAR
 MAXIMUM TEMPERATURE (F)   41        68      1998
 MINIMUM TEMPERATURE (F)   25        -7      1887


SUNRISE AND SUNSET
NOVEMBER 27 2017......SUNRISE   718 AM CST   SUNSET   447 PM CST
NOVEMBER 28 2017......SUNRISE   719 AM CST   SUNSET   446 PM CST


-  INDICATES NEGATIVE NUMBERS.
R  INDICATES RECORD WAS SET OR TIED.
MM INDICATES DATA IS MISSING.
T  INDICATES TRACE AMOUNT.




$$
