000
CDUS43 KDMX 302229
CLIDSM

CLIMATE REPORT
NATIONAL WEATHER SERVICE DES MOINES IA
528 PM CDT FRI JUN 30 2017


...................................

...THE DES MOINES IA CLIMATE SUMMARY FOR JUNE 30 2017...
VALID TODAY AS OF 0500 PM LOCAL TIME.

CLIMATE NORMAL PERIOD 1981 TO 2010
CLIMATE RECORD PERIOD 1878 TO 2017


WEATHER ITEM   OBSERVED TIME   RECORD YEAR NORMAL DEPARTURE LAST
                VALUE   (LST)  VALUE       VALUE  FROM      YEAR
                                                  NORMAL
..................................................................
TEMPERATURE (F)
 TODAY
  MAXIMUM         83    339 PM  99    1933  85     -2       85
                                      1911
                                      1894
  MINIMUM         65    331 AM  49    1943  66     -1       66
  AVERAGE         74                        75     -1       76

PRECIPITATION (IN)
  TODAY            0.00          2.43 1959   0.16  -0.16     0.27
  MONTH TO DATE    2.34                      4.94  -2.60     1.47
  SINCE JUN 1      2.34                      4.94  -2.60     1.47
  SINCE JAN 1     17.31                     18.12  -0.81    12.71

SNOWFALL (IN)
  TODAY            0.0          MM      MM   0.0    0.0      0.0
  MONTH TO DATE    0.0                       0.0    0.0      0.0
  SINCE JUN 1      0.0                       0.0    0.0      0.0
  SINCE JUL 1     14.3                      35.3  -21.0     30.3
  SNOW DEPTH       0

DEGREE DAYS
 HEATING
  TODAY            0                         0      0        0
  MONTH TO DATE    2                        14    -12        0
  SINCE JUN 1      2                        17    -15        0
  SINCE JUL 1   4839                      6202  -1363     5006

 COOLING
  TODAY            9                        10     -1       11
  MONTH TO DATE  307                       221     86      378
  SINCE JUN 1    307                       221     86      378
  SINCE JAN 1    387                       297     90      471
..................................................................


WIND (MPH)
  HIGHEST WIND SPEED    17   HIGHEST WIND DIRECTION     W (290)
  HIGHEST GUST SPEED    22   HIGHEST GUST DIRECTION    NW (320)
  AVERAGE WIND SPEED     7.8


SKY COVER
  POSSIBLE SUNSHINE  MM
  AVERAGE SKY COVER 0.8


WEATHER CONDITIONS
 THE FOLLOWING WEATHER WAS RECORDED TODAY.
  NO SIGNIFICANT WEATHER WAS OBSERVED.


RELATIVE HUMIDITY (PERCENT)
 HIGHEST    87           500 AM
 LOWEST     45           400 PM
 AVERAGE    66

..........................................................


THE DES MOINES IA CLIMATE NORMALS FOR TOMORROW
                         NORMAL    RECORD    YEAR
 MAXIMUM TEMPERATURE (F)   85       104      1925
 MINIMUM TEMPERATURE (F)   66        50      1995
                                             1892


SUNRISE AND SUNSET
JUNE 30 2017..........SUNRISE   544 AM CDT   SUNSET   852 PM CDT
JULY  1 2017..........SUNRISE   545 AM CDT   SUNSET   852 PM CDT


-  INDICATES NEGATIVE NUMBERS.
R  INDICATES RECORD WAS SET OR TIED.
MM INDICATES DATA IS MISSING.
T  INDICATES TRACE AMOUNT.




$$
