000
CDUS43 KDMX 120702 RRA
CLIDSM

CLIMATE REPORT
NATIONAL WEATHER SERVICE DES MOINES IA
201 AM CDT TUE AUG 12 2014


...................................

...THE DES MOINES IA CLIMATE SUMMARY FOR AUGUST 11 2014...

CLIMATE NORMAL PERIOD 1981 TO 2010
CLIMATE RECORD PERIOD 1878 TO 2014


WEATHER ITEM   OBSERVED TIME   RECORD YEAR NORMAL DEPARTURE LAST
                VALUE   (LST)  VALUE       VALUE  FROM      YEAR
                                                  NORMAL
..................................................................
TEMPERATURE (F)
 YESTERDAY
  MAXIMUM         81    348 PM 102    1881  85     -4       88
  MINIMUM         64   1159 PM  50    2004  66     -2       65
                                      1986
                                      1902
  AVERAGE         73                        75     -2       77

PRECIPITATION (IN)
  YESTERDAY        0.00          1.42 1976   0.13  -0.13     0.22
  MONTH TO DATE    1.89                      1.47   0.42     0.47
  SINCE JUN 1     11.75                     10.88   0.87     4.72
  SINCE JAN 1     22.90                     24.06  -1.16    23.04

SNOWFALL (IN)
  YESTERDAY        0.0          MM      MM   0.0    0.0      0.0
  MONTH TO DATE    0.0                       0.0    0.0      0.0
  SINCE JUN 1      0.0                       0.0    0.0      0.0
  SINCE JUL 1      0.0                       0.0    0.0      0.0
  SNOW DEPTH       0

DEGREE DAYS
 HEATING
  YESTERDAY        0                         0      0        0
  MONTH TO DATE    0                         0      0        0
  SINCE JUN 1      2                        18    -16       19
  SINCE JUL 1      2                         1      1        0

 COOLING
  YESTERDAY        8                        10     -2       12
  MONTH TO DATE   98                       117    -19      115
  SINCE JUN 1    607                       687    -80      721
  SINCE JAN 1    738                       763    -25      823
..................................................................


WIND (MPH)
  HIGHEST WIND SPEED    22   HIGHEST WIND DIRECTION     N (350)
  HIGHEST GUST SPEED    28   HIGHEST GUST DIRECTION    NW (320)
  AVERAGE WIND SPEED    11.5


SKY COVER
  POSSIBLE SUNSHINE  MM
  AVERAGE SKY COVER 0.4


WEATHER CONDITIONS
 THE FOLLOWING WEATHER WAS RECORDED YESTERDAY.
  FOG
  HAZE


RELATIVE HUMIDITY (PERCENT)
 HIGHEST    93           200 AM
 LOWEST     45           300 PM
 AVERAGE    69

..........................................................


THE DES MOINES IA CLIMATE NORMALS FOR TODAY
                         NORMAL    RECORD    YEAR
 MAXIMUM TEMPERATURE (F)   84       101      1936
 MINIMUM TEMPERATURE (F)   66        48      2004
                                             1964


SUNRISE AND SUNSET
AUGUST 12 2014........SUNRISE   620 AM CDT   SUNSET   818 PM CDT
AUGUST 13 2014........SUNRISE   621 AM CDT   SUNSET   817 PM CDT


-  INDICATES NEGATIVE NUMBERS.
R  INDICATES RECORD WAS SET OR TIED.
MM INDICATES DATA IS MISSING.
T  INDICATES TRACE AMOUNT.




$$
