000
CDUS43 KDMX 050636 RRA
CLIDSM

CLIMATE REPORT
NATIONAL WEATHER SERVICE DES MOINES IA
135 AM CDT FRI SEP 5 2014


...................................

...THE DES MOINES IA CLIMATE SUMMARY FOR SEPTEMBER 4 2014...

CLIMATE NORMAL PERIOD 1981 TO 2010
CLIMATE RECORD PERIOD 1878 TO 2014


WEATHER ITEM   OBSERVED TIME   RECORD YEAR NORMAL DEPARTURE LAST
                VALUE   (LST)  VALUE       VALUE  FROM      YEAR
                                                  NORMAL
..................................................................
TEMPERATURE (F)
 YESTERDAY
  MAXIMUM         93    349 PM  99    1913  81     12       92
  MINIMUM         76    112 AM  40    1891  60     16       63
  AVERAGE         85                        70     15       78

PRECIPITATION (IN)
  YESTERDAY        0.00          1.98 1994   0.11  -0.11     0.00
  MONTH TO DATE    T                         0.44  -0.44     0.17
  SINCE SEP 1      T                         0.44  -0.44     0.17
  SINCE JAN 1     32.37                     27.16   5.21    23.72

SNOWFALL (IN)
  YESTERDAY        0.0          MM      MM   0.0    0.0      0.0
  MONTH TO DATE    0.0                       0.0    0.0      0.0
  SINCE SEP 1      0.0                       0.0    0.0      0.0
  SINCE JUL 1      0.0                       0.0    0.0      0.0
  SNOW DEPTH       0

DEGREE DAYS
 HEATING
  YESTERDAY        0                         1     -1        0
  MONTH TO DATE    0                         4     -4        0
  SINCE SEP 1      0                         4     -4        0
  SINCE JUL 1      2                        10     -8        0

 COOLING
  YESTERDAY       20                         6     14       13
  MONTH TO DATE   45                        26     19       33
  SINCE SEP 1     45                        26     19       33
  SINCE JAN 1   1014                       965     49     1134
..................................................................


WIND (MPH)
  HIGHEST WIND SPEED    25   HIGHEST WIND DIRECTION     S (200)
  HIGHEST GUST SPEED    31   HIGHEST GUST DIRECTION    SW (220)
  AVERAGE WIND SPEED    13.2


SKY COVER
  POSSIBLE SUNSHINE  MM
  AVERAGE SKY COVER 0.3


WEATHER CONDITIONS
 THE FOLLOWING WEATHER WAS RECORDED YESTERDAY.
  NO SIGNIFICANT WEATHER WAS OBSERVED.


RELATIVE HUMIDITY (PERCENT)
 HIGHEST    87          1200 AM
 LOWEST     49           200 PM
 AVERAGE    68

..........................................................


THE DES MOINES IA CLIMATE NORMALS FOR TODAY
                         NORMAL    RECORD    YEAR
 MAXIMUM TEMPERATURE (F)   80        99      1925
                                             1913
                                             1899
 MINIMUM TEMPERATURE (F)   60        44      1889


SUNRISE AND SUNSET
SEPTEMBER  5 2014.....SUNRISE   645 AM CDT   SUNSET   741 PM CDT
SEPTEMBER  6 2014.....SUNRISE   646 AM CDT   SUNSET   739 PM CDT


-  INDICATES NEGATIVE NUMBERS.
R  INDICATES RECORD WAS SET OR TIED.
MM INDICATES DATA IS MISSING.
T  INDICATES TRACE AMOUNT.




$$
