000
CDUS43 KDMX 140635 RRA
CLIDSM

CLIMATE REPORT
NATIONAL WEATHER SERVICE DES MOINES IA
1234 AM CST FRI NOV 14 2014


...................................

...THE DES MOINES IA CLIMATE SUMMARY FOR NOVEMBER 13 2014...

CLIMATE NORMAL PERIOD 1981 TO 2010
CLIMATE RECORD PERIOD 1878 TO 2014


WEATHER ITEM   OBSERVED TIME   RECORD YEAR NORMAL DEPARTURE LAST
                VALUE   (LST)  VALUE       VALUE  FROM      YEAR
                                                  NORMAL
..................................................................
TEMPERATURE (F)
 YESTERDAY
  MAXIMUM         27    346 PM  81    1999  49    -22       51
  MINIMUM         17   1148 PM  -1    1940  32    -15       18
  AVERAGE         22                        41    -19       35

PRECIPITATION (IN)
  YESTERDAY        T             0.90 1972   0.08  -0.08     0.00
  MONTH TO DATE    0.11                      1.06  -0.95     0.72
  SINCE SEP 1      8.12                      6.75   1.37     7.00
  SINCE JAN 1     40.49                     33.47   7.02    30.55

SNOWFALL (IN)
  YESTERDAY        T             7.5  1972   0.1   -0.1      0.0
  MONTH TO DATE    0.3                       0.5   -0.2      0.4
  SINCE SEP 1      0.3                       0.9   -0.6      0.4
  SINCE JUL 1      0.3                       0.9   -0.6      0.4
  SNOW DEPTH       0

DEGREE DAYS
 HEATING
  YESTERDAY       43                        24     19       30
  MONTH TO DATE  302                       276     26      295
  SINCE SEP 1    682                       754    -72      685
  SINCE JUL 1    684                       760    -76      685

 COOLING
  YESTERDAY        0                         0      0        0
  MONTH TO DATE    0                         0      0        0
  SINCE SEP 1    106                       127    -21      252
  SINCE JAN 1   1075                      1066      9     1353
..................................................................


WIND (MPH)
  HIGHEST WIND SPEED    23   HIGHEST WIND DIRECTION    NW (310)
  HIGHEST GUST SPEED    29   HIGHEST GUST DIRECTION    NW (310)
  AVERAGE WIND SPEED    14.7


SKY COVER
  POSSIBLE SUNSHINE  MM
  AVERAGE SKY COVER 0.9


WEATHER CONDITIONS
 THE FOLLOWING WEATHER WAS RECORDED YESTERDAY.
  LIGHT SNOW


RELATIVE HUMIDITY (PERCENT)
 HIGHEST    77          1200 AM
 LOWEST     55           100 PM
 AVERAGE    66

..........................................................


THE DES MOINES IA CLIMATE NORMALS FOR TODAY
                         NORMAL    RECORD    YEAR
 MAXIMUM TEMPERATURE (F)   49        73      1990
                                             1964
 MINIMUM TEMPERATURE (F)   31        -1      1959


SUNRISE AND SUNSET
NOVEMBER 14 2014......SUNRISE   702 AM CST   SUNSET   455 PM CST
NOVEMBER 15 2014......SUNRISE   703 AM CST   SUNSET   455 PM CST


-  INDICATES NEGATIVE NUMBERS.
R  INDICATES RECORD WAS SET OR TIED.
MM INDICATES DATA IS MISSING.
T  INDICATES TRACE AMOUNT.

$$
