000
CDUS43 KDMX 062226
CLIDSM

CLIMATE REPORT
NATIONAL WEATHER SERVICE DES MOINES IA
526 PM CDT SAT SEP 6 2014


...................................

...THE DES MOINES IA CLIMATE SUMMARY FOR SEPTEMBER 6 2014...
VALID TODAY AS OF 0500 PM LOCAL TIME.

CLIMATE NORMAL PERIOD 1981 TO 2010
CLIMATE RECORD PERIOD 1878 TO 2014


WEATHER ITEM   OBSERVED TIME   RECORD YEAR NORMAL DEPARTURE LAST
                VALUE   (LST)  VALUE       VALUE  FROM      YEAR
                                                  NORMAL
..................................................................
TEMPERATURE (F)
 TODAY
  MAXIMUM         76    353 PM 100    1939  80     -4       93
  MINIMUM         51    616 AM  42    1988  60     -9       67
  AVERAGE         64                        70     -6       80

PRECIPITATION (IN)
  TODAY            0.00          2.22 1911   0.11  -0.11     0.00
  MONTH TO DATE    0.09                      0.67  -0.58     0.17
  SINCE SEP 1      0.09                      0.67  -0.58     0.17
  SINCE JAN 1     32.46                     27.39   5.07    23.72

SNOWFALL (IN)
  TODAY            0.0          MM      MM   0.0    0.0      0.0
  MONTH TO DATE    0.0                       0.0    0.0      0.0
  SINCE SEP 1      0.0                       0.0    0.0      0.0
  SINCE JUL 1      0.0                       0.0    0.0      0.0
  SNOW DEPTH       0

DEGREE DAYS
 HEATING
  TODAY            1                         1      0        0
  MONTH TO DATE    1                         6     -5        0
  SINCE SEP 1      1                         6     -5        0
  SINCE JUL 1      3                        12     -9        0

 COOLING
  TODAY            0                         6     -6       15
  MONTH TO DATE   47                        38      9       64
  SINCE SEP 1     47                        38      9       64
  SINCE JAN 1   1016                       977     39     1165
..................................................................


WIND (MPH)
  HIGHEST WIND SPEED    13   HIGHEST WIND DIRECTION     W (250)
  HIGHEST GUST SPEED    17   HIGHEST GUST DIRECTION     W (260)
  AVERAGE WIND SPEED     5.8


SKY COVER
  POSSIBLE SUNSHINE  MM
  AVERAGE SKY COVER 0.2


WEATHER CONDITIONS
 THE FOLLOWING WEATHER WAS RECORDED TODAY.
  NO SIGNIFICANT WEATHER WAS OBSERVED.


RELATIVE HUMIDITY (PERCENT)
 HIGHEST    89           300 AM
 LOWEST     38           300 PM
 AVERAGE    64

..........................................................


THE DES MOINES IA CLIMATE NORMALS FOR TOMORROW
                         NORMAL    RECORD    YEAR
 MAXIMUM TEMPERATURE (F)   80       101      1939
 MINIMUM TEMPERATURE (F)   59        41      1986


SUNRISE AND SUNSET
SEPTEMBER  6 2014.....SUNRISE   646 AM CDT   SUNSET   739 PM CDT
SEPTEMBER  7 2014.....SUNRISE   647 AM CDT   SUNSET   738 PM CDT


-  INDICATES NEGATIVE NUMBERS.
R  INDICATES RECORD WAS SET OR TIED.
MM INDICATES DATA IS MISSING.
T  INDICATES TRACE AMOUNT.




$$
