000
CDUS43 KDMX 190632 RRA
CLIDSM

CLIMATE REPORT
NATIONAL WEATHER SERVICE DES MOINES IA
131 AM CDT THU MAR 19 2015


...................................

...THE DES MOINES IA CLIMATE SUMMARY FOR MARCH 18 2015...

CLIMATE NORMAL PERIOD 1981 TO 2010
CLIMATE RECORD PERIOD 1878 TO 2015


WEATHER ITEM   OBSERVED TIME   RECORD YEAR NORMAL DEPARTURE LAST
                VALUE   (LST)  VALUE       VALUE  FROM      YEAR
                                                  NORMAL
..................................................................
TEMPERATURE (F)
 YESTERDAY
  MAXIMUM         55    243 PM  83    2012  50      5       52
  MINIMUM         38    716 AM  -3    1923  31      7       35
  AVERAGE         47                        40      7       44

PRECIPITATION (IN)
  YESTERDAY        0.00          1.57 1922   0.08  -0.08     0.03
  MONTH TO DATE    0.01                      1.22  -1.21     0.29
  SINCE MAR 1      0.01                      1.22  -1.21     0.29
  SINCE JAN 1      2.03                      3.50  -1.47     2.63

SNOWFALL (IN)
  YESTERDAY        0.0           8.5  1923   0.1   -0.1      0.0
  MONTH TO DATE    T                         3.4   -3.4      5.4
  SINCE MAR 1      T                         3.4   -3.4      5.4
  SINCE JUL 1     29.1                      31.7   -2.6     47.3
  SNOW DEPTH       0

DEGREE DAYS
 HEATING
  YESTERDAY       18                        25     -7       21
  MONTH TO DATE  412                       512   -100      600
  SINCE MAR 1    412                       512   -100      600
  SINCE JUL 1   5250                      5343    -93     5907

 COOLING
  YESTERDAY        0                         0      0        0
  MONTH TO DATE    0                         0      0        0
  SINCE MAR 1      0                         0      0        0
  SINCE JAN 1      0                         0      0        0
..................................................................


WIND (MPH)
  HIGHEST WIND SPEED    17   HIGHEST WIND DIRECTION    SE (150)
  HIGHEST GUST SPEED    21   HIGHEST GUST DIRECTION    SE (140)
  AVERAGE WIND SPEED     8.0


SKY COVER
  POSSIBLE SUNSHINE  MM
  AVERAGE SKY COVER 0.9


WEATHER CONDITIONS
 THE FOLLOWING WEATHER WAS RECORDED YESTERDAY.
  NO SIGNIFICANT WEATHER WAS OBSERVED.


RELATIVE HUMIDITY (PERCENT)
 HIGHEST    48           700 AM
 LOWEST     20           200 PM
 AVERAGE    34

..........................................................


THE DES MOINES IA CLIMATE NORMALS FOR TODAY
                         NORMAL    RECORD    YEAR
 MAXIMUM TEMPERATURE (F)   51        81      2012
 MINIMUM TEMPERATURE (F)   31       -10      1923


SUNRISE AND SUNSET
MARCH 19 2015.........SUNRISE   720 AM CDT   SUNSET   725 PM CDT
MARCH 20 2015.........SUNRISE   718 AM CDT   SUNSET   727 PM CDT


-  INDICATES NEGATIVE NUMBERS.
R  INDICATES RECORD WAS SET OR TIED.
MM INDICATES DATA IS MISSING.
T  INDICATES TRACE AMOUNT.




$$
