000
CDUS43 KDMX 260630 RRA
CLIDSM

CLIMATE REPORT
NATIONAL WEATHER SERVICE DES MOINES IA
1228 AM CST SUN NOV 26 2017


...................................

...THE DES MOINES IA CLIMATE SUMMARY FOR NOVEMBER 25 2017...

CLIMATE NORMAL PERIOD 1981 TO 2010
CLIMATE RECORD PERIOD 1878 TO 2017


WEATHER ITEM   OBSERVED TIME   RECORD YEAR NORMAL DEPARTURE LAST
                VALUE   (LST)  VALUE       VALUE  FROM      YEAR
                                                  NORMAL
..................................................................
TEMPERATURE (F)
 YESTERDAY
  MAXIMUM         58    326 PM  68    1960  42     16       48
  MINIMUM         35   1150 PM   2    1991  26      9       36
  AVERAGE         47                        34     13       42

PRECIPITATION (IN)
  YESTERDAY        0.00          1.15 1992   0.07  -0.07     0.00
  MONTH TO DATE    0.25                      1.88  -1.63     0.71
  SINCE SEP 1      7.54                      7.57  -0.03     7.12
  SINCE JAN 1     29.78                     34.29  -4.51    32.45

SNOWFALL (IN)
  YESTERDAY        0.0           9.3  1992   0.1   -0.1      0.0
  MONTH TO DATE    0.0                       1.6   -1.6       T
  SINCE SEP 1      T                         2.0   -2.0       T
  SINCE JUL 1      T                         2.0   -2.0       T
  SNOW DEPTH       0

DEGREE DAYS
 HEATING
  YESTERDAY       18                        31    -13       23
  MONTH TO DATE  638                       611     27      376
  SINCE SEP 1    958                      1089   -131      582
  SINCE JUL 1    958                      1095   -137      582

 COOLING
  YESTERDAY        0                         0      0        0
  MONTH TO DATE    0                         0      0        1
  SINCE SEP 1    226                       127     99      251
  SINCE JAN 1   1306                      1066    240     1448
..................................................................


WIND (MPH)
  HIGHEST WIND SPEED    17   HIGHEST WIND DIRECTION    NW (310)
  HIGHEST GUST SPEED    22   HIGHEST GUST DIRECTION    NW (300)
  AVERAGE WIND SPEED     6.7


SKY COVER
  POSSIBLE SUNSHINE  MM
  AVERAGE SKY COVER 0.2


WEATHER CONDITIONS
 THE FOLLOWING WEATHER WAS RECORDED YESTERDAY.
  NO SIGNIFICANT WEATHER WAS OBSERVED.


RELATIVE HUMIDITY (PERCENT)
 HIGHEST    82           500 AM
 LOWEST     39           400 PM
 AVERAGE    61

..........................................................


THE DES MOINES IA CLIMATE NORMALS FOR TODAY
                         NORMAL    RECORD    YEAR
 MAXIMUM TEMPERATURE (F)   42        71      1990
 MINIMUM TEMPERATURE (F)   25        -2      1898


SUNRISE AND SUNSET
NOVEMBER 26 2017......SUNRISE   717 AM CST   SUNSET   447 PM CST
NOVEMBER 27 2017......SUNRISE   718 AM CST   SUNSET   447 PM CST


-  INDICATES NEGATIVE NUMBERS.
R  INDICATES RECORD WAS SET OR TIED.
MM INDICATES DATA IS MISSING.
T  INDICATES TRACE AMOUNT.




$$
