000
CDUS43 KDMX 300638
CLIDSM

CLIMATE REPORT
NATIONAL WEATHER SERVICE DES MOINES IA
1236 AM CST MON JAN 30 2017

...................................

...THE DES MOINES IA CLIMATE SUMMARY FOR JANUARY 29 2017...

CLIMATE NORMAL PERIOD 1981 TO 2010
CLIMATE RECORD PERIOD 1878 TO 2017


WEATHER ITEM   OBSERVED TIME   RECORD YEAR NORMAL DEPARTURE LAST
                VALUE   (LST)  VALUE       VALUE  FROM      YEAR
                                                  NORMAL
..................................................................
TEMPERATURE (F)
 YESTERDAY
  MAXIMUM         36    337 PM  62    1919  32      4       46
  MINIMUM         30   1159 PM -23    1966  15     15       25
  AVERAGE         33                        23     10       36

PRECIPITATION (IN)
  YESTERDAY        T             1.78 1947   0.03  -0.03     0.00
  MONTH TO DATE    1.74                      0.92   0.82     0.68
  SINCE DEC 1      3.15                      2.34   0.81     6.12
  SINCE JAN 1      1.74                      0.92   0.82     0.68

SNOWFALL (IN)
  YESTERDAY        T            11.2  1947   0.3   -0.3      0.0
  MONTH TO DATE    2.5                       7.9   -5.4      3.9
  SINCE DEC 1      6.3                      16.9  -10.6     11.7
  SINCE JUL 1      6.3                      19.8  -13.5     18.6
  SNOW DEPTH       1

DEGREE DAYS
 HEATING
  YESTERDAY       32                        42    -10       29
  MONTH TO DATE 1093                      1232   -139     1218
  SINCE DEC 1   2253                      2441   -188     2103
  SINCE JUL 1   2936                      3699   -763     2984

 COOLING
  YESTERDAY        0                         0      0        0
  MONTH TO DATE    0                         0      0        0
  SINCE DEC 1      0                         0      0        0
  SINCE JAN 1      0                         0      0        0
..................................................................


WIND (MPH)
  HIGHEST WIND SPEED    23   HIGHEST WIND DIRECTION    NW (320)
  HIGHEST GUST SPEED    28   HIGHEST GUST DIRECTION    NW (320)
  AVERAGE WIND SPEED    10.1


SKY COVER
  POSSIBLE SUNSHINE  MM
  AVERAGE SKY COVER 0.8


WEATHER CONDITIONS
 THE FOLLOWING WEATHER WAS RECORDED YESTERDAY.
  LIGHT SNOW


RELATIVE HUMIDITY (PERCENT)
 HIGHEST    78           500 AM
 LOWEST     64           200 PM
 AVERAGE    71

..........................................................


THE DES MOINES IA CLIMATE NORMALS FOR TODAY
                         NORMAL    RECORD    YEAR
 MAXIMUM TEMPERATURE (F)   32        65      2012
 MINIMUM TEMPERATURE (F)   15       -17      1965


SUNRISE AND SUNSET
JANUARY 30 2017.......SUNRISE   728 AM CST   SUNSET   528 PM CST
JANUARY 31 2017.......SUNRISE   727 AM CST   SUNSET   530 PM CST


-  INDICATES NEGATIVE NUMBERS.
R  INDICATES RECORD WAS SET OR TIED.
MM INDICATES DATA IS MISSING.
T  INDICATES TRACE AMOUNT.

$$

REV
