770
CDUS43 KDMX 170646
CLIDSM

CLIMATE REPORT
NATIONAL WEATHER SERVICE DES MOINES IA
146 AM CDT WED AUG 17 2016

...................................

...THE DES MOINES IA CLIMATE SUMMARY FOR AUGUST 16 2016...

CLIMATE NORMAL PERIOD 1981 TO 2010
CLIMATE RECORD PERIOD 1878 TO 2016


WEATHER ITEM   OBSERVED TIME   RECORD YEAR NORMAL DEPARTURE LAST
                VALUE   (LST)  VALUE       VALUE  FROM      YEAR
                                                  NORMAL
..................................................................
TEMPERATURE (F)
 YESTERDAY
  MAXIMUM         87    240 PM 108    1983  84      3       89
  MINIMUM         67    450 AM  52    1992  65      2       69
                                      1879
  AVERAGE         77                        75      2       79

PRECIPITATION (IN)
  YESTERDAY        0.00          2.04 1980   0.15  -0.15     0.00
  MONTH TO DATE    3.10                      2.18   0.92     0.84
  SINCE JUN 1     11.55                     11.59  -0.04    16.41
  SINCE JAN 1     22.79                     24.77  -1.98    25.76

SNOWFALL (IN)
  YESTERDAY        0.0          MM      MM   0.0    0.0      0.0
  MONTH TO DATE    0.0                       0.0    0.0      0.0
  SINCE JUN 1      0.0                       0.0    0.0      0.0
  SINCE JUL 1      0.0                       0.0    0.0      0.0
  SNOW DEPTH       0

DEGREE DAYS
 HEATING
  YESTERDAY        0                         0      0        0
  MONTH TO DATE    0                         0      0        0
  SINCE JUN 1      0                        18    -18        3
  SINCE JUL 1      0                         1     -1        0

 COOLING
  YESTERDAY       12                        10      2       14
  MONTH TO DATE  202                       167     35      199
  SINCE JUN 1    954                       737    217      809
  SINCE JAN 1   1047                       813    234      889
..................................................................


WIND (MPH)
  HIGHEST WIND SPEED    14   HIGHEST WIND DIRECTION    SW (220)
  HIGHEST GUST SPEED    17   HIGHEST GUST DIRECTION    SW (220)
  AVERAGE WIND SPEED     6.6


SKY COVER
  POSSIBLE SUNSHINE  MM
  AVERAGE SKY COVER 0.6


WEATHER CONDITIONS
 THE FOLLOWING WEATHER WAS RECORDED YESTERDAY.
  FOG


RELATIVE HUMIDITY (PERCENT)
 HIGHEST    97           300 AM
 LOWEST     55           300 PM
 AVERAGE    76

..........................................................


THE DES MOINES IA CLIMATE NORMALS FOR TODAY
                         NORMAL    RECORD    YEAR
 MAXIMUM TEMPERATURE (F)   84       104      1988
 MINIMUM TEMPERATURE (F)   65        47      1897


SUNRISE AND SUNSET
AUGUST 17 2016........SUNRISE   626 AM CDT   SUNSET   810 PM CDT
AUGUST 18 2016........SUNRISE   627 AM CDT   SUNSET   809 PM CDT


-  INDICATES NEGATIVE NUMBERS.
R  INDICATES RECORD WAS SET OR TIED.
MM INDICATES DATA IS MISSING.
T  INDICATES TRACE AMOUNT.

$$

SMALL
