000
CDUS43 KDMX 230644 RRD
CLIDSM

CLIMATE REPORT
NATIONAL WEATHER SERVICE DES MOINES IA
143 AM CDT TUE JUN 23 2015


...................................

...THE DES MOINES IA CLIMATE SUMMARY FOR JUNE 22 2015...

CLIMATE NORMAL PERIOD 1981 TO 2010
CLIMATE RECORD PERIOD 1878 TO 2015


WEATHER ITEM   OBSERVED TIME   RECORD YEAR NORMAL DEPARTURE LAST
                VALUE   (LST)  VALUE       VALUE  FROM      YEAR
                                                  NORMAL
..................................................................
TEMPERATURE (F)
 YESTERDAY
  MAXIMUM         89    517 PM  98    1988  84      5       84
  MINIMUM         72   1159 PM  43    1902  64      8       68
  AVERAGE         81                        74      7       76

PRECIPITATION (IN)
  YESTERDAY        T             1.91 1964   0.17  -0.17     0.07
  MONTH TO DATE    3.35                      3.63  -0.28     3.61
  SINCE JUN 1      3.35                      3.63  -0.28     3.61
  SINCE JAN 1     12.70                     16.81  -4.11    14.76

SNOWFALL (IN)
  YESTERDAY        0.0          MM      MM   0.0    0.0      0.0
  MONTH TO DATE    0.0                       0.0    0.0      0.0
  SINCE JUN 1      0.0                       0.0    0.0      0.0
  SINCE JUL 1     29.1                      35.3   -6.2     48.3
  SNOW DEPTH       0

DEGREE DAYS
 HEATING
  YESTERDAY        0                         0      0        0
  MONTH TO DATE    3                        14    -11        0
  SINCE JUN 1      3                        14    -11        0
  SINCE JUL 1   5915                      6199   -284     6787

 COOLING
  YESTERDAY       16                         9      7       11
  MONTH TO DATE  191                       141     50      174
  SINCE JUN 1    191                       141     50      174
  SINCE JAN 1    271                       217     54      305
..................................................................


WIND (MPH)
  HIGHEST WIND SPEED    23   HIGHEST WIND DIRECTION    NW (330)
  HIGHEST GUST SPEED    29   HIGHEST GUST DIRECTION    NW (330)
  AVERAGE WIND SPEED    12.0


SKY COVER
  POSSIBLE SUNSHINE  MM
  AVERAGE SKY COVER 0.7


WEATHER CONDITIONS
 THE FOLLOWING WEATHER WAS RECORDED YESTERDAY.
  THUNDERSTORM
  LIGHT RAIN


RELATIVE HUMIDITY (PERCENT)
 HIGHEST    87          1200 AM
 LOWEST     47          1000 PM
 AVERAGE    67

..........................................................


THE DES MOINES IA CLIMATE NORMALS FOR TODAY
                         NORMAL    RECORD    YEAR
 MAXIMUM TEMPERATURE (F)   84       103      1934
 MINIMUM TEMPERATURE (F)   64        49      1958
                                             1887


SUNRISE AND SUNSET
JUNE 23 2015..........SUNRISE   541 AM CDT   SUNSET   852 PM CDT
JUNE 24 2015..........SUNRISE   541 AM CDT   SUNSET   852 PM CDT


-  INDICATES NEGATIVE NUMBERS.
R  INDICATES RECORD WAS SET OR TIED.
MM INDICATES DATA IS MISSING.
T  INDICATES TRACE AMOUNT.




$$
