000
CDUS43 KDMX 132246
CLIDSM

CLIMATE REPORT
NATIONAL WEATHER SERVICE DES MOINES IA
540 PM CDT WED SEP 13 2017


...................................

...THE DES MOINES IA CLIMATE SUMMARY FOR SEPTEMBER 13 2017...
VALID TODAY AS OF 0500 PM LOCAL TIME.

CLIMATE NORMAL PERIOD 1981 TO 2010
CLIMATE RECORD PERIOD 1878 TO 2017


WEATHER ITEM   OBSERVED TIME   RECORD YEAR NORMAL DEPARTURE LAST
                VALUE   (LST)  VALUE       VALUE  FROM      YEAR
                                                  NORMAL
..................................................................
TEMPERATURE (F)
 TODAY
  MAXIMUM         88    323 PM  96    1939  77     11       73
                                      1931
                                      1897
  MINIMUM         61    603 AM  33    1890  57      4       62
  AVERAGE         75                        67      8       68

PRECIPITATION (IN)
  TODAY            0.00          3.78 1914   0.10  -0.10     0.76
  MONTH TO DATE    T                         1.42  -1.42     1.97
  SINCE SEP 1      T                         1.42  -1.42     1.97
  SINCE JAN 1     22.24                     28.14  -5.90    27.30

SNOWFALL (IN)
  TODAY            0.0          MM      MM   0.0    0.0      0.0
  MONTH TO DATE    0.0                       0.0    0.0      0.0
  SINCE SEP 1      0.0                       0.0    0.0      0.0
  SINCE JUL 1      0.0                       0.0    0.0      0.0
  SNOW DEPTH       0

DEGREE DAYS
 HEATING
  TODAY            0                         2     -2        0
  MONTH TO DATE   12                        17     -5        0
  SINCE SEP 1     12                        17     -5        0
  SINCE JUL 1     12                        23    -11        0

 COOLING
  TODAY           10                         4      6        3
  MONTH TO DATE   66                        71     -5      103
  SINCE SEP 1     66                        71     -5      103
  SINCE JAN 1   1146                      1010    136     1300
..................................................................


WIND (MPH)
  HIGHEST WIND SPEED    10   HIGHEST WIND DIRECTION     W (260)
  HIGHEST GUST SPEED    13   HIGHEST GUST DIRECTION     W (270)
  AVERAGE WIND SPEED     2.5


SKY COVER
  POSSIBLE SUNSHINE  MM
  AVERAGE SKY COVER 0.0


WEATHER CONDITIONS
 THE FOLLOWING WEATHER WAS RECORDED TODAY.
  FOG


RELATIVE HUMIDITY (PERCENT)
 HIGHEST    90           600 AM
 LOWEST     39           400 PM
 AVERAGE    65

..........................................................


THE DES MOINES IA CLIMATE NORMALS FOR TOMORROW
                         NORMAL    RECORD    YEAR
 MAXIMUM TEMPERATURE (F)   77        97      1939
 MINIMUM TEMPERATURE (F)   56        38      1879


SUNRISE AND SUNSET
SEPTEMBER 13 2017.....SUNRISE   653 AM CDT   SUNSET   727 PM CDT
SEPTEMBER 14 2017.....SUNRISE   654 AM CDT   SUNSET   725 PM CDT


-  INDICATES NEGATIVE NUMBERS.
R  INDICATES RECORD WAS SET OR TIED.
MM INDICATES DATA IS MISSING.
T  INDICATES TRACE AMOUNT.




$$
