000
CDUS43 KDMX 022227
CLIDSM

CLIMATE REPORT
NATIONAL WEATHER SERVICE DES MOINES IA
526 PM CDT WED JUL 2 2014


...................................

...THE DES MOINES IA CLIMATE SUMMARY FOR JULY 2 2014...
VALID TODAY AS OF 0500 PM LOCAL TIME.

CLIMATE NORMAL PERIOD 1981 TO 2010
CLIMATE RECORD PERIOD 1878 TO 2014


WEATHER ITEM   OBSERVED TIME   RECORD YEAR NORMAL DEPARTURE LAST
                VALUE   (LST)  VALUE       VALUE  FROM      YEAR
                                                  NORMAL
..................................................................
TEMPERATURE (F)
 TODAY
  MAXIMUM         65    114 PM 102    1911  85    -20       86
  MINIMUM         57    528 AM  50    1959  66     -9       59
                                      1945
  AVERAGE         61                        76    -15       73

PRECIPITATION (IN)
  TODAY            0.01          2.92 1958   0.15  -0.14      T
  MONTH TO DATE    0.03                      0.30  -0.27      T
  SINCE JUN 1      7.52                      5.24   2.28     3.23
  SINCE JAN 1     18.67                     18.42   0.25    21.55

SNOWFALL (IN)
  TODAY            0.0          MM      MM   0.0    0.0      0.0
  MONTH TO DATE    0.0                       0.0    0.0      0.0
  SINCE JUN 1      0.0                       0.0    0.0      0.0
  SINCE JUL 1      0.0                       0.0    0.0      0.0
  SNOW DEPTH       0

DEGREE DAYS
 HEATING
  TODAY            4                         0      4        0
  MONTH TO DATE    4                         0      4        0
  SINCE JUN 1      4                        17    -13       19
  SINCE JUL 1      4                         0      4        0

 COOLING
  TODAY            0                        11    -11        8
  MONTH TO DATE    6                        22    -16       13
  SINCE JUN 1    262                       243     19      268
  SINCE JAN 1    393                       319     74      370
..................................................................


WIND (MPH)
  HIGHEST WIND SPEED    20   HIGHEST WIND DIRECTION    NW (320)
  HIGHEST GUST SPEED    26   HIGHEST GUST DIRECTION    NW (320)
  AVERAGE WIND SPEED    12.7


SKY COVER
  POSSIBLE SUNSHINE  MM
  AVERAGE SKY COVER 0.8


WEATHER CONDITIONS
 THE FOLLOWING WEATHER WAS RECORDED TODAY.
  LIGHT RAIN


RELATIVE HUMIDITY (PERCENT)
 HIGHEST    80           600 AM
 LOWEST     63          1100 AM
 AVERAGE    72

..........................................................


THE DES MOINES IA CLIMATE NORMALS FOR TOMORROW
                         NORMAL    RECORD    YEAR
 MAXIMUM TEMPERATURE (F)   86       102      1936
 MINIMUM TEMPERATURE (F)   66        49      1967


SUNRISE AND SUNSET
JULY  2 2014..........SUNRISE   545 AM CDT   SUNSET   852 PM CDT
JULY  3 2014..........SUNRISE   545 AM CDT   SUNSET   852 PM CDT


-  INDICATES NEGATIVE NUMBERS.
R  INDICATES RECORD WAS SET OR TIED.
MM INDICATES DATA IS MISSING.
T  INDICATES TRACE AMOUNT.




$$
