000
CDUS43 KDMX 140629
CLIDSM

CLIMATE REPORT
NATIONAL WEATHER SERVICE DES MOINES IA
1229 AM CST MON NOV 14 2016


...................................

...THE DES MOINES IA CLIMATE SUMMARY FOR NOVEMBER 13 2016...

CLIMATE NORMAL PERIOD 1981 TO 2010
CLIMATE RECORD PERIOD 1878 TO 2016


WEATHER ITEM   OBSERVED TIME   RECORD YEAR NORMAL DEPARTURE LAST
                VALUE   (LST)  VALUE       VALUE  FROM      YEAR
                                                  NORMAL
..................................................................
TEMPERATURE (F)
 YESTERDAY
  MAXIMUM         65    241 PM  81    1999  49     16       53
  MINIMUM         36    404 AM  -1    1940  32      4       31
  AVERAGE         51                        41     10       42

PRECIPITATION (IN)
  YESTERDAY        0.00          0.90 1972   0.08  -0.08     0.00
  MONTH TO DATE    0.09                      1.06  -0.97     0.34
  SINCE SEP 1      6.50                      6.75  -0.25     7.00
  SINCE JAN 1     31.83                     33.47  -1.64    36.17

SNOWFALL (IN)
  YESTERDAY        0.0           7.5  1972   0.1   -0.1      0.0
  MONTH TO DATE    0.0                       0.5   -0.5       T
  SINCE SEP 1      0.0                       0.9   -0.9       T
  SINCE JUL 1      0.0                       0.9   -0.9       T
  SNOW DEPTH       0

DEGREE DAYS
 HEATING
  YESTERDAY       14                        24    -10       23
  MONTH TO DATE  133                       276   -143      163
  SINCE SEP 1    339                       754   -415      469
  SINCE JUL 1    339                       760   -421      471

 COOLING
  YESTERDAY        0                         0      0        0
  MONTH TO DATE    1                         0      1        1
  SINCE SEP 1    251                       127    124      259
  SINCE JAN 1   1448                      1066    382     1211
..................................................................


WIND (MPH)
  HIGHEST WIND SPEED    23   HIGHEST WIND DIRECTION    SW (220)
  HIGHEST GUST SPEED    28   HIGHEST GUST DIRECTION    SW (230)
  AVERAGE WIND SPEED    11.8


SKY COVER
  POSSIBLE SUNSHINE  MM
  AVERAGE SKY COVER 0.2


WEATHER CONDITIONS
 THE FOLLOWING WEATHER WAS RECORDED YESTERDAY.
  NO SIGNIFICANT WEATHER WAS OBSERVED.


RELATIVE HUMIDITY (PERCENT)
 HIGHEST    76          1200 AM
 LOWEST     31           300 PM
 AVERAGE    54

..........................................................


THE DES MOINES IA CLIMATE NORMALS FOR TODAY
                         NORMAL    RECORD    YEAR
 MAXIMUM TEMPERATURE (F)   49        73      1990
                                             1964
 MINIMUM TEMPERATURE (F)   31        -1      1959


SUNRISE AND SUNSET
NOVEMBER 14 2016......SUNRISE   703 AM CST   SUNSET   455 PM CST
NOVEMBER 15 2016......SUNRISE   704 AM CST   SUNSET   454 PM CST


-  INDICATES NEGATIVE NUMBERS.
R  INDICATES RECORD WAS SET OR TIED.
MM INDICATES DATA IS MISSING.
T  INDICATES TRACE AMOUNT.




$$
