000
CDUS43 KDMX 160629
CLIDSM

CLIMATE REPORT
NATIONAL WEATHER SERVICE DES MOINES IA
127 AM CDT THU JUL 16 2015


...................................

...THE DES MOINES IA CLIMATE SUMMARY FOR JULY 15 2015...

CLIMATE NORMAL PERIOD 1981 TO 2010
CLIMATE RECORD PERIOD 1878 TO 2015


WEATHER ITEM   OBSERVED TIME   RECORD YEAR NORMAL DEPARTURE LAST
                VALUE   (LST)  VALUE       VALUE  FROM      YEAR
                                                  NORMAL
..................................................................
TEMPERATURE (F)
 YESTERDAY
  MAXIMUM         80    156 PM 108    1936  86     -6       74
  MINIMUM         72    451 AM  50    1930  67      5       55
  AVERAGE         76                        76      0       65

PRECIPITATION (IN)
  YESTERDAY        0.10          1.19 1882   0.15  -0.05     0.00
  MONTH TO DATE    1.21                      2.30  -1.09     2.26
  SINCE JUN 1      9.61                      7.24   2.37     9.75
  SINCE JAN 1     18.96                     20.42  -1.46    20.90

SNOWFALL (IN)
  YESTERDAY        0.0          MM      MM   0.0    0.0      0.0
  MONTH TO DATE    0.0                       0.0    0.0      0.0
  SINCE JUN 1      0.0                       0.0    0.0      0.0
  SINCE JUL 1      0.0                       0.0    0.0      0.0
  SNOW DEPTH       0

DEGREE DAYS
 HEATING
  YESTERDAY        0                         0      0        0
  MONTH TO DATE    0                         0      0        2
  SINCE JUN 1      3                        17    -14        2
  SINCE JUL 1      0                         0      0        2

 COOLING
  YESTERDAY       11                        12     -1        0
  MONTH TO DATE  133                       169    -36      110
  SINCE JUN 1    390                       390      0      366
  SINCE JAN 1    470                       466      4      497
..................................................................


WIND (MPH)
  HIGHEST WIND SPEED    14   HIGHEST WIND DIRECTION    SE (120)
  HIGHEST GUST SPEED    18   HIGHEST GUST DIRECTION    SE (130)
  AVERAGE WIND SPEED     7.8


SKY COVER
  POSSIBLE SUNSHINE  MM
  AVERAGE SKY COVER 0.8


WEATHER CONDITIONS
 THE FOLLOWING WEATHER WAS RECORDED YESTERDAY.
  THUNDERSTORM
  LIGHT RAIN
  FOG


RELATIVE HUMIDITY (PERCENT)
 HIGHEST    88           400 PM
 LOWEST     69          1200 AM
 AVERAGE    79

..........................................................


THE DES MOINES IA CLIMATE NORMALS FOR TODAY
                         NORMAL    RECORD    YEAR
 MAXIMUM TEMPERATURE (F)   86       102      1936
 MINIMUM TEMPERATURE (F)   67        53      1906


SUNRISE AND SUNSET
JULY 16 2015..........SUNRISE   554 AM CDT   SUNSET   846 PM CDT
JULY 17 2015..........SUNRISE   555 AM CDT   SUNSET   846 PM CDT


-  INDICATES NEGATIVE NUMBERS.
R  INDICATES RECORD WAS SET OR TIED.
MM INDICATES DATA IS MISSING.
T  INDICATES TRACE AMOUNT.




$$
