000
CDUS43 KDMX 190629
CLIDSM

CLIMATE REPORT
NATIONAL WEATHER SERVICE DES MOINES IA
1228 AM CST MON JAN 19 2015

...................................

...THE DES MOINES IA CLIMATE SUMMARY FOR JANUARY 18 2015...

CLIMATE NORMAL PERIOD 1981 TO 2010
CLIMATE RECORD PERIOD 1878 TO 2015


WEATHER ITEM   OBSERVED TIME   RECORD YEAR NORMAL DEPARTURE LAST
                VALUE   (LST)  VALUE       VALUE  FROM      YEAR
                                                  NORMAL
..................................................................
TEMPERATURE (F)
 YESTERDAY
  MAXIMUM         50    320 PM  63    1880  31     19       38
  MINIMUM         30   1150 PM -21    1887  14     16       13
  AVERAGE         40                        22     18       26

PRECIPITATION (IN)
  YESTERDAY        0.00          0.49 1931   0.03  -0.03     0.04
  MONTH TO DATE    0.44                      0.57  -0.13     0.41
  SINCE DEC 1      1.47                      1.99  -0.52     1.22
  SINCE JAN 1      0.44                      0.57  -0.13     0.41

SNOWFALL (IN)
  YESTERDAY        0.0           6.8  1931   0.3   -0.3      0.1
  MONTH TO DATE    6.5                       4.8    1.7      5.6
  SINCE DEC 1      8.4                      13.8   -5.4     19.2
  SINCE JUL 1     14.2                      16.7   -2.5     20.6
  SNOW DEPTH       0

DEGREE DAYS
 HEATING
  YESTERDAY       25                        43    -18       39
  MONTH TO DATE  807                       767     40      839
  SINCE DEC 1   1826                      1976   -150     2192
  SINCE JUL 1   3143                      3234    -91     3395

 COOLING
  YESTERDAY        0                         0      0        0
  MONTH TO DATE    0                         0      0        0
  SINCE DEC 1      0                         0      0        0
  SINCE JAN 1      0                         0      0        0
..................................................................


WIND (MPH)
  HIGHEST WIND SPEED    17   HIGHEST WIND DIRECTION     W (290)
  HIGHEST GUST SPEED    22   HIGHEST GUST DIRECTION    NW (300)
  AVERAGE WIND SPEED     5.9


SKY COVER
  POSSIBLE SUNSHINE  MM
  AVERAGE SKY COVER 0.5


WEATHER CONDITIONS
 THE FOLLOWING WEATHER WAS RECORDED YESTERDAY.
  NO SIGNIFICANT WEATHER WAS OBSERVED.


RELATIVE HUMIDITY (PERCENT)
 HIGHEST    75           100 AM
 LOWEST     42           300 PM
 AVERAGE    59

..........................................................


THE DES MOINES IA CLIMATE NORMALS FOR TODAY
                         NORMAL    RECORD    YEAR
 MAXIMUM TEMPERATURE (F)   31        57      1914
 MINIMUM TEMPERATURE (F)   14       -26      1892


SUNRISE AND SUNSET
JANUARY 19 2015.......SUNRISE   737 AM CST   SUNSET   514 PM CST
JANUARY 20 2015.......SUNRISE   736 AM CST   SUNSET   515 PM CST


-  INDICATES NEGATIVE NUMBERS.
R  INDICATES RECORD WAS SET OR TIED.
MM INDICATES DATA IS MISSING.
T  INDICATES TRACE AMOUNT.




$$
