000
CDUS43 KDMX 042227
CLIDSM

CLIMATE REPORT
NATIONAL WEATHER SERVICE DES MOINES IA
527 PM CDT SUN JUN 4 2017


...................................

...THE DES MOINES IA CLIMATE SUMMARY FOR JUNE 4 2017...
VALID TODAY AS OF 0500 PM LOCAL TIME.

CLIMATE NORMAL PERIOD 1981 TO 2010
CLIMATE RECORD PERIOD 1878 TO 2017


WEATHER ITEM   OBSERVED TIME   RECORD YEAR NORMAL DEPARTURE LAST
                VALUE   (LST)  VALUE       VALUE  FROM      YEAR
                                                  NORMAL
..................................................................
TEMPERATURE (F)
 TODAY
  MAXIMUM         94    352 PM  97    1911  78     16       82
  MINIMUM         70    543 AM  39    1945  59     11       61
  AVERAGE         82                        68     14       72

PRECIPITATION (IN)
  TODAY            0.00          3.55 1947   0.18  -0.18     0.00
  MONTH TO DATE    0.00                      0.67  -0.67     0.07
  SINCE JUN 1      0.00                      0.67  -0.67     0.07
  SINCE JAN 1     14.97                     13.85   1.12    11.31

SNOWFALL (IN)
  TODAY            0.0          MM      MM   0.0    0.0      0.0
  MONTH TO DATE    0.0                       0.0    0.0      0.0
  SINCE JUN 1      0.0                       0.0    0.0      0.0
  SINCE JUL 1     14.3                      35.3  -21.0     30.3
  SNOW DEPTH       0

DEGREE DAYS
 HEATING
  TODAY            0                         1     -1        0
  MONTH TO DATE    0                         6     -6        0
  SINCE JUN 1      0                         6     -6        0
  SINCE JUL 1   4837                      6191  -1354     5006

 COOLING
  TODAY           17                         5     12        7
  MONTH TO DATE   43                        18     25       24
  SINCE JUN 1     43                        18     25       24
  SINCE JAN 1    123                        94     29      117
..................................................................


WIND (MPH)
  HIGHEST WIND SPEED    12   HIGHEST WIND DIRECTION     N (360)
  HIGHEST GUST SPEED    14   HIGHEST GUST DIRECTION     N (340)
  AVERAGE WIND SPEED     3.7


SKY COVER
  POSSIBLE SUNSHINE  MM
  AVERAGE SKY COVER 0.6


WEATHER CONDITIONS
 THE FOLLOWING WEATHER WAS RECORDED TODAY.
  NO SIGNIFICANT WEATHER WAS OBSERVED.


RELATIVE HUMIDITY (PERCENT)
 HIGHEST    73           500 AM
 LOWEST     23           400 PM
 AVERAGE    48

..........................................................


THE DES MOINES IA CLIMATE NORMALS FOR TOMORROW
                         NORMAL    RECORD    YEAR
 MAXIMUM TEMPERATURE (F)   79       101      1977
                                             1934
                                             1933
 MINIMUM TEMPERATURE (F)   59        44      1889


SUNRISE AND SUNSET
JUNE  4 2017..........SUNRISE   542 AM CDT   SUNSET   845 PM CDT
JUNE  5 2017..........SUNRISE   541 AM CDT   SUNSET   845 PM CDT


-  INDICATES NEGATIVE NUMBERS.
R  INDICATES RECORD WAS SET OR TIED.
MM INDICATES DATA IS MISSING.
T  INDICATES TRACE AMOUNT.




$$
