000
CDUS43 KDMX 192229 RRA
CLIDSM

CLIMATE REPORT
NATIONAL WEATHER SERVICE DES MOINES IA
527 PM CDT FRI SEP 19 2014


...................................

...THE DES MOINES IA CLIMATE SUMMARY FOR SEPTEMBER 19 2014...
VALID TODAY AS OF 0500 PM LOCAL TIME.

CLIMATE NORMAL PERIOD 1981 TO 2010
CLIMATE RECORD PERIOD 1878 TO 2014


WEATHER ITEM   OBSERVED TIME   RECORD YEAR NORMAL DEPARTURE LAST
                VALUE   (LST)  VALUE       VALUE  FROM      YEAR
                                                  NORMAL
..................................................................
TEMPERATURE (F)
 TODAY
  MAXIMUM         81    243 PM  96    1948  75      6       88
  MINIMUM         56    558 AM  33    1991  54      2       64
                                      1889
  AVERAGE         69                        64      5       76

PRECIPITATION (IN)
  TODAY            0.00          1.67 1983   0.10  -0.10     1.06
  MONTH TO DATE    3.49                      2.02   1.47     2.13
  SINCE SEP 1      3.49                      2.02   1.47     2.13
  SINCE JAN 1     35.86                     28.74   7.12    25.68

SNOWFALL (IN)
  TODAY            0.0          MM      MM   0.0    0.0      0.0
  MONTH TO DATE    0.0                       0.0    0.0      0.0
  SINCE SEP 1      0.0                       0.0    0.0      0.0
  SINCE JUL 1      0.0                       0.0    0.0      0.0
  SNOW DEPTH       0

DEGREE DAYS
 HEATING
  TODAY            0                         4     -4        0
  MONTH TO DATE   68                        35     33        9
  SINCE SEP 1     68                        35     33        9
  SINCE JUL 1     70                        41     29        9

 COOLING
  TODAY            4                         3      1       11
  MONTH TO DATE   62                        91    -29      195
  SINCE SEP 1     62                        91    -29      195
  SINCE JAN 1   1031                      1030      1     1296
..................................................................


WIND (MPH)
  HIGHEST WIND SPEED    23   HIGHEST WIND DIRECTION     S (180)
  HIGHEST GUST SPEED    29   HIGHEST GUST DIRECTION     S (160)
  AVERAGE WIND SPEED    13.5


SKY COVER
  POSSIBLE SUNSHINE  MM
  AVERAGE SKY COVER 0.5


WEATHER CONDITIONS
 THE FOLLOWING WEATHER WAS RECORDED TODAY.
  FOG


RELATIVE HUMIDITY (PERCENT)
 HIGHEST    93           600 AM
 LOWEST     58           100 PM
 AVERAGE    76

..........................................................


THE DES MOINES IA CLIMATE NORMALS FOR TOMORROW
                         NORMAL    RECORD    YEAR
 MAXIMUM TEMPERATURE (F)   74        92      1931
                                             1908
 MINIMUM TEMPERATURE (F)   53        33      1991
                                             1896


SUNRISE AND SUNSET
SEPTEMBER 19 2014.....SUNRISE   659 AM CDT   SUNSET   717 PM CDT
SEPTEMBER 20 2014.....SUNRISE   700 AM CDT   SUNSET   715 PM CDT


-  INDICATES NEGATIVE NUMBERS.
R  INDICATES RECORD WAS SET OR TIED.
MM INDICATES DATA IS MISSING.
T  INDICATES TRACE AMOUNT.




$$
