000
CDUS43 KDMX 270626
CLIDSM

CLIMATE REPORT
NATIONAL WEATHER SERVICE DES MOINES IA
125 AM CDT SAT MAY 27 2017

...................................

...THE DES MOINES IA CLIMATE SUMMARY FOR MAY 26 2017...

CLIMATE NORMAL PERIOD 1981 TO 2010
CLIMATE RECORD PERIOD 1878 TO 2017


WEATHER ITEM   OBSERVED TIME   RECORD YEAR NORMAL DEPARTURE LAST
                VALUE   (LST)  VALUE       VALUE  FROM      YEAR
                                                  NORMAL
..................................................................
TEMPERATURE (F)
 YESTERDAY
  MAXIMUM         83    516 PM  93    1985  75      8       82
                                      1967
  MINIMUM         60    755 AM  39    1961  56      4       62
  AVERAGE         72                        65      7       72

PRECIPITATION (IN)
  YESTERDAY        0.04          2.08 1903   0.15  -0.11     1.19
  MONTH TO DATE    4.64                      3.99   0.65     2.65
  SINCE MAR 1     12.27                     10.15   2.12     8.00
  SINCE JAN 1     14.78                     12.43   2.35     9.77

SNOWFALL (IN)
  YESTERDAY        0.0          MM      MM   0.0    0.0      0.0
  MONTH TO DATE    0.0                       0.0    0.0      0.0
  SINCE MAR 1      3.6                       7.0   -3.4      0.3
  SINCE JUL 1     14.3                      35.3  -21.0     30.3
  SNOW DEPTH       0

DEGREE DAYS
 HEATING
  YESTERDAY        0                         3     -3        0
  MONTH TO DATE  120                       136    -16      128
  SINCE MAR 1   1135                      1344   -209     1023
  SINCE JUL 1   4835                      6175  -1340     5006

 COOLING
  YESTERDAY        7                         3      4        7
  MONTH TO DATE   59                        45     14       39
  SINCE MAR 1     74                        59     15       58
  SINCE JAN 1     74                        59     15       58
..................................................................


WIND (MPH)
  HIGHEST WIND SPEED    10   HIGHEST WIND DIRECTION    SE (120)
  HIGHEST GUST SPEED    14   HIGHEST GUST DIRECTION     E (110)
  AVERAGE WIND SPEED     5.1


SKY COVER
  POSSIBLE SUNSHINE  MM
  AVERAGE SKY COVER 0.6


WEATHER CONDITIONS
 THE FOLLOWING WEATHER WAS RECORDED YESTERDAY.
  LIGHT RAIN
  FOG


RELATIVE HUMIDITY (PERCENT)
 HIGHEST    84           800 AM
 LOWEST     42           600 PM
 AVERAGE    63

..........................................................

THE DES MOINES IA CLIMATE NORMALS FOR TODAY
                         NORMAL    RECORD    YEAR
 MAXIMUM TEMPERATURE (F)   76        91      2012
 MINIMUM TEMPERATURE (F)   56        36      1907


SUNRISE AND SUNSET
MAY 27 2017...........SUNRISE   546 AM CDT   SUNSET   838 PM CDT
MAY 28 2017...........SUNRISE   545 AM CDT   SUNSET   839 PM CDT


-  INDICATES NEGATIVE NUMBERS.
R  INDICATES RECORD WAS SET OR TIED.
MM INDICATES DATA IS MISSING.
T  INDICATES TRACE AMOUNT.

$$

ANSORGE
