438
CDUS43 KDMX 270632 RRB
CLIDSM

CLIMATE REPORT
NATIONAL WEATHER SERVICE DES MOINES IA
131 AM CDT TUE JUN 27 2017


...................................

...THE DES MOINES IA CLIMATE SUMMARY FOR JUNE 26 2017...

CLIMATE NORMAL PERIOD 1981 TO 2010
CLIMATE RECORD PERIOD 1878 TO 2017


WEATHER ITEM   OBSERVED TIME   RECORD YEAR NORMAL DEPARTURE LAST
                VALUE   (LST)  VALUE       VALUE  FROM      YEAR
                                                  NORMAL
..................................................................
TEMPERATURE (F)
 YESTERDAY
  MAXIMUM         75    407 PM 103    1934  84     -9       90
  MINIMUM         55    604 AM  47    1926  65    -10       71
  AVERAGE         65                        75    -10       81

PRECIPITATION (IN)
  YESTERDAY        0.20          1.76 2010   0.17   0.03     0.23
  MONTH TO DATE    1.65                      4.29  -2.64     1.11
  SINCE JUN 1      1.65                      4.29  -2.64     1.11
  SINCE JAN 1     16.62                     17.47  -0.85    12.35

SNOWFALL (IN)
  YESTERDAY        0.0          MM      MM   0.0    0.0      0.0
  MONTH TO DATE    0.0                       0.0    0.0      0.0
  SINCE JUN 1      0.0                       0.0    0.0      0.0
  SINCE JUL 1     14.3                      35.3  -21.0     30.3
  SNOW DEPTH       0

DEGREE DAYS
 HEATING
  YESTERDAY        0                         0      0        0
  MONTH TO DATE    2                        14    -12        0
  SINCE JUN 1      2                        14    -12        0
  SINCE JUL 1   4839                      6199  -1360     5006

 COOLING
  YESTERDAY        0                        10    -10       16
  MONTH TO DATE  273                       179     94      335
  SINCE JUN 1    273                       179     94      335
  SINCE JAN 1    353                       255     98      428
..................................................................


WIND (MPH)
  HIGHEST WIND SPEED    13   HIGHEST WIND DIRECTION    NW (330)
  HIGHEST GUST SPEED    17   HIGHEST GUST DIRECTION     S (180)
  AVERAGE WIND SPEED     5.4


SKY COVER
  POSSIBLE SUNSHINE  MM
  AVERAGE SKY COVER 0.5


WEATHER CONDITIONS
 THE FOLLOWING WEATHER WAS RECORDED YESTERDAY.
  RAIN
  LIGHT RAIN
  FOG


RELATIVE HUMIDITY (PERCENT)
 HIGHEST    93           500 AM
 LOWEST     33           600 PM
 AVERAGE    63

..........................................................


THE DES MOINES IA CLIMATE NORMALS FOR TODAY
                         NORMAL    RECORD    YEAR
 MAXIMUM TEMPERATURE (F)   85       102      1934
 MINIMUM TEMPERATURE (F)   65        48      1968


SUNRISE AND SUNSET
JUNE 27 2017..........SUNRISE   543 AM CDT   SUNSET   853 PM CDT
JUNE 28 2017..........SUNRISE   543 AM CDT   SUNSET   853 PM CDT


-  INDICATES NEGATIVE NUMBERS.
R  INDICATES RECORD WAS SET OR TIED.
MM INDICATES DATA IS MISSING.
T  INDICATES TRACE AMOUNT.




$$
