000
CDUS43 KDMX 250637 RRC
CLIDSM

CLIMATE REPORT
NATIONAL WEATHER SERVICE DES MOINES IA
1235 AM CST TUE NOV 25 2014


...................................

...THE DES MOINES IA CLIMATE SUMMARY FOR NOVEMBER 24 2014...

CLIMATE NORMAL PERIOD 1981 TO 2010
CLIMATE RECORD PERIOD 1878 TO 2014


WEATHER ITEM   OBSERVED TIME   RECORD YEAR NORMAL DEPARTURE LAST
                VALUE   (LST)  VALUE       VALUE  FROM      YEAR
                                                  NORMAL
..................................................................
TEMPERATURE (F)
 YESTERDAY
  MAXIMUM         36   1215 AM  67    2011  43     -7       28
  MINIMUM         25   1159 PM   1    1950  26     -1        5
  AVERAGE         31                        35     -4       17

PRECIPITATION (IN)
  YESTERDAY        T             0.91 2009   0.06  -0.06      T
  MONTH TO DATE    0.33                      1.81  -1.48     1.36
  SINCE SEP 1      8.34                      7.50   0.84     7.64
  SINCE JAN 1     40.71                     34.22   6.49    31.19

SNOWFALL (IN)
  YESTERDAY        T             2.5  1975   0.2   -0.2       T
  MONTH TO DATE    2.8                       1.5    1.3      1.4
  SINCE SEP 1      2.8                       1.9    0.9      1.4
  SINCE JUL 1      2.8                       1.9    0.9      1.4
  SNOW DEPTH       0

DEGREE DAYS
 HEATING
  YESTERDAY       34                        30      4       48
  MONTH TO DATE  718                       580    138      598
  SINCE SEP 1   1098                      1058     40      988
  SINCE JUL 1   1100                      1064     36      988

 COOLING
  YESTERDAY        0                         0      0        0
  MONTH TO DATE    0                         0      0        0
  SINCE SEP 1    106                       127    -21      252
  SINCE JAN 1   1075                      1066      9     1353
..................................................................


WIND (MPH)
  HIGHEST WIND SPEED    32   HIGHEST WIND DIRECTION    NW (300)
  HIGHEST GUST SPEED    42   HIGHEST GUST DIRECTION    NW (330)
  AVERAGE WIND SPEED    23.4


SKY COVER
  POSSIBLE SUNSHINE  MM
  AVERAGE SKY COVER 1.0


WEATHER CONDITIONS
 THE FOLLOWING WEATHER WAS RECORDED YESTERDAY.
  LIGHT SNOW


RELATIVE HUMIDITY (PERCENT)
 HIGHEST    75           100 AM
 LOWEST     58           800 PM
 AVERAGE    67

..........................................................


THE DES MOINES IA CLIMATE NORMALS FOR TODAY
                         NORMAL    RECORD    YEAR
 MAXIMUM TEMPERATURE (F)   42        68      1960
 MINIMUM TEMPERATURE (F)   26         2      1991


SUNRISE AND SUNSET
NOVEMBER 25 2014......SUNRISE   715 AM CST   SUNSET   448 PM CST
NOVEMBER 26 2014......SUNRISE   716 AM CST   SUNSET   447 PM CST


-  INDICATES NEGATIVE NUMBERS.
R  INDICATES RECORD WAS SET OR TIED.
MM INDICATES DATA IS MISSING.
T  INDICATES TRACE AMOUNT.




$$
