000
CDUS43 KDMX 260644
CLIDSM

CLIMATE REPORT
NATIONAL WEATHER SERVICE DES MOINES IA
145 AM CDT THU MAR 26 2015

...................................

...THE DES MOINES IA CLIMATE SUMMARY FOR MARCH 25 2015...

CLIMATE NORMAL PERIOD 1981 TO 2010
CLIMATE RECORD PERIOD 1878 TO 2015


WEATHER ITEM   OBSERVED TIME   RECORD YEAR NORMAL DEPARTURE LAST
                VALUE   (LST)  VALUE       VALUE  FROM      YEAR
                                                  NORMAL
..................................................................
TEMPERATURE (F)
 YESTERDAY
  MAXIMUM         50    125 PM  88    1907  53     -3       34
  MINIMUM         33    239 AM   3    1955  33      0       22
  AVERAGE         42                        43     -1       28

PRECIPITATION (IN)
  YESTERDAY        0.00          1.23 1920   0.09  -0.09      T
  MONTH TO DATE    0.46                      1.77  -1.31     0.30
  SINCE MAR 1      0.46                      1.77  -1.31     0.30
  SINCE JAN 1      2.48                      4.05  -1.57     2.64

SNOWFALL (IN)
  YESTERDAY        0.0           5.9  1957   0.1   -0.1       T
  MONTH TO DATE    T                         4.4   -4.4      5.6
  SINCE MAR 1      T                         4.4   -4.4      5.6
  SINCE JUL 1     29.1                      32.7   -3.6     47.5
  SNOW DEPTH       0

DEGREE DAYS
 HEATING
  YESTERDAY       23                        22      1       37
  MONTH TO DATE  564                       674   -110      811
  SINCE MAR 1    564                       674   -110      811
  SINCE JUL 1   5402                      5505   -103     6118

 COOLING
  YESTERDAY        0                         0      0        0
  MONTH TO DATE    0                         0      0        0
  SINCE MAR 1      0                         0      0        0
  SINCE JAN 1      0                         0      0        0
..................................................................


WIND (MPH)
  HIGHEST WIND SPEED    22   HIGHEST WIND DIRECTION     N (350)
  HIGHEST GUST SPEED    27   HIGHEST GUST DIRECTION    NW (330)
  AVERAGE WIND SPEED    10.5


SKY COVER
  POSSIBLE SUNSHINE  MM
  AVERAGE SKY COVER 0.9


WEATHER CONDITIONS
 THE FOLLOWING WEATHER WAS RECORDED YESTERDAY.
  FOG


RELATIVE HUMIDITY (PERCENT)
 HIGHEST   100           700 AM
 LOWEST     53           800 PM
 AVERAGE    77

..........................................................


THE DES MOINES IA CLIMATE NORMALS FOR TODAY
                         NORMAL    RECORD    YEAR
 MAXIMUM TEMPERATURE (F)   54        87      1991
 MINIMUM TEMPERATURE (F)   33        -1      1964


SUNRISE AND SUNSET
MARCH 26 2015.........SUNRISE   708 AM CDT   SUNSET   733 PM CDT
MARCH 27 2015.........SUNRISE   706 AM CDT   SUNSET   734 PM CDT


-  INDICATES NEGATIVE NUMBERS.
R  INDICATES RECORD WAS SET OR TIED.
MM INDICATES DATA IS MISSING.
T  INDICATES TRACE AMOUNT.




$$
