000
CDUS43 KDMX 292330
CLIDSM

CLIMATE REPORT
NATIONAL WEATHER SERVICE DES MOINES IA
529 PM CST TUE NOV 29 2016


...................................

...THE DES MOINES IA CLIMATE SUMMARY FOR NOVEMBER 29 2016...
VALID TODAY AS OF 0500 PM LOCAL TIME.

CLIMATE NORMAL PERIOD 1981 TO 2010
CLIMATE RECORD PERIOD 1878 TO 2016


WEATHER ITEM   OBSERVED TIME   RECORD YEAR NORMAL DEPARTURE LAST
                VALUE   (LST)  VALUE       VALUE  FROM      YEAR
                                                  NORMAL
..................................................................
TEMPERATURE (F)
 TODAY
  MAXIMUM         47    149 PM  70    1998  40      7       37
  MINIMUM         33    737 AM -10    1891  24      9       32
  AVERAGE         40                        32      8       35

PRECIPITATION (IN)
  TODAY            0.00          1.07 1975   0.06  -0.06     0.25
  MONTH TO DATE    1.38                      2.13  -0.75     2.99
  SINCE SEP 1      7.79                      7.82  -0.03     9.65
  SINCE JAN 1     33.12                     34.54  -1.42    38.82

SNOWFALL (IN)
  TODAY            0.0           2.6  1886   0.2   -0.2      0.0
  MONTH TO DATE    T                         2.3   -2.3      6.9
  SINCE SEP 1      T                         2.7   -2.7      6.9
  SINCE JUL 1      T                         2.7   -2.7      6.9
  SNOW DEPTH       0

DEGREE DAYS
 HEATING
  TODAY           25                        33     -8       30
  MONTH TO DATE  449                       741   -292      543
  SINCE SEP 1    655                      1219   -564      849
  SINCE JUL 1    655                      1225   -570      851

 COOLING
  TODAY            0                         0      0        0
  MONTH TO DATE    1                         0      1        1
  SINCE SEP 1    251                       127    124      259
  SINCE JAN 1   1448                      1066    382     1211
..................................................................


WIND (MPH)
  HIGHEST WIND SPEED    22   HIGHEST WIND DIRECTION     W (260)
  HIGHEST GUST SPEED    29   HIGHEST GUST DIRECTION     W (250)
  AVERAGE WIND SPEED    13.0


SKY COVER
  POSSIBLE SUNSHINE  MM
  AVERAGE SKY COVER 0.4


WEATHER CONDITIONS
 THE FOLLOWING WEATHER WAS RECORDED TODAY.
  NO SIGNIFICANT WEATHER WAS OBSERVED.


RELATIVE HUMIDITY (PERCENT)
 HIGHEST    82           400 AM
 LOWEST     45           100 PM
 AVERAGE    64

..........................................................


THE DES MOINES IA CLIMATE NORMALS FOR TOMORROW
                         NORMAL    RECORD    YEAR
 MAXIMUM TEMPERATURE (F)   40        69      1922
 MINIMUM TEMPERATURE (F)   23        -3      1964


SUNRISE AND SUNSET
NOVEMBER 29 2016......SUNRISE   720 AM CST   SUNSET   446 PM CST
NOVEMBER 30 2016......SUNRISE   721 AM CST   SUNSET   446 PM CST


-  INDICATES NEGATIVE NUMBERS.
R  INDICATES RECORD WAS SET OR TIED.
MM INDICATES DATA IS MISSING.
T  INDICATES TRACE AMOUNT.




$$
