000
CDUS43 KDMX 080629 RRA
CLIDSM

CLIMATE REPORT
NATIONAL WEATHER SERVICE DES MOINES IA
1228 AM CST FRI DEC 8 2017


...................................

...THE DES MOINES IA CLIMATE SUMMARY FOR DECEMBER 7 2017...

CLIMATE NORMAL PERIOD 1981 TO 2010
CLIMATE RECORD PERIOD 1878 TO 2017


WEATHER ITEM   OBSERVED TIME   RECORD YEAR NORMAL DEPARTURE LAST
                VALUE   (LST)  VALUE       VALUE  FROM      YEAR
                                                  NORMAL
..................................................................
TEMPERATURE (F)
 YESTERDAY
  MAXIMUM         27    339 PM  65    1894  36     -9       25
  MINIMUM         15    821 AM -17    1882  20     -5       18
  AVERAGE         21                        28     -7       22

PRECIPITATION (IN)
  YESTERDAY        0.00          0.96 1892   0.06  -0.06     0.00
  MONTH TO DATE    T                         0.38  -0.38     0.55
  SINCE DEC 1      T                         0.38  -0.38     0.55
  SINCE JAN 1     29.78                     34.98  -5.20    33.67

SNOWFALL (IN)
  YESTERDAY        0.0           5.0  1892   0.3   -0.3      0.0
  MONTH TO DATE    T                         1.9   -1.9      0.7
  SINCE DEC 1      T                         1.9   -1.9      0.7
  SINCE JUL 1      T                         4.8   -4.8      0.7
  SNOW DEPTH       0

DEGREE DAYS
 HEATING
  YESTERDAY       44                        37      7       43
  MONTH TO DATE  188                       248    -60      210
  SINCE DEC 1    188                       248    -60      210
  SINCE JUL 1   1243                      1506   -263      893

 COOLING
  YESTERDAY        0                         0      0        0
  MONTH TO DATE    0                         0      0        0
  SINCE DEC 1      0                         0      0        0
  SINCE JAN 1   1306                      1066    240     1448
..................................................................


WIND (MPH)
  HIGHEST WIND SPEED    23   HIGHEST WIND DIRECTION    NW (320)
  HIGHEST GUST SPEED    32   HIGHEST GUST DIRECTION    NW (310)
  AVERAGE WIND SPEED    12.9


SKY COVER
  POSSIBLE SUNSHINE  MM
  AVERAGE SKY COVER 0.2


WEATHER CONDITIONS
 THE FOLLOWING WEATHER WAS RECORDED YESTERDAY.
  NO SIGNIFICANT WEATHER WAS OBSERVED.


RELATIVE HUMIDITY (PERCENT)
 HIGHEST    67           100 AM
 LOWEST     32           200 PM
 AVERAGE    50

..........................................................


THE DES MOINES IA CLIMATE NORMALS FOR TODAY
                         NORMAL    RECORD    YEAR
 MAXIMUM TEMPERATURE (F)   36        69      1946
 MINIMUM TEMPERATURE (F)   20       -14      1917


SUNRISE AND SUNSET
DECEMBER  8 2017......SUNRISE   729 AM CST   SUNSET   445 PM CST
DECEMBER  9 2017......SUNRISE   730 AM CST   SUNSET   445 PM CST


-  INDICATES NEGATIVE NUMBERS.
R  INDICATES RECORD WAS SET OR TIED.
MM INDICATES DATA IS MISSING.
T  INDICATES TRACE AMOUNT.

$$
