000
CXUS53 KDMX 011330 RRB
CLMDSM

CLIMATE REPORT
NATIONAL WEATHER SERVICE DES MOINES IA
828 AM CDT SAT JUL 1 2017

...................................

...THE DES MOINES IA CLIMATE SUMMARY FOR THE MONTH OF JUNE 2017...

CLIMATE NORMAL PERIOD 1981 TO 2010
CLIMATE RECORD PERIOD 1878 TO 2017

WEATHER         OBSERVED          NORMAL  DEPART  LAST YEAR`S
                 VALUE   DATE(S)  VALUE   FROM    VALUE  DATE(S)
                                          NORMAL
................................................................
TEMPERATURE (F)
RECORD
 HIGH             103   06/21/1988
                        06/26/1934
                        06/23/1934
 LOW               37   06/01/1889
HIGHEST            95   06/15        94       1       96  06/15
LOWEST             51   06/25        49       2       56  06/02
AVG. MAXIMUM     86.5              81.6     4.9     88.1
AVG. MINIMUM     63.3              62.0     1.3     66.5
MEAN             74.9              71.8     3.1     77.3
DAYS MAX >= 90     10               3.2     6.8       13
DAYS MAX <= 32      0               0.0     0.0        0
DAYS MIN <= 32      0               0.0     0.0        0
DAYS MIN <= 0       0               0.0     0.0        0

PRECIPITATION (INCHES)
RECORD
 MAXIMUM        15.79   1881
 MINIMUM         0.23   1933
TOTALS           2.34              4.94   -2.60     1.47
DAILY AVG.       0.08              0.16   -0.08     0.05
DAYS >= .01         7              11.5    -4.5        9
DAYS >= .10         6               7.5    -1.5        5
DAYS >= .50         2               3.3    -1.3        0
DAYS >= 1.00        0               1.4    -1.4        0

SNOWFALL (INCHES)
RECORDS
 TOTAL             MM   5
TOTALS            0.0               0.0     0.0      0.0
SINCE 7/1        14.3              35.3   -21.0     30.3
SNOWDEPTH AVG.      0                MM      MM        0
DAYS >= 1.0         0               0.0     0.0        0
GREATEST
 SNOW DEPTH         0   MM                             0  MM
 24 HR TOTAL      0.0   06/30 TO 06/30

DEGREE_DAYS
HEATING TOTAL       2                17     -15        0
 SINCE 7/1       4839              6202   -1363     5006
COOLING TOTAL     307               221      86      378
 SINCE 1/1        387               297      90      471
.................................................................

WIND (MPH)
AVERAGE WIND SPEED              9.7
HIGHEST WIND SPEED/DIRECTION    37/230    DATE  06/15
HIGHEST GUST SPEED/DIRECTION    46/220    DATE  06/15

SKY COVER
POSSIBLE SUNSHINE (PERCENT)   MM
AVERAGE SKY COVER           0.50
NUMBER OF DAYS FAIR           10
NUMBER OF DAYS PC             14
NUMBER OF DAYS CLOUDY          6

AVERAGE RH (PERCENT)     59

WEATHER CONDITIONS. NUMBER OF DAYS WITH
THUNDERSTORM              0     MIXED PRECIP               0
HEAVY RAIN                5     RAIN                       3
LIGHT RAIN               11     FREEZING RAIN              0
LT FREEZING RAIN          0     HAIL                       1
HEAVY SNOW                0     SNOW                       0
LIGHT SNOW                0     SLEET                      0
FOG                       6     FOG W/VIS <= 1/4 MILE      1
HAZE                      1

-  INDICATES NEGATIVE NUMBERS.
R  INDICATES RECORD WAS SET OR TIED.
MM INDICATES DATA IS MISSING.
T  INDICATES TRACE AMOUNT.

$$
