352
CXUS53 KDMX 011331
CLMDSM

CLIMATE REPORT
NATIONAL WEATHER SERVICE DES MOINES IA
830 AM CDT TUE AUG 1 2017

...................................

...THE DES MOINES IA CLIMATE SUMMARY FOR THE MONTH OF JULY 2017...

CLIMATE NORMAL PERIOD 1981 TO 2010
CLIMATE RECORD PERIOD 1878 TO 2017

WEATHER         OBSERVED          NORMAL  DEPART  LAST YEAR`S
                 VALUE   DATE(S)  VALUE   FROM    VALUE  DATE(S)
                                          NORMAL
................................................................
TEMPERATURE (F)
RECORD
 HIGH             110   07/25/1936
 LOW               47   07/30/1971
HIGHEST           101   07/21        97       4       97  07/21
LOWEST             59   07/01        55       4       58  07/01
AVG. MAXIMUM     89.7              85.7     4.0     85.5
AVG. MINIMUM     69.6              66.8     2.8     68.1
MEAN             79.7              76.3     3.4     76.8
DAYS MAX >= 90     17               7.8     9.2        8
DAYS MAX <= 32      0               0.0     0.0        0
DAYS MIN <= 32      0               0.0     0.0        0
DAYS MIN <= 0       0               0.0     0.0        0

PRECIPITATION (INCHES)
RECORD
 MAXIMUM        10.51   1958
 MINIMUM         0.04   1975
TOTALS           1.43              4.47   -3.04     6.98
DAILY AVG.       0.05              0.14   -0.09     0.23
DAYS >= .01         6              10.1    -4.1       11
DAYS >= .10         3               6.8    -3.8        8
DAYS >= .50         1               3.2    -2.2        4
DAYS >= 1.00        0               1.3    -1.3        2

SNOWFALL (INCHES)
RECORDS
 TOTAL             MM   5
TOTALS            0.0               0.0     0.0      0.0
SINCE 7/1         0.0               0.0     0.0      0.0
SNOWDEPTH AVG.      0                MM      MM        0
DAYS >= 1.0         0               0.0     0.0        0
GREATEST
 SNOW DEPTH         0   MM                             0  MM
 24 HR TOTAL      0.0   07/31 TO 07/31

DEGREE_DAYS
HEATING TOTAL       0                 1      -1        0
 SINCE 7/1          0                 1      -1        0
COOLING TOTAL     461               349     112      374
 SINCE 1/1        848               646     202      845
.................................................................

WIND (MPH)
AVERAGE WIND SPEED              7.8
HIGHEST WIND SPEED/DIRECTION    31/130    DATE  07/04
HIGHEST GUST SPEED/DIRECTION    43/120    DATE  07/04

SKY COVER
POSSIBLE SUNSHINE (PERCENT)   MM
AVERAGE SKY COVER           0.50
NUMBER OF DAYS FAIR           12
NUMBER OF DAYS PC             17
NUMBER OF DAYS CLOUDY          2

AVERAGE RH (PERCENT)     67

WEATHER CONDITIONS. NUMBER OF DAYS WITH
THUNDERSTORM              0     MIXED PRECIP               0
HEAVY RAIN                2     RAIN                       0
LIGHT RAIN                7     FREEZING RAIN              0
LT FREEZING RAIN          0     HAIL                       0
HEAVY SNOW                0     SNOW                       0
LIGHT SNOW                0     SLEET                      0
FOG                       6     FOG W/VIS <= 1/4 MILE      1
HAZE                      6

-  INDICATES NEGATIVE NUMBERS.
R  INDICATES RECORD WAS SET OR TIED.
MM INDICATES DATA IS MISSING.
T  INDICATES TRACE AMOUNT.

$$
