000
CXUS53 KDMX 031342
CLMDSM

CLIMATE REPORT
NATIONAL WEATHER SERVICE DES MOINES IA
838 AM CDT SAT AUG 3 2013

...................................

...THE DES MOINES CLIMATE SUMMARY FOR THE MONTH OF JULY 2013...

CLIMATE NORMAL PERIOD 1981 TO 2010
CLIMATE RECORD PERIOD 1878 TO 2013

WEATHER         OBSERVED          NORMAL  DEPART  LAST YEAR`S
                 VALUE   DATE(S)  VALUE   FROM    VALUE  DATE(S)
                                          NORMAL
................................................................
TEMPERATURE (F)
RECORD
 HIGH             110   07/25/1936
 LOW               47   07/30/1971
HIGHEST            96   07/19        97      -1      106  07/25
                        07/18
                        07/17
LOWEST             51   07/28        55      -4       64  07/10
AVG. MAXIMUM     86.3              85.7     0.6     96.2
AVG. MINIMUM     65.7              66.8    -1.1     72.5
MEAN             76.0              76.3    -0.3     84.3
DAYS MAX >= 90     11               7.8     3.2       27
DAYS MAX <= 32      0               0.0     0.0        0
DAYS MIN <= 32      0               0.0     0.0        0
DAYS MIN <= 0       0               0.0     0.0        0

PRECIPITATION (INCHES)
RECORD
 MAXIMUM        10.51   1958
 MINIMUM         0.04   1975
TOTALS           1.02              4.47   -3.45     1.24
DAILY AVG.       0.03              0.14   -0.11     0.04
DAYS >= .01         6              10.1    -4.1        6
DAYS >= .10         4               6.8    -2.8        4
DAYS >= .50         0               3.2    -3.2        1
DAYS >= 1.00        0               1.3    -1.3        0

SNOWFALL (INCHES)
RECORDS
 TOTAL             MM   5
TOTALS            0.0               0.0     0.0      0.0
SINCE 7/1         0.0               0.0     0.0      0.0
SNOWDEPTH AVG.      0                MM      MM        0
DAYS >= 1.0         0               0.0     0.0        0
GREATEST
 SNOW DEPTH         0   MM                             0  MM
 24 HR TOTAL      0.0   07/31 TO 07/31

DEGREE_DAYS
HEATING TOTAL       0                 1      -1        0
 SINCE 7/1          0                 1      -1        0
COOLING TOTAL     351               349       2      610
 SINCE 1/1        708               646      62     1153
.................................................................

WIND (MPH)
AVERAGE WIND SPEED              8.2
HIGHEST WIND SPEED/DIRECTION    33/310    DATE  07/22
HIGHEST GUST SPEED/DIRECTION    43/310    DATE  07/22

SKY COVER
POSSIBLE SUNSHINE (PERCENT)   MM
AVERAGE SKY COVER           0.40
NUMBER OF DAYS FAIR           15
NUMBER OF DAYS PC             12
NUMBER OF DAYS CLOUDY          4

AVERAGE RH (PERCENT)     62

WEATHER CONDITIONS. NUMBER OF DAYS WITH
THUNDERSTORM              0     MIXED PRECIP               0
HEAVY RAIN                2     RAIN                       2
LIGHT RAIN                8     FREEZING RAIN              0
LT FREEZING RAIN          0     HAIL                       0
HEAVY SNOW                0     SNOW                       0
LIGHT SNOW                0     SLEET                      0
FOG                       4     FOG W/VIS <= 1/4 MILE      1
HAZE                      6

-  INDICATES NEGATIVE NUMBERS.
R  INDICATES RECORD WAS SET OR TIED.
MM INDICATES DATA IS MISSING.
T  INDICATES TRACE AMOUNT.

&&

JULY SAW TWO STRINGS OF ABNORMALLY HIGH AND LOW TEMPERATURES
DURING THE LATTER PART OF THE MONTH...WITH HIGHS IN THE MID TO UPPER
90S FROM JULY 16TH TO 19TH FOLLOWED BY HIGHS ONLY IN THE 70S FROM
THE 27TH TO 30TH. LOWS DURING THIS COOL STRETCH DIPPED INTO THE
50S...WITH DES MOINES SETTING A RECORD LOW OF 51 DEGREES ON JULY 28.
THESE TWO BOUTS OF UNSEASONABLE TEMPERATURES EVENED OUT IN THE
END...WITH THE AVERAGE JULY TEMPERATURE ONLY 0.3 DEGREES BELOW
NORMAL.

PRECIPITATION WAS WELL BELOW NORMAL FOR THE MONTH WITH ONLY 1.02
INCHES OF RAIN FALLING...LESS THAN A QUARTER OF THE 30 YEAR AVERAGE
OF 4.47 INCHES. THIS WAS EVEN LESS THAN WHAT FELL IN JULY DURING THE
2012 DROUGHT (1.24 INCHES). THIS PLACES JULY OF 2013 AS THE 15TH
DRIEST JULY ON RECORD.

$$
