000
CXUS53 KDMX 011307
CLMDSM

CLIMATE REPORT
NATIONAL WEATHER SERVICE DES MOINES IA
801 AM CDT MON JUL 1 2013

...................................

...THE DES MOINES CLIMATE SUMMARY FOR THE MONTH OF JUNE 2013...

CLIMATE NORMAL PERIOD 1981 TO 2010
CLIMATE RECORD PERIOD 1878 TO 2013

WEATHER         OBSERVED          NORMAL  DEPART  LAST YEAR`S
                 VALUE   DATE(S)  VALUE   FROM    VALUE  DATE(S)
                                          NORMAL
................................................................
TEMPERATURE (F)
RECORD
 HIGH             103   06/21/1988
                        06/26/1934
                        06/23/1934
 LOW               37   06/01/1889
HIGHEST            93   06/26        94      -1      101  06/27
LOWEST             47   06/03        49      -2       46  06/01
AVG. MAXIMUM     81.4              81.6    -0.2     86.4
AVG. MINIMUM     63.7              62.0     1.7     65.0
MEAN             72.6              71.8     0.8     75.7
DAYS MAX >= 90      5               3.2     1.8       10
DAYS MAX <= 32      0               0.0     0.0        0
DAYS MIN <= 32      0               0.0     0.0        0
DAYS MIN <= 0       0               0.0     0.0        0

PRECIPITATION (INCHES)
RECORD
 MAXIMUM        15.79   1881
 MINIMUM         0.23   1933
TOTALS           3.23              4.94   -1.71     2.17
DAILY AVG.       0.11              0.16   -0.05     0.07
DAYS >= .01        12              11.5     0.5        8
DAYS >= .10         6               7.5    -1.5        5
DAYS >= .50         1               3.3    -2.3        2
DAYS >= 1.00        1               1.4    -0.4        0

SNOWFALL (INCHES)
RECORDS
 TOTAL             MM   5
TOTALS            0.0               0.0     0.0      0.0
SINCE 7/1        55.2              35.3    19.9     20.9
SNOWDEPTH AVG.      0                MM      MM        0
DAYS >= 1.0         0               0.0     0.0        0
GREATEST
 SNOW DEPTH         0   MM                             0  MM
 24 HR TOTAL      0.0   06/30 TO 06/30

DEGREE_DAYS
HEATING TOTAL      19                17       2        6
 SINCE 7/1       6021              6202    -181     4697
COOLING TOTAL     255               221      34      335
 SINCE 1/1        357               297      60      543
.................................................................

WIND (MPH)
AVERAGE WIND SPEED              9.6
HIGHEST WIND SPEED/DIRECTION    35/310    DATE  06/12
HIGHEST GUST SPEED/DIRECTION    45/300    DATE  06/12

SKY COVER
POSSIBLE SUNSHINE (PERCENT)   MM
AVERAGE SKY COVER           0.60
NUMBER OF DAYS FAIR            4
NUMBER OF DAYS PC             18
NUMBER OF DAYS CLOUDY          8

AVERAGE RH (PERCENT)     66

WEATHER CONDITIONS. NUMBER OF DAYS WITH
THUNDERSTORM              0     MIXED PRECIP               0
HEAVY RAIN                4     RAIN                       4
LIGHT RAIN               15     FREEZING RAIN              0
LT FREEZING RAIN          0     HAIL                       0
HEAVY SNOW                0     SNOW                       0
LIGHT SNOW                0     SLEET                      0
FOG                       9     FOG W/VIS <= 1/4 MILE      1
HAZE                      3

-  INDICATES NEGATIVE NUMBERS.
R  INDICATES RECORD WAS SET OR TIED.
MM INDICATES DATA IS MISSING.
T  INDICATES TRACE AMOUNT.

$$
