000
CXUS53 KDMX 011347
CLMDSM

CLIMATE REPORT
NATIONAL WEATHER SERVICE DES MOINES IA
845 AM CDT WED JUL 1 2015

...................................

...THE DES MOINES CLIMATE SUMMARY FOR THE MONTH OF JUNE 2015...

CLIMATE NORMAL PERIOD 1981 TO 2010
CLIMATE RECORD PERIOD 1878 TO 2015

WEATHER         OBSERVED          NORMAL  DEPART  LAST YEAR`S
                 VALUE   DATE(S)  VALUE   FROM    VALUE  DATE(S)
                                          NORMAL
................................................................
TEMPERATURE (F)
RECORD
 HIGH             103   06/21/1988
                        06/26/1934
                        06/23/1934
 LOW               37   06/01/1889
HIGHEST            95   06/09        94       1       90  06/20
                                                          06/18
                                                          06/16
LOWEST             52   06/01        49       3       52  06/13
AVG. MAXIMUM     81.9              81.6     0.3     82.9
AVG. MINIMUM     64.3              62.0     2.3     63.5
MEAN             73.1              71.8     1.3     73.2
DAYS MAX >= 90      3               3.2    -0.2        3
DAYS MAX <= 32      0               0.0     0.0        0
DAYS MIN <= 32      0               0.0     0.0        0
DAYS MIN <= 0       0               0.0     0.0        0

PRECIPITATION (INCHES)
RECORD
 MAXIMUM        15.79   1881
 MINIMUM         0.23   1933
TOTALS           8.40              4.94    3.46     7.49
DAILY AVG.       0.28              0.16    0.12     0.25
DAYS >= .01        11              11.5    -0.5       14
DAYS >= .10         7               7.5    -0.5       10
DAYS >= .50         5               3.3     1.7        6
DAYS >= 1.00        4               1.4     2.6        4

SNOWFALL (INCHES)
RECORDS
 TOTAL             MM   5
TOTALS            0.0               0.0     0.0      0.0
SINCE 7/1        29.1              35.3    -6.2     48.3
SNOWDEPTH AVG.      0                MM      MM        0
DAYS >= 1.0         0               0.0     0.0        0
GREATEST
 SNOW DEPTH         0   MM                             0  MM
 24 HR TOTAL      0.0   06/30 TO 06/30

DEGREE_DAYS
HEATING TOTAL       3                17     -14        0
 SINCE 7/1       5915              6202    -287     6787
COOLING TOTAL     257               221      36      256
 SINCE 1/1        337               297      40      387
.................................................................

WIND (MPH)
AVERAGE WIND SPEED              7.9
HIGHEST WIND SPEED/DIRECTION    28/240    DATE  06/28
HIGHEST GUST SPEED/DIRECTION    33/320    DATE  06/07

SKY COVER
POSSIBLE SUNSHINE (PERCENT)   MM
AVERAGE SKY COVER           0.70
NUMBER OF DAYS FAIR            7
NUMBER OF DAYS PC              7
NUMBER OF DAYS CLOUDY         16

AVERAGE RH (PERCENT)     69

WEATHER CONDITIONS. NUMBER OF DAYS WITH
THUNDERSTORM              0     MIXED PRECIP               0
HEAVY RAIN                7     RAIN                       5
LIGHT RAIN               14     FREEZING RAIN              0
LT FREEZING RAIN          0     HAIL                       1
HEAVY SNOW                0     SNOW                       0
LIGHT SNOW                0     SLEET                      0
FOG                      12     FOG W/VIS <= 1/4 MILE      0
HAZE                      4

-  INDICATES NEGATIVE NUMBERS.
R  INDICATES RECORD WAS SET OR TIED.
MM INDICATES DATA IS MISSING.
T  INDICATES TRACE AMOUNT.

$$
