000
CXUS54 KFWD 072133
CF6DTO
PRELIMINARY LOCAL CLIMATOLOGICAL DATA (WS FORM: F-6)
STATION: DENTON
MONTH: MARCH
YEAR: 2022
LATITUDE: 33 12 N
LONGITUDE: 97 12 W
TEMPERATURE IN F: :PCPN: SNOW: WIND :SUNSHINE: SKY :PK WND
================================================================================
1 2 3 4 5 6A 6B 7 8 9 10 11 12 13 14 15 16 17 18
12Z AVG MX 2MIN
DY MAX MIN AVG DEP HDD CDD WTR SNW DPTH SPD SPD DIR MIN PSBL S-S WX SPD DR
================================================================================
1 73 26 50 -2 15 0 0.00 M M 2.3 10 190 M M 0 16 190
2 78 30 54 2 11 0 0.00 M M 3.5 12 150 M M 0 17 150
3 79 34 57 5 8 0 0.00 M M 4.6 13 140 M M 0 18 150
4 73 43 58 5 7 0 0.00 M M 11.8 22 150 M M 5 1 30 150
5 81 64 73 20 0 8 T M M 17.2 25 190 M M 5 35 170
6 80 37 59 6 6 0 0.28 M M 13.9 30 180 M M 8 1 39 180
7 51 33 42 -12 23 0 0.01 M M 12.4 22 340 M M 5 33 330
8 46 26 36 -18 29 0 0.06 M M 4.9 18 20 M M 4 3 26 20
9 59 21 40 -14 25 0 0.00 M M 4.8 14 70 M M 0 21 20
10 66 32 49 -5 16 0 0.00 M M 8.1 20 350 M M 0 27 350
11 39 26 33 -22 32 0 0.02 M M 17.0 28 350 M M 7 6 35 350
12 58 17 38 -17 27 0 0.00 M M 5.4 14 200 M M 0 19 160
13 67 32 50 -5 15 0 0.00 M M 15.5 28 160 M M 0 38 160
14 77 50 64 8 1 0 0.00 M M 15.0 25 170 M M 5 3 35 170
15 74 43 59 3 6 0 0.00 M M 9.8 23 340 M M 1 32 340
16 81 36 59 3 6 0 0.00 M M 8.2 20 180 M M 0 1 29 180
17 78 56 67 10 0 2 T M M 19.2 35 180 M M 1 3 44 180
18 66 35 51 -6 14 0 0.00 M M 15.8 30 320 M M 5 42 330
19 76 28 52 -5 13 0 0.00 M M 4.7 18 200 M M 0 23 200
20 81 44 63 6 2 0 0.00 M M 14.5 28 170 M M 1 36 180
21 72 51 62 4 3 0 0.57 M M 13.6 33 250 M M 9 13 49 250
22 55 43 49 -9 16 0 0.00 M M 15.0 26 310 M M 7 1 36 310
23 62 37 50 -8 15 0 0.00 M M 13.3 28 320 M M 0 42 300
24 67 29 48 -10 17 0 0.00 M M 6.0 21 320 M M 0 28 270
25 81 31 56 -3 9 0 0.00 M M 2.7 14 20 M M 0 19 20
26 85 40 63 4 2 0 0.00 M M 5.3 16 220 M M 0 23 190
27 90 41 66 7 0 1 0.00 M M 9.1 21 160 M M 0 29 160
28 86 58 72 13 0 7 0.00 M M 15.4 28 170 M M 0 38 170
29 80 66 73 13 0 8 T M M 22.6 38 180 M M 3 55 160
30 74 37 56 -4 9 0 0.40 M M 11.9 33 180 M M 5 13 44 180
31 68 36 52 -8 13 0 T M M 7.8 24 320 M M 3 33 300
================================================================================
SM 2203 1182 340 26 1.34 M 331.3 M 74
================================================================================
AV 71.1 38.1 10.7 FASTST M M 2 MAX(MPH)
MISC ----> 38 180 55 160
================================================================================
NOTES:
# LAST OF SEVERAL OCCURRENCES
COLUMN 17 PEAK WIND IN M.P.H.
PRELIMINARY LOCAL CLIMATOLOGICAL DATA (WS FORM: F-6) , PAGE 2
STATION: DENTON
MONTH: MARCH
YEAR: 2022
LATITUDE: 33 12 N
LONGITUDE: 97 12 W
[TEMPERATURE DATA] [PRECIPITATION DATA] SYMBOLS USED IN COLUMN 16
AVERAGE MONTHLY: 54.6 TOTAL FOR MONTH: 1.34 1 = FOG OR MIST
DPTR FM NORMAL: -1.5 DPTR FM NORMAL: -1.77 2 = FOG REDUCING VISIBILITY
HIGHEST: 90 ON 27 GRTST 24HR 0.57 ON 21-21 TO 1/4 MILE OR LESS
LOWEST: 17 ON 12 3 = THUNDER
SNOW, ICE PELLETS, HAIL 4 = ICE PELLETS
TOTAL MONTH: M 5 = HAIL
GRTST 24HR M ON M 6 = FREEZING RAIN OR DRIZZLE
GRTST DEPTH: M ON M 7 = DUSTSTORM OR SANDSTORM:
VSBY 1/2 MILE OR LESS
8 = SMOKE OR HAZE
[NO. OF DAYS WITH] [WEATHER - DAYS WITH] 9 = BLOWING SNOW
X = TORNADO
MAX 32 OR BELOW: 0 0.01 INCH OR MORE: 6
MAX 90 OR ABOVE: 1 0.10 INCH OR MORE: 3
MIN 32 OR BELOW: 11 0.50 INCH OR MORE: 1
MIN 0 OR BELOW: 0 1.00 INCH OR MORE: 0
[HDD (BASE 65) ]
TOTAL THIS MO. 340 CLEAR (SCALE 0-3) 19
DPTR FM NORMAL 40 PTCLDY (SCALE 4-7) 11
TOTAL FM JUL 1 2275 CLOUDY (SCALE 8-10) 1
DPTR FM NORMAL -216
[CDD (BASE 65) ]
TOTAL THIS MO. 26
DPTR FM NORMAL 0 [PRESSURE DATA]
TOTAL FM JAN 1 32 HIGHEST SLP 30.50 ON 12
DPTR FM NORMAL 0 LOWEST SLP 29.40 ON 30
[REMARKS]
#FINAL-03-22#