000
CXUS53 KFGF 010815
CF6DVL
PRELIMINARY LOCAL CLIMATOLOGICAL DATA (WS FORM: F-6)
STATION: DEVILS LAKE ND
MONTH: MARCH
YEAR: 2020
LATITUDE: 48 7 N
LONGITUDE: 98 54 W
TEMPERATURE IN F: :PCPN: SNOW: WIND :SUNSHINE: SKY :PK WND
================================================================================
1 2 3 4 5 6A 6B 7 8 9 10 11 12 13 14 15 16 17 18
12Z AVG MX 2MIN
DY MAX MIN AVG DEP HDD CDD WTR SNW DPTH SPD SPD DIR MIN PSBL S-S WX SPD DR
================================================================================
1 35 18 27 9 38 0 M M M 21.2 31 290 M M 7 43 260
2 36 12 24 6 41 0 M M M 14.9 30 300 M M 4 1 39 270
3 31 15 23 4 42 0 M M M 10.7 20 280 M M 4 1 M M
4 38 14 26 7 39 0 M M M 11.3 22 270 M M 7 12 30 290
5 35 20 28 8 37 0 M M M 16.3 30 340 M M 6 40 340
6 37 20 29 9 36 0 M M M 16.4 27 170 M M 0 37 180
7 38 24 31 10 34 0 M M M 7.9 18 100 M M 0 M M
8 29 13 21 0 44 0 M M M 15.0 23 340 M M 6 23 10
9 21 4 13 -9 52 0 M M M 6.7 18 330 M M 5 M M
10 37 21 29 7 36 0 M M M 4.7 9 220 M M 6 M M
11 49 28 39 16 26 0 M M M 8.2 15 240 M M 4 M M
12 35 22 29 6 36 0 M M M 17.5 30 300 M M 8 1 36 310
13 23 14 19 -5 46 0 M M M 14.9 22 310 M M 6 29 330
14 19 7 13 -11 52 0 T M M 11.4 15 80 M M 2 22 100
15 28 14 21 -4 44 0 0.05 M M 9.5 16 130 M M 10 1 21 120
16 29 11 20 -5 45 0 M M M 16.4 24 300 M M 4 1 30 290
17 30 6 18 -8 47 0 M M M 9.9 20 270 M M 1 8 M M
18 25 14 20 -6 45 0 T M M 13.4 17 40 M M 10 1 M M
19 14 0 7 -20 58 0 M M M 18.4 29 10 M M 5 18 32 10
20 16 -7 5 -23 60 0 M M M 7.8 15 340 M M 0 M M
21 25 0 13 -15 52 0 M M M 12.7 20 140 M M 8 1 M M
22 33 16 25 -4 40 0 T M M 5.8 10 130 M M 6 1 M M
23 40 11 26 -3 39 0 M M M 8.4 17 160 M M 1 1 M M
24 51 31 41 11 24 0 T M M 14.7 24 300 M M 5 1 31 310
25 31 24 28 -3 37 0 M M M 10.5 20 300 M M 7 M M
26 40 23 32 1 33 0 M M M 8.7 16 240 M M 5 M M
27 51 31 41 9 24 0 M M M 12.4 18 230 M M 2 27 230
28 49 24 37 5 28 0 M M M 4.4 9 110 M M 0 M M
29 50 26 38 5 27 0 M M M 4.6 8 30 M M 0 8 M M
30 53 27 40 6 25 0 T M M 11.7 21 150 M M 2 12 20 150
31 52 36 44 10 21 0 M M M 12.8 17 140 M M 6 23 150
================================================================================
SM 1080 519 1208 0 0.05 M 359.2 M 137
================================================================================
AV 34.8 16.7 11.6 FASTST M M 4 MAX(MPH)
MISC ----> 31 290 43 260
================================================================================
NOTES:
# LAST OF SEVERAL OCCURRENCES
COLUMN 17 PEAK WIND IN M.P.H.
PRELIMINARY LOCAL CLIMATOLOGICAL DATA (WS FORM: F-6) , PAGE 2
STATION: DEVILS LAKE ND
MONTH: MARCH
YEAR: 2020
LATITUDE: 48 7 N
LONGITUDE: 98 54 W
[TEMPERATURE DATA] [PRECIPITATION DATA] SYMBOLS USED IN COLUMN 16
AVERAGE MONTHLY: 25.8 TOTAL FOR MONTH: 0.05 1 = FOG OR MIST
DPTR FM NORMAL: 0.2 DPTR FM NORMAL: -0.79 2 = FOG REDUCING VISIBILITY
HIGHEST: 53 ON 30 GRTST 24HR 0.05 ON 15-15 TO 1/4 MILE OR LESS
LOWEST: -7 ON 20 3 = THUNDER
SNOW, ICE PELLETS, HAIL 4 = ICE PELLETS
TOTAL MONTH: M 5 = HAIL
GRTST 24HR M ON M 6 = FREEZING RAIN OR DRIZZLE
GRTST DEPTH: M ON M 7 = DUSTSTORM OR SANDSTORM:
VSBY 1/2 MILE OR LESS
8 = SMOKE OR HAZE
[NO. OF DAYS WITH] [WEATHER - DAYS WITH] 9 = BLOWING SNOW
X = TORNADO
MAX 32 OR BELOW: 13 0.01 INCH OR MORE: 1
MAX 90 OR ABOVE: 0 0.10 INCH OR MORE: 0
MIN 32 OR BELOW: 30 0.50 INCH OR MORE: 0
MIN 0 OR BELOW: 3 1.00 INCH OR MORE: 0
[HDD (BASE 65) ]
TOTAL THIS MO. 1208 CLEAR (SCALE 0-3) 10
DPTR FM NORMAL -13 PTCLDY (SCALE 4-7) 17
TOTAL FM JUL 1 8383 CLOUDY (SCALE 8-10) 4
DPTR FM NORMAL 189
[CDD (BASE 65) ]
TOTAL THIS MO. 0
DPTR FM NORMAL 0 [PRESSURE DATA]
TOTAL FM JAN 1 0 HIGHEST SLP M ON M
DPTR FM NORMAL 0 LOWEST SLP M ON M
[REMARKS]
#FINAL-03-20#