000
CXUS55 KPSR 011226
CF6DVT
PRELIMINARY LOCAL CLIMATOLOGICAL DATA (WS FORM: F-6)
STATION: DEER VLY/PHOENIX AZ
MONTH: JUNE
YEAR: 2023
LATITUDE: 33 41 N
LONGITUDE: 112 4 W
TEMPERATURE IN F: :PCPN: SNOW: WIND :SUNSHINE: SKY :PK WND
================================================================================
1 2 3 4 5 6A 6B 7 8 9 10 11 12 13 14 15 16 17 18
12Z AVG MX 2MIN
DY MAX MIN AVG DEP HDD CDD WTR SNW DPTH SPD SPD DIR MIN PSBL S-S WX SPD DR
================================================================================
1 88 65 77 -6 0 12 0.00 M M 4.7 17 240 M M 0 24 240
2 92 65 79 -4 0 14 0.00 M M 4.8 16 250 M M 0 21 250
3 97 66 82 -1 0 17 0.00 M M 5.3 15 270 M M 0 23 260
4 100 68 84 0 0 19 0.00 M M 5.2 15 190 M M 0 21 230
5 102 69 86 2 0 21 0.00 M M 8.2 25 260 M M 0 34 260
6 95 65 80 -4 0 15 0.00 M M 7.8 22 260 M M 0 31 240
7 92 61 77 -8 0 12 0.00 M M 5.6 16 290 M M 0 26 250
8 92 63 78 -7 0 13 0.00 M M 4.4 16 260 M M 0 30 240
9 92 62 77 -8 0 12 0.00 0.0 0 4.6 15 200 M M 0 20 200
10 96 63 80 -6 0 15 0.00 0.0 0 5.6 17 200 M M 0 24 200
11 90 63 77 -9 0 12 0.00 0.0 0 10.6 23 280 M M 0 37 270
12 88 66 77 -9 0 12 0.00 0.0 0 5.5 16 250 M M 0 21 290
13 92 67 80 -6 0 15 0.00 M M 4.5 14 230 M M 0 8 23 270
14 96 66 81 -6 0 16 0.00 M M 6.2 20 270 M M 0 25 260
15 96 71 84 -3 0 19 0.00 0.0 0 5.0 16 260 M M 0 23 270
16 98 68 83 -4 0 18 0.00 M M 5.5 16 220 M M 0 30 250
17 99 70 85 -3 0 20 0.00 M M 5.6 14 240 M M 0 21 240
18 103 71 87 -1 0 22 0.00 M M 8.2 26 260 M M 0 36 220
19 100 68 84 -4 0 19 0.00 M M 8.6 24 240 M M 0 32 230
20 99 73 86 -2 0 21 0.00 M M 6.6 21 260 M M 0 26 260
21 101 70 86 -3 0 21 0.00 M M 6.8 17 260 M M 0 26 280
22 100 67 84 -5 0 19 0.00 M M 5.6 16 250 M M 0 23 230
23 95 70 83 -6 0 18 0.00 M M 5.8 15 260 M M 0 27 280
24 99 61 80 -10 0 15 0.00 M M 4.5 14 260 M M 0 20 260
25 105 70 88 -2 0 23 0.00 M M 4.9 17 240 M M 0 23 250
26 105 74 90 0 0 25 0.00 M M 4.7 16 270 M M 0 22 260
27 103 70 87 -3 0 22 0.00 M M 6.2 20 260 M M 0 28 230
28 102 72 87 -4 0 22 0.00 M M 5.6 18 250 M M 0 28 230
29 101 71 86 -5 0 21 0.00 M M 4.7 14 220 M M 0 18 140
30 106 71 89 -2 0 24 0.00 M M 4.9 15 200 M M 0 26 220
================================================================================
SM 2924 2026 0 534 0.00 0.0 176.2 M 0
================================================================================
AV 97.5 67.5 5.9 FASTST M M 0 MAX(MPH)
MISC ----> 26 260 37 270
================================================================================
NOTES:
# LAST OF SEVERAL OCCURRENCES
COLUMN 17 PEAK WIND IN M.P.H.
PRELIMINARY LOCAL CLIMATOLOGICAL DATA (WS FORM: F-6) , PAGE 2
STATION: DEER VLY/PHOENIX AZ
MONTH: JUNE
YEAR: 2023
LATITUDE: 33 41 N
LONGITUDE: 112 4 W
[TEMPERATURE DATA] [PRECIPITATION DATA] SYMBOLS USED IN COLUMN 16
AVERAGE MONTHLY: 82.5 TOTAL FOR MONTH: 0.00 1 = FOG OR MIST
DPTR FM NORMAL: -4.6 DPTR FM NORMAL: -0.03 2 = FOG REDUCING VISIBILITY
HIGHEST: 106 ON 30 GRTST 24HR 0.00 ON 1- 1 TO 1/4 MILE OR LESS
LOWEST: 61 ON 24, 7 3 = THUNDER
SNOW, ICE PELLETS, HAIL 4 = ICE PELLETS
TOTAL MONTH: 0.0 INCH 5 = HAIL
GRTST 24HR 0.0 6 = FREEZING RAIN OR DRIZZLE
GRTST DEPTH: 0 7 = DUSTSTORM OR SANDSTORM:
VSBY 1/2 MILE OR LESS
8 = SMOKE OR HAZE
[NO. OF DAYS WITH] [WEATHER - DAYS WITH] 9 = BLOWING SNOW
X = TORNADO
MAX 32 OR BELOW: 0 0.01 INCH OR MORE: 0
MAX 90 OR ABOVE: 28 0.10 INCH OR MORE: 0
MIN 32 OR BELOW: 0 0.50 INCH OR MORE: 0
MIN 0 OR BELOW: 0 1.00 INCH OR MORE: 0
[HDD (BASE 65) ]
TOTAL THIS MO. 0 CLEAR (SCALE 0-3) 30
DPTR FM NORMAL 0 PTCLDY (SCALE 4-7) 0
TOTAL FM JUL 1 1574 CLOUDY (SCALE 8-10) 0
DPTR FM NORMAL 373
[CDD (BASE 65) ]
TOTAL THIS MO. 534
DPTR FM NORMAL -129 [PRESSURE DATA]
TOTAL FM JAN 1 1140 HIGHEST SLP 29.90 ON 24
DPTR FM NORMAL -157 LOWEST SLP 29.58 ON 5
[REMARKS]
#FINAL-06-23#