000
CXUS55 KPSR 011005
CF6DVT
PRELIMINARY LOCAL CLIMATOLOGICAL DATA (WS FORM: F-6)
STATION: DEER VLY/PHOENIX AZ
MONTH: FEBRUARY
YEAR: 2024
LATITUDE: 33 41 N
LONGITUDE: 112 4 W
TEMPERATURE IN F: :PCPN: SNOW: WIND :SUNSHINE: SKY :PK WND
================================================================================
1 2 3 4 5 6A 6B 7 8 9 10 11 12 13 14 15 16 17 18
12Z AVG MX 2MIN
DY MAX MIN AVG DEP HDD CDD WTR SNW DPTH SPD SPD DIR MIN PSBL S-S WX SPD DR
================================================================================
1 75 52 64 8 1 0 0.49 M M 11.0 28 270 M M 5 18 34 270
2 61 49 55 -1 10 0 M M M 10.4 24 240 M M 7 33 230
3 60 41 51 -5 14 0 0.00 M M 4.5 16 270 M M 1 22 280
4 65 44 55 -1 10 0 0.00 M M 4.5 12 150 M M 2 16 150
5 72 49 61 5 4 0 0.00 M M 6.7 15 150 M M 0 21 70
6 65 48 57 1 8 0 M M M 7.6 25 280 M M 7 18 34 180
7 57 47 52 -4 13 0 M M M 9.4 22 240 M M 9 138 28 230
8 54 39 47 -9 18 0 0.24 M M 9.8 24 300 M M 6 1 34 300
9 56 38 47 -9 18 0 0.00 M M 2.2 10 40 M M 3 14 40
10 56 42 49 -7 16 0 0.09 M M 5.3 16 260 M M 5 1 22 250
11 59 35 47 -9 18 0 0.00 M M 2.5 10 240 M M 0 12 240
12 64 38 51 -5 14 0 0.00 M M 2.7 12 50 M M 0 14 60
13 67 39 53 -4 12 0 0.00 M M 3.3 13 260 M M 0 19 150
14 67 40 54 -3 11 0 0.00 M M 3.1 14 40 M M 0 17 30
15 70 43 57 0 8 0 0.00 M M 4.3 13 50 M M 0 17 50
16 70 43 57 0 8 0 0.00 M M 3.3 10 50 M M 0 15 50
17 72 45 59 2 6 0 0.00 M M 2.6 9 250 M M 0 12 50
18 73 46 60 3 5 0 0.00 0.0 0 3.8 12 60 M M 0 15 50
19 74 51 63 5 2 0 0.00 0.0 0 5.5 14 200 M M 0 20 150
20 76 50 63 5 2 0 0.00 0.0 0 4.8 12 210 M M 0 16 140
21 69 52 61 3 4 0 T 0.0 0 5.8 17 340 M M 2 21 230
22 72 49 61 3 4 0 0.00 0.0 0 4.3 12 250 M M 0 15 230
23 77 50 64 6 1 0 0.00 M M 4.6 14 40 M M 0 18 50
24 76 52 64 6 1 0 0.00 M M 2.5 9 50 M M 0 13 50
25 79 55 67 8 0 2 0.00 M M 5.2 12 50 M M 0 16 40
26 72 58 65 6 0 0 0.00 M M 3.1 10 230 M M 2 13 230
27 71 50 61 2 4 0 0.00 M M 3.6 13 250 M M 1 17 240
28 75 52 64 5 1 0 0.00 M M 6.6 17 190 M M 1 23 180
29 72 49 61 2 4 0 0.00 M M 4.9 14 240 M M 0 18 250
================================================================================
SM 1976 1346 217 2 0.82 0.0 147.9 M 51
================================================================================
AV 68.1 46.4 5.1 FASTST M M 2 MAX(MPH)
MISC ----> 28 270 # 34 270
================================================================================
NOTES:
# LAST OF SEVERAL OCCURRENCES
COLUMN 17 PEAK WIND IN M.P.H.
PRELIMINARY LOCAL CLIMATOLOGICAL DATA (WS FORM: F-6) , PAGE 2
STATION: DEER VLY/PHOENIX AZ
MONTH: FEBRUARY
YEAR: 2024
LATITUDE: 33 41 N
LONGITUDE: 112 4 W
[TEMPERATURE DATA] [PRECIPITATION DATA] SYMBOLS USED IN COLUMN 16
AVERAGE MONTHLY: 57.3 TOTAL FOR MONTH: 0.82 1 = FOG OR MIST
DPTR FM NORMAL: 0.2 DPTR FM NORMAL: -0.39 2 = FOG REDUCING VISIBILITY
HIGHEST: 79 ON 25 GRTST 24HR 0.61 ON 1- 2 TO 1/4 MILE OR LESS
LOWEST: 35 ON 11 3 = THUNDER
SNOW, ICE PELLETS, HAIL 4 = ICE PELLETS
TOTAL MONTH: 0.0 INCH 5 = HAIL
GRTST 24HR 0.0 6 = FREEZING RAIN OR DRIZZLE
GRTST DEPTH: 0 7 = DUSTSTORM OR SANDSTORM:
VSBY 1/2 MILE OR LESS
8 = SMOKE OR HAZE
[NO. OF DAYS WITH] [WEATHER - DAYS WITH] 9 = BLOWING SNOW
X = TORNADO
MAX 32 OR BELOW: 0 0.01 INCH OR MORE: 3
MAX 90 OR ABOVE: 0 0.10 INCH OR MORE: 2
MIN 32 OR BELOW: 0 0.50 INCH OR MORE: 0
MIN 0 OR BELOW: 0 1.00 INCH OR MORE: 0
[HDD (BASE 65) ]
TOTAL THIS MO. 217 CLEAR (SCALE 0-3) 22
DPTR FM NORMAL -9 PTCLDY (SCALE 4-7) 6
TOTAL FM JUL 1 928 CLOUDY (SCALE 8-10) 1
DPTR FM NORMAL -136
[CDD (BASE 65) ]
TOTAL THIS MO. 2
DPTR FM NORMAL -3 [PRESSURE DATA]
TOTAL FM JAN 1 2 HIGHEST SLP 30.19 ON 11
DPTR FM NORMAL -4 LOWEST SLP 29.63 ON 6
[REMARKS]
#FINAL-02-24#