000
CXUS55 KPSR 011005
CF6DVT
PRELIMINARY LOCAL CLIMATOLOGICAL DATA (WS FORM: F-6)
STATION: DEER VLY/PHOENIX AZ
MONTH: JUNE
YEAR: 2020
LATITUDE: 33 41 N
LONGITUDE: 112 4 W
TEMPERATURE IN F: :PCPN: SNOW: WIND :SUNSHINE: SKY :PK WND
================================================================================
1 2 3 4 5 6A 6B 7 8 9 10 11 12 13 14 15 16 17 18
12Z AVG MX 2MIN
DY MAX MIN AVG DEP HDD CDD WTR SNW DPTH SPD SPD DIR MIN PSBL S-S WX SPD DR
================================================================================
1 103 73 88 5 0 23 0.00 M M 5.8 18 240 M M 0 26 230
2 106 81 94 11 0 29 0.00 M M 6.1 16 270 M M 0 21 270
3 109 81 95 11 0 30 0.00 M M 5.0 15 210 M M 0 19 230
4 108 78 93 9 0 28 0.00 M M 4.8 17 220 M M 0 22 220
5 104 79 92 8 0 27 T M M 6.3 22 240 M M 0 27 240
6 89 70 80 -4 0 15 0.00 M M 8.8 18 250 M M 0 22 220
7 92 70 81 -4 0 16 0.00 M M 9.9 20 240 M M 0 27 240
8 89 69 79 -6 0 14 0.00 M M 13.4 26 270 M M 0 33 360
9 92 64 78 -7 0 13 0.00 M M 8.5 21 20 M M 0 8 27 20
10 101 69 85 -1 0 20 0.00 M M 5.1 13 130 M M 0 16 120
11 106 71 89 3 0 24 0.00 M M 5.1 17 240 M M 0 22 250
12 106 72 89 3 0 24 0.00 M M 7.4 18 170 M M 0 23 180
13 102 70 86 0 0 21 0.00 M M 7.2 22 240 M M 0 27 240
14 102 68 85 -2 0 20 0.00 M M 5.4 15 250 M M 0 19 180
15 101 69 85 -2 0 20 0.00 M M 4.8 16 180 M M 0 21 180
16 101 67 84 -3 0 19 0.00 M M 7.0 22 240 M M 0 27 240
17 100 71 86 -2 0 21 0.00 M M 7.9 18 260 M M 0 23 220
18 98 74 86 -2 0 21 0.00 M M 6.4 16 240 M M 0 19 230
19 99 74 87 -1 0 22 0.00 M M 5.8 14 210 M M 0 19 140
20 103 69 86 -2 0 21 0.00 M M 5.1 13 230 M M 0 23 210
21 106 72 89 0 0 24 0.00 M M 6.3 18 240 M M 0 22 220
22 106 73 90 1 0 25 0.00 M M 5.9 16 250 M M 0 24 260
23 106 72 89 0 0 24 0.00 M M 6.4 18 240 M M 0 26 260
24 108 71 90 1 0 25 0.00 M M 3.8 20 240 M M 0 24 250
25 105 74 90 0 0 25 0.00 M M 3.9 15 240 M M 0 18 240
26 106 75 91 1 0 26 0.00 M M 4.6 18 240 M M 0 23 230
27 103 79 91 1 0 26 0.00 M M 6.8 18 260 M M 0 24 240
28 101 76 89 -1 0 24 0.00 M M 10.2 23 250 M M 0 30 250
29 97 75 86 -4 0 21 0.00 M M 9.1 26 240 M M 0 36 250
30 96 69 83 -8 0 18 0.00 M M 6.7 16 250 M M 0 8 23 260
================================================================================
SM 3045 2175 0 666 T M 199.5 M 0
================================================================================
AV101.5 72.5 6.7 FASTST M M 0 MAX(MPH)
MISC ----> # 26 270 36 250
================================================================================
NOTES:
# LAST OF SEVERAL OCCURRENCES
COLUMN 17 PEAK WIND IN M.P.H.
PRELIMINARY LOCAL CLIMATOLOGICAL DATA (WS FORM: F-6) , PAGE 2
STATION: DEER VLY/PHOENIX AZ
MONTH: JUNE
YEAR: 2020
LATITUDE: 33 41 N
LONGITUDE: 112 4 W
[TEMPERATURE DATA] [PRECIPITATION DATA] SYMBOLS USED IN COLUMN 16
AVERAGE MONTHLY: 87.0 TOTAL FOR MONTH: T 1 = FOG OR MIST
DPTR FM NORMAL: 0.0 DPTR FM NORMAL: -0.06 2 = FOG REDUCING VISIBILITY
HIGHEST: 109 ON 3 GRTST 24HR T ON 5- 5 TO 1/4 MILE OR LESS
LOWEST: 64 ON 9 3 = THUNDER
SNOW, ICE PELLETS, HAIL 4 = ICE PELLETS
TOTAL MONTH: M 5 = HAIL
GRTST 24HR M ON M 6 = FREEZING RAIN OR DRIZZLE
GRTST DEPTH: M ON M 7 = DUSTSTORM OR SANDSTORM:
VSBY 1/2 MILE OR LESS
8 = SMOKE OR HAZE
[NO. OF DAYS WITH] [WEATHER - DAYS WITH] 9 = BLOWING SNOW
X = TORNADO
MAX 32 OR BELOW: 0 0.01 INCH OR MORE: 0
MAX 90 OR ABOVE: 28 0.10 INCH OR MORE: 0
MIN 32 OR BELOW: 0 0.50 INCH OR MORE: 0
MIN 0 OR BELOW: 0 1.00 INCH OR MORE: 0
[HDD (BASE 65) ]
TOTAL THIS MO. 0 CLEAR (SCALE 0-3) 30
DPTR FM NORMAL 0 PTCLDY (SCALE 4-7) 0
TOTAL FM JUL 1 1215 CLOUDY (SCALE 8-10) 0
DPTR FM NORMAL -75
[CDD (BASE 65) ]
TOTAL THIS MO. 666
DPTR FM NORMAL 5 [PRESSURE DATA]
TOTAL FM JAN 1 1351 HIGHEST SLP 30.04 ON 9
DPTR FM NORMAL 60 LOWEST SLP 29.52 ON 28
[REMARKS]
#FINAL-06-20#