000
CXUS55 KPSR 011005
CF6DVT
PRELIMINARY LOCAL CLIMATOLOGICAL DATA (WS FORM: F-6)
STATION: DEER VLY/PHOENIX AZ
MONTH: NOVEMBER
YEAR: 2023
LATITUDE: 33 41 N
LONGITUDE: 112 4 W
TEMPERATURE IN F: :PCPN: SNOW: WIND :SUNSHINE: SKY :PK WND
================================================================================
1 2 3 4 5 6A 6B 7 8 9 10 11 12 13 14 15 16 17 18
12Z AVG MX 2MIN
DY MAX MIN AVG DEP HDD CDD WTR SNW DPTH SPD SPD DIR MIN PSBL S-S WX SPD DR
================================================================================
1 81 57 69 0 0 4 0.00 M M 6.4 16 80 M M 0 25 80
2 82 55 69 1 0 4 0.00 M M 5.0 12 40 M M 0 14 40
3 84 53 69 1 0 4 0.00 M M 3.9 12 40 M M 0 15 30
4 86 53 70 3 0 5 0.00 M M 3.9 13 40 M M 0 18 50
5 89 56 73 6 0 8 0.00 M M 2.8 10 50 M M 0 14 40
6 89 59 74 7 0 9 0.00 0.0 M 2.4 12 230 M M 0 16 240
7 84 59 72 6 0 7 0.00 0.0 M 6.0 13 250 M M 0 16 240
8 76 51 64 -2 1 0 0.00 0.0 M 4.9 13 250 M M 0 18 260
9 77 51 64 -1 1 0 0.00 0.0 0 4.2 16 250 M M 0 19 260
10 75 49 62 -3 3 0 0.00 0.0 0 4.5 10 40 M M 0 14 200
11 78 52 65 1 0 0 0.00 0.0 0 5.8 14 60 M M 0 23 70
12 80 54 67 3 0 2 0.00 M M 6.7 17 80 M M 0 24 130
13 83 62 73 9 0 8 0.00 M M 5.9 16 150 M M 0 21 160
14 84 66 75 12 0 10 0.00 0.0 0 6.3 14 190 M M 0 19 140
15 83 66 75 12 0 10 T M M 4.6 10 260 M M 0 15 170
16 75 64 70 8 0 5 T 0.0 0 3.2 10 250 M M 8 13 250
17 79 58 69 7 0 4 0.00 0.0 0 3.7 12 50 M M 4 15 230
18 72 59 66 5 0 1 0.26 M M 4.6 13 40 M M 6 13 16 40
19 71 55 63 2 2 0 0.00 M M 6.7 21 270 M M 2 25 270
20 74 51 63 3 2 0 0.00 M M 6.5 16 20 M M 0 22 360
21 75 56 66 6 0 1 0.00 M M 7.9 17 70 M M 0 26 60
22 74 50 62 2 3 0 0.00 M M 4.5 13 40 M M 0 15 190
23 69 49 59 0 6 0 0.00 M M 3.9 12 240 M M 0 16 160
24 68 49 59 0 6 0 T M M 8.8 18 230 M M 4 26 210
25 65 47 56 -2 9 0 0.00 M M 4.5 13 260 M M 2 23 290
26 70 45 58 0 7 0 0.00 M M 4.6 13 40 M M 0 20 60
27 72 53 63 6 2 0 0.00 M M 5.0 12 70 M M 0 16 80
28 75 52 64 7 1 0 0.00 M M 4.2 13 130 M M 2 19 130
29 68 49 59 2 6 0 0.00 M M 3.9 10 250 M M 3 14 260
30 61 45 53 -3 12 0 0.06 M M 5.2 14 180 M M 3 13 18 240
================================================================================
SM 2299 1625 61 82 0.32 0.0 150.5 M 34
================================================================================
AV 76.6 54.2 5.0 FASTST M M 1 MAX(MPH)
MISC ----> 21 270 # 26 60
================================================================================
NOTES:
# LAST OF SEVERAL OCCURRENCES
COLUMN 17 PEAK WIND IN M.P.H.
PRELIMINARY LOCAL CLIMATOLOGICAL DATA (WS FORM: F-6) , PAGE 2
STATION: DEER VLY/PHOENIX AZ
MONTH: NOVEMBER
YEAR: 2023
LATITUDE: 33 41 N
LONGITUDE: 112 4 W
[TEMPERATURE DATA] [PRECIPITATION DATA] SYMBOLS USED IN COLUMN 16
AVERAGE MONTHLY: 65.4 TOTAL FOR MONTH: 0.32 1 = FOG OR MIST
DPTR FM NORMAL: 3.0 DPTR FM NORMAL: -0.58 2 = FOG REDUCING VISIBILITY
HIGHEST: 89 ON 6, 5 GRTST 24HR 0.26 ON 18-18 TO 1/4 MILE OR LESS
LOWEST: 45 ON 30,26 3 = THUNDER
SNOW, ICE PELLETS, HAIL 4 = ICE PELLETS
TOTAL MONTH: 0.0 INCH 5 = HAIL
GRTST 24HR 0.0 6 = FREEZING RAIN OR DRIZZLE
GRTST DEPTH: 0 7 = DUSTSTORM OR SANDSTORM:
VSBY 1/2 MILE OR LESS
8 = SMOKE OR HAZE
[NO. OF DAYS WITH] [WEATHER - DAYS WITH] 9 = BLOWING SNOW
X = TORNADO
MAX 32 OR BELOW: 0 0.01 INCH OR MORE: 2
MAX 90 OR ABOVE: 0 0.10 INCH OR MORE: 1
MIN 32 OR BELOW: 0 0.50 INCH OR MORE: 0
MIN 0 OR BELOW: 0 1.00 INCH OR MORE: 0
[HDD (BASE 65) ]
TOTAL THIS MO. 61 CLEAR (SCALE 0-3) 26
DPTR FM NORMAL -74 PTCLDY (SCALE 4-7) 4
TOTAL FM JUL 1 62 CLOUDY (SCALE 8-10) 0
DPTR FM NORMAL -84
[CDD (BASE 65) ]
TOTAL THIS MO. 82
DPTR FM NORMAL 25 [PRESSURE DATA]
TOTAL FM JAN 1 4143 HIGHEST SLP 30.33 ON 21
DPTR FM NORMAL 181 LOWEST SLP 29.73 ON 23
[REMARKS]
#FINAL-11-23#