000
CXUS55 KPSR 011005
CF6DVT
PRELIMINARY LOCAL CLIMATOLOGICAL DATA (WS FORM: F-6)
STATION: DEER VLY/PHOENIX AZ
MONTH: OCTOBER
YEAR: 2023
LATITUDE: 33 41 N
LONGITUDE: 112 4 W
TEMPERATURE IN F: :PCPN: SNOW: WIND :SUNSHINE: SKY :PK WND
================================================================================
1 2 3 4 5 6A 6B 7 8 9 10 11 12 13 14 15 16 17 18
12Z AVG MX 2MIN
DY MAX MIN AVG DEP HDD CDD WTR SNW DPTH SPD SPD DIR MIN PSBL S-S WX SPD DR
================================================================================
1 83 66 75 -5 0 10 0.00 0.0 0 6.9 15 280 M M 2 26 300
2 82 62 72 -8 0 7 0.00 0.0 0 4.0 16 260 M M 1 20 270
3 84 60 72 -8 0 7 0.00 M M 3.3 12 230 M M 0 17 230
4 91 62 77 -2 0 12 0.00 M M 4.6 15 40 M M 0 18 50
5 96 68 82 3 0 17 0.00 M M 5.0 15 40 M M 0 18 40
6 101 71 86 8 0 21 0.00 M M 5.8 12 40 M M 0 17 120
7 98 80 89 11 0 24 0.00 M M 8.6 20 160 M M 0 28 140
8 98 76 87 9 0 22 T M M 5.4 17 40 M M 0 25 360
9 97 74 86 9 0 21 T M M 5.9 14 50 M M 0 3 20 240
10 93 70 82 5 0 17 0.00 M M 5.1 16 250 M M 0 23 210
11 89 68 79 3 0 14 0.00 M M 6.9 20 260 M M 0 28 250
12 86 61 74 -2 0 9 0.00 M M 5.2 16 260 M M 0 21 240
13 87 61 74 -2 0 9 0.00 0.0 M 5.7 10 170 M M 0 15 190
14 89 63 76 1 0 11 0.00 0.0 M 4.5 10 40 M M 0 13 220
15 97 63 80 5 0 15 0.00 0.0 M 5.4 12 40 M M 0 15 180
16 101 71 86 12 0 21 0.00 M M 4.7 12 70 M M 0 15 120
17 97 69 83 9 0 18 0.00 M M 5.0 14 260 M M 0 18 170
18 97 68 83 9 0 18 0.00 M M 3.9 12 260 M M 0 15 250
19 101 67 84 11 0 19 0.00 M M 4.2 14 40 M M 0 18 40
20 100 66 83 10 0 18 0.00 M M 4.6 13 280 M M 0 16 270
21 97 65 81 8 0 16 0.00 M M 3.6 12 230 M M 0 16 280
22 93 66 80 8 0 15 0.00 M M 4.9 16 140 M M 0 21 130
23 83 64 74 2 0 9 0.00 M M 4.1 14 270 M M 0 18 270
24 83 64 74 2 0 9 0.00 M M 4.9 13 240 M M 2 17 280
25 80 60 70 -1 0 5 0.00 M M 3.5 14 250 M M 0 19 230
26 80 62 71 0 0 6 0.00 M M 4.3 13 230 M M 1 17 230
27 83 61 72 2 0 7 0.00 M M 4.3 12 240 M M 0 8 17 250
28 81 60 71 1 0 6 0.00 M M 4.9 17 260 M M 0 28 240
29 76 53 65 -5 0 0 0.00 M M 5.0 13 260 M M 0 18 260
30 79 55 67 -2 0 2 0.00 M M 7.6 16 60 M M 0 25 70
31 79 49 64 -5 1 0 0.00 M M 6.7 17 80 M M 0 27 80
================================================================================
SM 2781 2005 1 385 T 0.0 158.5 M 6
================================================================================
AV 89.7 64.7 5.1 FASTST M M 0 MAX(MPH)
MISC ----> # 20 160 # 28 140
================================================================================
NOTES:
# LAST OF SEVERAL OCCURRENCES
COLUMN 17 PEAK WIND IN M.P.H.
PRELIMINARY LOCAL CLIMATOLOGICAL DATA (WS FORM: F-6) , PAGE 2
STATION: DEER VLY/PHOENIX AZ
MONTH: OCTOBER
YEAR: 2023
LATITUDE: 33 41 N
LONGITUDE: 112 4 W
[TEMPERATURE DATA] [PRECIPITATION DATA] SYMBOLS USED IN COLUMN 16
AVERAGE MONTHLY: 77.2 TOTAL FOR MONTH: T 1 = FOG OR MIST
DPTR FM NORMAL: 2.7 DPTR FM NORMAL: -0.67 2 = FOG REDUCING VISIBILITY
HIGHEST: 101 ON 19,16 GRTST 24HR T ON 8- 8 TO 1/4 MILE OR LESS
LOWEST: 49 ON 31 3 = THUNDER
SNOW, ICE PELLETS, HAIL 4 = ICE PELLETS
TOTAL MONTH: 0.0 INCH 5 = HAIL
GRTST 24HR 0.0 6 = FREEZING RAIN OR DRIZZLE
GRTST DEPTH: 0 7 = DUSTSTORM OR SANDSTORM:
VSBY 1/2 MILE OR LESS
8 = SMOKE OR HAZE
[NO. OF DAYS WITH] [WEATHER - DAYS WITH] 9 = BLOWING SNOW
X = TORNADO
MAX 32 OR BELOW: 0 0.01 INCH OR MORE: 0
MAX 90 OR ABOVE: 15 0.10 INCH OR MORE: 0
MIN 32 OR BELOW: 0 0.50 INCH OR MORE: 0
MIN 0 OR BELOW: 0 1.00 INCH OR MORE: 0
[HDD (BASE 65) ]
TOTAL THIS MO. 1 CLEAR (SCALE 0-3) 31
DPTR FM NORMAL -9 PTCLDY (SCALE 4-7) 0
TOTAL FM JUL 1 1 CLOUDY (SCALE 8-10) 0
DPTR FM NORMAL -7
[CDD (BASE 65) ]
TOTAL THIS MO. 385
DPTR FM NORMAL 80 [PRESSURE DATA]
TOTAL FM JAN 1 4061 HIGHEST SLP 30.15 ON 31
DPTR FM NORMAL 156 LOWEST SLP 29.41 ON 11
[REMARKS]
#FINAL-10-23#