000
CXUS54 KHGX 011410
CF6DWH
PRELIMINARY LOCAL CLIMATOLOGICAL DATA (WS FORM: F-6)
STATION: HOUSTON/D.W._HOOKS
MONTH: MAY
YEAR: 2023
LATITUDE: 30 4 N
LONGITUDE: 95 33 W
TEMPERATURE IN F: :PCPN: SNOW: WIND :SUNSHINE: SKY :PK WND
================================================================================
1 2 3 4 5 6A 6B 7 8 9 10 11 12 13 14 15 16 17 18
12Z AVG MX 2MIN
DY MAX MIN AVG DEP HDD CDD WTR SNW DPTH SPD SPD DIR MIN PSBL S-S WX SPD DR
================================================================================
1 85 53 69 -4 0 4 0.00 0.0 0 4.2 12 90 M M 0 16 50
2 84 61 73 0 0 8 0.00 0.0 0 2.6 10 90 M M 4 128 16 100
3 87 63 75 2 0 10 0.00 0.0 0 3.7 14 100 M M 1 1 19 100
4 83 62 73 -1 0 8 0.00 0.0 0 5.3 16 140 M M 7 1 23 150
5 93 75 84 10 0 19 T 0.0 0 6.0 15 120 M M 6 18 21 150
6 92 67 80 6 0 15 0.08 0.0 0 8.1 21 130 M M 6 38 33 130
7 80 71 76 2 0 11 0.17 0.0 0 6.7 17 120 M M 5 138 26 110
8 87 65 76 1 0 11 2.75 0.0 0 5.5 28 80 M M 8 138 44 40
9 81 66 74 -1 0 9 0.79 0.0 0 4.7 17 80 M M M 3 29 250
10 74 68 71 -4 0 6 1.05 0.0 0 2.9 9 60 M M 9 13 20 60
11 89 71 80 4 0 15 T 0.0 0 6.5 16 120 M M 8 18 24 120
12 90 77 84 8 0 19 0.01 0.0 0 9.8 18 130 M M 8 1 29 120
13 80 68 74 -2 0 9 0.62 0.0 0 5.3 18 340 M M 7 138 28 340
14 85 69 77 1 0 12 1.70 0.0 0 6.1 20 190 M M 7 13 31 200
15 84 68 76 -1 0 11 T 0.0 0 2.9 15 80 M M 6 1238 22 120
16 87 67 77 0 0 12 T 0.0 0 4.7 21 130 M M 2 13 30 130
17 87 67 77 0 0 12 0.00 0.0 0 2.8 10 320 M M 2 20 310
18 90 65 78 1 0 13 0.00 0.0 0 2.1 8 80 M M 0 13 280
19 93 70 82 4 0 17 0.00 0.0 0 4.2 12 200 M M 1 1 17 210
20 88 72 80 2 0 15 0.00 0.0 0 6.3 15 340 M M 1 23 360
21 79 68 74 -4 0 9 T 0.0 0 4.3 12 20 M M 4 8 14 30
22 87 68 78 0 0 13 0.00 0.0 0 3.5 10 310 M M 3 16 330
23 89 67 78 -1 0 13 0.63 0.0 0 2.8 16 30 M M 2 138 24 40
24 87 67 77 -2 0 12 0.00 0.0 0 4.0 13 20 M M 1 18 18 10
25 87 68 78 -1 0 13 0.00 0.0 0 4.3 12 70 M M 2 20 50
26 89 66 78 -2 0 13 0.00 0.0 0 3.6 12 90 M M 0 18 10
27 90 67 79 -1 0 14 0.00 0.0 0 2.7 10 90 M M 1 18 17 70
28 89 65 77 -3 0 12 0.00 0.0 0 2.7 13 130 M M 3 18 19 140
29 87 69 78 -2 0 13 0.00 0.0 0 3.9 14 60 M M 3 1 27 60
30 90 66 78 -2 0 13 T 0.0 0 2.6 12 220 M M 2 3 19 200
31 91 67 79 -1 0 14 0.00 0.0 0 2.4 12 120 M M 3 13 20 160
================================================================================
SM 2684 2083 0 375 7.80 0.0 137.2 M 112
================================================================================
AV 86.6 67.2 4.4 FASTST M M 4 MAX(MPH)
MISC ----> 28 80 44 40
================================================================================
NOTES:
# LAST OF SEVERAL OCCURRENCES
COLUMN 17 PEAK WIND IN M.P.H.
PRELIMINARY LOCAL CLIMATOLOGICAL DATA (WS FORM: F-6) , PAGE 2
STATION: HOUSTON/D.W._HOOKS
MONTH: MAY
YEAR: 2023
LATITUDE: 30 4 N
LONGITUDE: 95 33 W
[TEMPERATURE DATA] [PRECIPITATION DATA] SYMBOLS USED IN COLUMN 16
AVERAGE MONTHLY: 76.9 TOTAL FOR MONTH: 7.80 1 = FOG OR MIST
DPTR FM NORMAL: 0.1 DPTR FM NORMAL: 2.86 2 = FOG REDUCING VISIBILITY
HIGHEST: 93 ON 19, 5 GRTST 24HR 3.54 ON 8- 9 TO 1/4 MILE OR LESS
LOWEST: 53 ON 1 3 = THUNDER
SNOW, ICE PELLETS, HAIL 4 = ICE PELLETS
TOTAL MONTH: 0.0 INCH 5 = HAIL
GRTST 24HR 0.0 6 = FREEZING RAIN OR DRIZZLE
GRTST DEPTH: 0 7 = DUSTSTORM OR SANDSTORM:
VSBY 1/2 MILE OR LESS
8 = SMOKE OR HAZE
[NO. OF DAYS WITH] [WEATHER - DAYS WITH] 9 = BLOWING SNOW
X = TORNADO
MAX 32 OR BELOW: 0 0.01 INCH OR MORE: 9
MAX 90 OR ABOVE: 8 0.10 INCH OR MORE: 7
MIN 32 OR BELOW: 0 0.50 INCH OR MORE: 6
MIN 0 OR BELOW: 0 1.00 INCH OR MORE: 3
[HDD (BASE 65) ]
TOTAL THIS MO. 0 CLEAR (SCALE 0-3) 16
DPTR FM NORMAL -2 PTCLDY (SCALE 4-7) 13
TOTAL FM JUL 1 1149 CLOUDY (SCALE 8-10) 2
DPTR FM NORMAL -218
[CDD (BASE 65) ]
TOTAL THIS MO. 375
DPTR FM NORMAL 7 [PRESSURE DATA]
TOTAL FM JAN 1 798 HIGHEST SLP 30.17 ON 15
DPTR FM NORMAL 133 LOWEST SLP 29.79 ON 11
[REMARKS]
#FINAL-05-23#