000
CXUS54 KEWX 011010
CF6DZB
PRELIMINARY LOCAL CLIMATOLOGICAL DATA (WS FORM: F-6)
STATION: HORSESHOE BAY
MONTH: SEPTEMBER
YEAR: 2021
LATITUDE: 30 31 N
LONGITUDE: 98 22 W
TEMPERATURE IN F: :PCPN: SNOW: WIND :SUNSHINE: SKY :PK WND
================================================================================
1 2 3 4 5 6A 6B 7 8 9 10 11 12 13 14 15 16 17 18
12Z AVG MX 2MIN
DY MAX MIN AVG DEP HDD CDD WTR SNW DPTH SPD SPD DIR MIN PSBL S-S WX SPD DR
================================================================================
1 97 74 86 M 0 21 0.00 M M 6.1 12 170 M M 2 1 16 190
2 96 74 85 M 0 20 0.00 M M 5.8 10 150 M M 2 18 190
3 96 73 85 M 0 20 0.00 M M 5.5 10 170 M M 2 17 160
4 98 74 86 M 0 21 0.00 M M 6.3 12 210 M M 1 17 180
5 99 74 87 M 0 22 0.04 M M 3.5 12 180 M M 1 25 160
6 97 72 85 M 0 20 0.00 M M 2.4 9 70 M M 1 3 24 260
7 95 68 82 M 0 17 0.00 M M 2.2 7 60 M M 1 M M
8 97 68 83 M 0 18 0.00 M M 1.8 10 40 M M 1 20 40
9 94 64 79 M 0 14 0.00 M M 2.5 9 40 M M 0 18 70
10 93 58 76 M 0 11 0.00 M M 2.3 9 70 M M 0 M M
11 M M M M M M 0.00 M M 2.5 7 130 M M 0 M M
12 91 64 78 M 0 13 0.00 M M 3.5 8 130 M M 2 16 130
13 88 69 79 M 0 14 0.00 M M 3.7 12 120 M M 6 18 120
14 89 67 78 M 0 13 0.00 M M 4.1 13 50 M M 7 18 50
15 91 67 79 M 0 14 0.00 M M 4.2 9 60 M M 5 17 20
16 92 64 78 M 0 13 0.00 M M 2.2 8 60 M M 2 M M
17 97 66 82 M 0 17 0.00 M M 2.6 6 360 M M 1 M M
18 96 67 82 M 0 17 0.00 M M 2.1 7 10 M M 1 M M
19 98 69 84 M 0 19 0.00 M M 2.5 7 180 M M 1 17 180
20 100 75 88 M 0 23 0.00 M M 8.4 15 180 M M 0 22 180
21 92 74 83 M 0 18 0.00 M M 6.3 15 330 M M 2 18 21 330
22 83 55 69 M 0 4 0.00 M M 4.9 12 40 M M 0 17 40
23 87 49 68 M 0 3 0.00 M M 2.5 6 130 M M 0 M M
24 88 54 71 M 0 6 0.00 M M 4.6 9 180 M M 0 M M
25 89 55 72 M 0 7 0.00 M M 2.6 7 80 M M 0 16 80
26 89 55 72 M 0 7 0.00 M M 3.7 9 160 M M 0 M M
27 93 64 79 M 0 14 0.00 M M 5.1 9 170 M M 2 16 170
28 96 68 82 M 0 17 0.26 M M 6.2 20 320 M M 5 3 28 320
29 91 66 79 M 0 14 0.06 M M 5.5 14 150 M M 2 3 23 160
30 92 68 80 M 0 15 0.12 M M 4.8 9 180 M M 4 M M
================================================================================
SM 2704 1915 0 432 0.48 M 120.5 M 51
================================================================================
AV 93.2 66.0 4.0 FASTST M M 2 MAX(MPH)
MISC ----> 20 320 28 320
================================================================================
NOTES:
# LAST OF SEVERAL OCCURRENCES
COLUMN 17 PEAK WIND IN M.P.H.
PRELIMINARY LOCAL CLIMATOLOGICAL DATA (WS FORM: F-6) , PAGE 2
STATION: HORSESHOE BAY
MONTH: SEPTEMBER
YEAR: 2021
LATITUDE: 30 31 N
LONGITUDE: 98 22 W
[TEMPERATURE DATA] [PRECIPITATION DATA] SYMBOLS USED IN COLUMN 16
AVERAGE MONTHLY: 79.6 TOTAL FOR MONTH: 0.48 1 = FOG OR MIST
DPTR FM NORMAL: 0.0 DPTR FM NORMAL: M 2 = FOG REDUCING VISIBILITY
HIGHEST: 100 ON 20 GRTST 24HR 0.26 ON 28-28 TO 1/4 MILE OR LESS
LOWEST: 49 ON 23 3 = THUNDER
SNOW, ICE PELLETS, HAIL 4 = ICE PELLETS
TOTAL MONTH: M 5 = HAIL
GRTST 24HR M ON M 6 = FREEZING RAIN OR DRIZZLE
GRTST DEPTH: M ON M 7 = DUSTSTORM OR SANDSTORM:
VSBY 1/2 MILE OR LESS
8 = SMOKE OR HAZE
[NO. OF DAYS WITH] [WEATHER - DAYS WITH] 9 = BLOWING SNOW
X = TORNADO
MAX 32 OR BELOW: 0 0.01 INCH OR MORE: 4
MAX 90 OR ABOVE: 22 0.10 INCH OR MORE: 2
MIN 32 OR BELOW: 0 0.50 INCH OR MORE: 0
MIN 0 OR BELOW: 0 1.00 INCH OR MORE: 0
[HDD (BASE 65) ]
TOTAL THIS MO. 0 CLEAR (SCALE 0-3) 25
DPTR FM NORMAL M PTCLDY (SCALE 4-7) 5
TOTAL FM JUL 1 0 CLOUDY (SCALE 8-10) 0
DPTR FM NORMAL M
[CDD (BASE 65) ]
TOTAL THIS MO. 432
DPTR FM NORMAL M [PRESSURE DATA]
TOTAL FM JAN 1 2440 HIGHEST SLP M ON M
DPTR FM NORMAL M LOWEST SLP M ON M
[REMARKS]
#FINAL-09-21#