000
CXUS53 KMPX 021535
CF6EAU
PRELIMINARY LOCAL CLIMATOLOGICAL DATA (WS FORM: F-6)
STATION: EAU CLAIRE WI
MONTH: OCTOBER
YEAR: 2021
LATITUDE: 44 52 N
LONGITUDE: 91 29 W
TEMPERATURE IN F: :PCPN: SNOW: WIND :SUNSHINE: SKY :PK WND
================================================================================
1 2 3 4 5 6A 6B 7 8 9 10 11 12 13 14 15 16 17 18
12Z AVG MX 2MIN
DY MAX MIN AVG DEP HDD CDD WTR SNW DPTH SPD SPD DIR MIN PSBL S-S WX SPD DR
================================================================================
1 83 57 70 16 0 5 0.51 0.0 0 6.1 20 220 M M 3 13 28 220
2 75 64 70 16 0 5 0.37 0.0 0 4.1 16 240 M M 9 1 23 240
3 68 56 62 9 3 0 0.00 0.0 0 6.2 14 330 M M 9 21 350
4 72 54 63 10 2 0 0.00 0.0 0 4.2 8 330 M M 7 13 310
5 73 50 62 10 3 0 0.00 0.0 0 5.1 12 130 M M 5 12 15 140
6 77 54 66 14 0 1 0.00 0.0 0 5.6 15 130 M M 5 1 20 120
7 74 55 65 14 0 0 T 0.0 0 5.6 15 100 M M 8 12 20 100
8 72 53 63 12 2 0 0.15 0.0 0 3.5 13 160 M M 8 128 15 160
9 79 53 66 16 0 1 0.03 0.0 0 8.1 21 110 M M 6 12 31 130
10 80 57 69 19 0 4 T 0.0 0 10.4 22 230 M M 1 1 35 210
11 59 50 55 5 10 0 T 0.0 0 3.7 10 220 M M 6 13 220
12 66 56 61 12 4 0 0.00 0.0 0 4.8 12 320 M M 8 17 320
13 65 51 58 9 7 0 0.01 0.0 0 10.8 24 150 M M 7 1 35 130
14 60 40 50 2 15 0 0.00 0.0 0 9.8 20 230 M M 4 29 220
15 58 37 48 0 17 0 0.00 0.0 0 7.7 18 300 M M 4 25 290
16 62 38 50 3 15 0 0.00 0.0 0 8.9 26 300 M M 1 35 300
17 67 36 52 5 13 0 0.00 0.0 0 3.8 14 260 M M 0 18 20 260
18 75 34 55 8 10 0 0.00 0.0 0 5.3 14 200 M M 0 1 20 180
19 74 38 56 10 9 0 T 0.0 0 4.0 15 210 M M 2 19 170
20 61 45 53 7 12 0 0.44 0.0 0 6.4 16 80 M M 6 13 22 80
21 53 31 42 -3 23 0 T 0.0 0 8.0 16 350 M M 5 1 24 360
22 48 28 38 -7 27 0 0.00 0.0 0 2.0 8 360 M M 4 18 12 30
23 53 27 40 -4 25 0 0.00 0.0 0 0.9 8 100 M M 3 12 12 360
24 50 27 39 -5 26 0 0.00 0.0 0 7.6 17 60 M M 1 12 25 60
25 54 34 44 0 21 0 0.00 0.0 0 7.0 18 60 M M 0 27 60
26 55 28 42 -1 23 0 0.00 0.0 0 7.3 15 110 M M 0 21 110
27 57 42 50 7 15 0 0.01 0.0 0 11.4 21 130 M M 9 29 130
28 51 44 48 6 17 0 0.26 0.0 0 6.9 12 350 M M 7 1 20 120
29 54 47 51 9 14 0 0.00 0.0 0 8.8 17 20 M M 10 25 10
30 59 37 48 7 17 0 0.00 0.0 0 4.6 15 340 M M 3 23 310
31 49 33 41 0 24 0 0.00 0.0 0 10.8 21 300 M M 5 30 330
================================================================================
SM 1983 1356 354 16 1.78 0.0 199.4 M 146
================================================================================
AV 64.0 43.7 6.4 FASTST M M 5 MAX(MPH)
MISC ----> 26 300 # 35 210
================================================================================
NOTES:
# LAST OF SEVERAL OCCURRENCES
COLUMN 17 PEAK WIND IN M.P.H.
PRELIMINARY LOCAL CLIMATOLOGICAL DATA (WS FORM: F-6) , PAGE 2
STATION: EAU CLAIRE WI
MONTH: OCTOBER
YEAR: 2021
LATITUDE: 44 52 N
LONGITUDE: 91 29 W
[TEMPERATURE DATA] [PRECIPITATION DATA] SYMBOLS USED IN COLUMN 16
AVERAGE MONTHLY: 53.9 TOTAL FOR MONTH: 1.78 1 = FOG OR MIST
DPTR FM NORMAL: 6.4 DPTR FM NORMAL: -0.71 2 = FOG REDUCING VISIBILITY
HIGHEST: 83 ON 1 GRTST 24HR 0.88 ON 1- 2 TO 1/4 MILE OR LESS
LOWEST: 27 ON 24,23 3 = THUNDER
SNOW, ICE PELLETS, HAIL 4 = ICE PELLETS
TOTAL MONTH: 0.0 INCH 5 = HAIL
GRTST 24HR 0.0 6 = FREEZING RAIN OR DRIZZLE
GRTST DEPTH: 0 7 = DUSTSTORM OR SANDSTORM:
VSBY 1/2 MILE OR LESS
8 = SMOKE OR HAZE
[NO. OF DAYS WITH] [WEATHER - DAYS WITH] 9 = BLOWING SNOW
X = TORNADO
MAX 32 OR BELOW: 0 0.01 INCH OR MORE: 8
MAX 90 OR ABOVE: 0 0.10 INCH OR MORE: 5
MIN 32 OR BELOW: 5 0.50 INCH OR MORE: 1
MIN 0 OR BELOW: 0 1.00 INCH OR MORE: 0
[HDD (BASE 65) ]
TOTAL THIS MO. 354 CLEAR (SCALE 0-3) 11
DPTR FM NORMAL -194 PTCLDY (SCALE 4-7) 16
TOTAL FM JUL 1 448 CLOUDY (SCALE 8-10) 4
DPTR FM NORMAL -317
[CDD (BASE 65) ]
TOTAL THIS MO. 16
DPTR FM NORMAL 12 [PRESSURE DATA]
TOTAL FM JAN 1 790 HIGHEST SLP 30.30 ON 5
DPTR FM NORMAL 223 LOWEST SLP 29.46 ON 10
[REMARKS]
#FINAL-10-21#
THE PRECIPITATION VALUE ON THE 28TH IS FROM THE 8 INCH DIAMETER RAIN GAUGE AT THE SNOW OBSERVING SITE.