000
CXUS53 KEAX 010736
CF6EAX
PRELIMINARY LOCAL CLIMATOLOGICAL DATA (WS FORM: F-6)
STATION: PLEASANT HILL NWS MO
MONTH: AUGUST
YEAR: 2021
LATITUDE: 38 48 N
LONGITUDE: 94 16 W
TEMPERATURE IN F: :PCPN: SNOW: WIND :SUNSHINE: SKY :PK WND
================================================================================
1 2 3 4 5 6A 6B 7 8 9 10 11 12 13 14 15 16 17 18
12Z AVG MX 2MIN
DY MAX MIN AVG DEP HDD CDD WTR SNW DPTH SPD SPD DIR MIN PSBL S-S WX SPD DR
================================================================================
1 82 65 74 -5 0 9 0.00 0.0 0 M M M M M M 8 M M
2 82 64 73 -6 0 8 0.00 0.0 0 M M M M M M M M
3 80 61 71 -8 0 6 0.00 0.0 0 M M M M M M M M
4 83 62 73 -5 0 8 0.00 0.0 0 M M M M M M M M
5 79 66 73 -5 0 8 T 0.0 0 M M M M M M M M
6 88 65 77 -1 0 12 0.00 0.0 0 M M M M M M M M
7 91 69 80 2 0 15 0.00 0.0 0 M M M M M M M M
8 87 69 78 0 0 13 0.01 0.0 0 M M M M M M M M
9 93 76 85 7 0 20 0.00 0.0 0 M M M M M M M M
10 91 73 82 4 0 17 0.28 0.0 0 M M M M M M M M
11 94 77 86 8 0 21 0.00 0.0 0 M M M M M M M M
12 97 68 83 5 0 18 2.47 0.0 0 M M M M M M M M
13 82 66 74 -4 0 9 0.64 0.0 0 M M M M M M M M
14 84 65 75 -3 0 10 0.00 0.0 0 M M M M M M M M
15 83 63 73 -4 0 8 0.00 0.0 0 M M M M M M M M
16 86 63 75 -2 0 10 0.00 0.0 0 M M M M M M M M
17 87 66 77 0 0 12 0.00 0.0 0 M M M M M M M M
18 88 67 78 1 0 13 0.00 0.0 0 M M M M M M M M
19 88 69 79 2 0 14 0.00 0.0 0 M M M M M M M M
20 87 67 77 0 0 12 0.80 0.0 0 M M M M M M M M
21 85 67 76 0 0 11 0.31 0.0 0 M M M M M M M M
22 87 64 76 0 0 11 0.00 0.0 0 M M M M M M M M
23 92 74 83 7 0 18 0.00 0.0 0 M M M M M M M M
24 92 72 82 6 0 17 0.00 0.0 0 M M M M M M M M
25 92 73 83 7 0 18 0.00 0.0 0 M M M M M M M M
26 94 74 84 9 0 19 0.00 0.0 0 M M M M M M M M
27 91 71 81 6 0 16 0.00 0.0 0 M M M M M M M M
28 90 71 81 6 0 16 0.00 0.0 0 M M M M M M M M
29 87 70 79 4 0 14 0.00 0.0 0 M M M M M M M M
30 90 70 80 6 0 15 0.00 0.0 0 M M M M M M M M
31 81 66 74 0 0 9 0.43 0.0 0 M M M M M M M M
================================================================================
SM 2713 2113 0 407 4.94 0.0 M M M
================================================================================
AV 87.5 68.2 M FASTST M M M MAX(MPH)
MISC ----> M M M M
================================================================================
NOTES:
# LAST OF SEVERAL OCCURRENCES
COLUMN 17 PEAK WIND IN M.P.H.
PRELIMINARY LOCAL CLIMATOLOGICAL DATA (WS FORM: F-6) , PAGE 2
STATION: PLEASANT HILL NWS MO
MONTH: AUGUST
YEAR: 2021
LATITUDE: 38 48 N
LONGITUDE: 94 16 W
[TEMPERATURE DATA] [PRECIPITATION DATA] SYMBOLS USED IN COLUMN 16
AVERAGE MONTHLY: 77.8 TOTAL FOR MONTH: 4.94 1 = FOG OR MIST
DPTR FM NORMAL: 0.9 DPTR FM NORMAL: 0.56 2 = FOG REDUCING VISIBILITY
HIGHEST: 97 ON 12 GRTST 24HR 2.47 ON 12-12 TO 1/4 MILE OR LESS
LOWEST: 61 ON 3 3 = THUNDER
SNOW, ICE PELLETS, HAIL 4 = ICE PELLETS
TOTAL MONTH: 0.0 INCH 5 = HAIL
GRTST 24HR 0.0 6 = FREEZING RAIN OR DRIZZLE
GRTST DEPTH: 0 7 = DUSTSTORM OR SANDSTORM:
VSBY 1/2 MILE OR LESS
8 = SMOKE OR HAZE
[NO. OF DAYS WITH] [WEATHER - DAYS WITH] 9 = BLOWING SNOW
X = TORNADO
MAX 32 OR BELOW: 0 0.01 INCH OR MORE: 7
MAX 90 OR ABOVE: 12 0.10 INCH OR MORE: 6
MIN 32 OR BELOW: 0 0.50 INCH OR MORE: 3
MIN 0 OR BELOW: 0 1.00 INCH OR MORE: 1
[HDD (BASE 65) ]
TOTAL THIS MO. 0 CLEAR (SCALE 0-3) 0
DPTR FM NORMAL -1 PTCLDY (SCALE 4-7) 0
TOTAL FM JUL 1 0 CLOUDY (SCALE 8-10) 31
DPTR FM NORMAL 0
[CDD (BASE 65) ]
TOTAL THIS MO. 407
DPTR FM NORMAL 35 [PRESSURE DATA]
TOTAL FM JAN 1 1188 HIGHEST SLP M ON M
DPTR FM NORMAL 0 LOWEST SLP M ON M
[REMARKS]
#FINAL-08-21#