799
CXUS54 KEWX 011010
CF6ECU
PRELIMINARY LOCAL CLIMATOLOGICAL DATA (WS FORM: F-6)
STATION: EDWARDS COUNTY AIRPORT
MONTH: JANUARY
YEAR: 2021
LATITUDE: 29 57 N
LONGITUDE: 100 10 W
TEMPERATURE IN F: :PCPN: SNOW: WIND :SUNSHINE: SKY :PK WND
================================================================================
1 2 3 4 5 6A 6B 7 8 9 10 11 12 13 14 15 16 17 18
12Z AVG MX 2MIN
DY MAX MIN AVG DEP HDD CDD WTR SNW DPTH SPD SPD DIR MIN PSBL S-S WX SPD DR
================================================================================
1 46 32 39 M 26 0 0.00 M M 12.5 20 330 M M 2 27 340
2 55 28 42 M 23 0 0.00 M M 6.6 13 280 M M 0 21 280
3 64 37 51 M 14 0 0.00 M M 6.6 10 260 M M 0 15 230
4 70 46 58 M 7 0 0.00 M M 7.3 15 280 M M 0 15 300
5 64 41 53 M 12 0 0.00 M M 9.1 16 160 M M 0 1 20 150
6 57 43 50 M 15 0 0.00 M M 13.7 24 320 M M 5 12 30 310
7 61 37 49 M 16 0 0.00 M M 7.9 12 350 M M 0 18 350
8 57 32 45 M 20 0 0.00 M M 5.5 9 60 M M 1 15 80
9 45 30 38 M 27 0 0.00 M M 7.5 17 130 M M 8 24 130
10 41 30 36 M 29 0 0.17 M M 9.4 14 10 M M 10 1 22 340
11 39 30 35 M 30 0 0.00 M M 8.1 17 350 M M 10 23 350
12 46 30 38 M 27 0 0.00 M M 2.7 8 270 M M 2 13 270
13 61 32 47 M 18 0 0.00 M M 8.4 16 260 M M 0 25 260
14 61 41 51 M 14 0 0.00 M M 10.8 24 330 M M 0 33 330
15 54 34 44 M 21 0 0.00 M M 8.4 14 330 M M 2 22 360
16 63 34 49 M 16 0 0.00 M M 7.1 14 180 M M 3 21 180
17 64 36 50 M 15 0 0.00 M M 5.2 9 240 M M 0 12 99
18 70 43 57 M 8 0 0.00 M M 10.6 20 170 M M 2 12 26 180
19 55 41 48 M 17 0 0.01 M M 10.6 17 30 M M 10 1 25 30
20 46 39 43 M 22 0 0.50 M M 5.3 13 50 M M 10 1 21 50
21 59 45 52 M 13 0 0.00 M M 4.9 10 280 M M 7 1 M M
22 72 48 60 M 5 0 0.02 M M 7.6 17 310 M M 4 12 18 300
23 57 46 52 M 13 0 0.00 M M 8.5 15 150 M M 10 12 18 140
24 66 57 62 M 3 0 0.00 M M 12.9 22 150 M M 10 12 33 150
25 66 46 56 M 9 0 0.00 M M 10.9 16 320 M M 3 1 24 170
26 70 46 58 M 7 0 0.00 M M 9.7 21 330 M M 2 8 33 350
27 57 39 48 M 17 0 0.00 M M 9.1 17 330 M M 3 23 340
28 57 32 45 M 20 0 0.00 M M 8.0 12 150 M M 2 16 170
29 61 41 51 M 14 0 0.00 M M 12.4 18 180 M M 7 1 27 180
30 73 55 64 M 1 0 0.00 M M 14.0 24 170 M M 5 1 35 160
31 64 45 55 M 10 0 0.00 M M 8.3 13 50 M M 2 23 20
================================================================================
SM 1821 1216 489 0 0.70 M 269.7 M 120
================================================================================
AV 58.7 39.2 8.7 FASTST M M 4 MAX(MPH)
MISC ----> 24 170 35 160
================================================================================
NOTES:
# LAST OF SEVERAL OCCURRENCES
COLUMN 17 PEAK WIND IN M.P.H.
PRELIMINARY LOCAL CLIMATOLOGICAL DATA (WS FORM: F-6) , PAGE 2
STATION: EDWARDS COUNTY AIRPORT
MONTH: JANUARY
YEAR: 2021
LATITUDE: 29 57 N
LONGITUDE: 100 10 W
[TEMPERATURE DATA] [PRECIPITATION DATA] SYMBOLS USED IN COLUMN 16
AVERAGE MONTHLY: 49.0 TOTAL FOR MONTH: 0.70 1 = FOG OR MIST
DPTR FM NORMAL: 0.0 DPTR FM NORMAL: M 2 = FOG REDUCING VISIBILITY
HIGHEST: 73 ON 30 GRTST 24HR 0.83 ON 9-10 TO 1/4 MILE OR LESS
LOWEST: 28 ON 2 3 = THUNDER
SNOW, ICE PELLETS, HAIL 4 = ICE PELLETS
TOTAL MONTH: M 5 = HAIL
GRTST 24HR M ON M 6 = FREEZING RAIN OR DRIZZLE
GRTST DEPTH: M ON M 7 = DUSTSTORM OR SANDSTORM:
VSBY 1/2 MILE OR LESS
8 = SMOKE OR HAZE
[NO. OF DAYS WITH] [WEATHER - DAYS WITH] 9 = BLOWING SNOW
X = TORNADO
MAX 32 OR BELOW: 0 0.01 INCH OR MORE: 4
MAX 90 OR ABOVE: 0 0.10 INCH OR MORE: 2
MIN 32 OR BELOW: 9 0.50 INCH OR MORE: 1
MIN 0 OR BELOW: 0 1.00 INCH OR MORE: 0
[HDD (BASE 65) ]
TOTAL THIS MO. 489 CLEAR (SCALE 0-3) 18
DPTR FM NORMAL M PTCLDY (SCALE 4-7) 6
TOTAL FM JUL 1 1145 CLOUDY (SCALE 8-10) 7
DPTR FM NORMAL M
[CDD (BASE 65) ]
TOTAL THIS MO. 0
DPTR FM NORMAL M [PRESSURE DATA]
TOTAL FM JAN 1 0 HIGHEST SLP M ON M
DPTR FM NORMAL M LOWEST SLP M ON M
[REMARKS]
#FINAL-01-21#