496
CXUS56 KEKA 091321
CF6EKA
PRELIMINARY LOCAL CLIMATOLOGICAL DATA (WS FORM: F-6)
STATION: EUREKA CA
MONTH: MARCH
YEAR: 2021
LATITUDE: 40 47 N
LONGITUDE: 124 10 W
TEMPERATURE IN F: :PCPN: SNOW: WIND :SUNSHINE: SKY :PK WND
================================================================================
1 2 3 4 5 6A 6B 7 8 9 10 11 12 13 14 15 16 17 18
12Z AVG MX 2MIN
DY MAX MIN AVG DEP HDD CDD WTR SNW DPTH SPD SPD DIR MIN PSBL S-S WX SPD DR
================================================================================
1 56 37 47 -2 18 0 0.00 0.0 0 3.7 15 270 M M 4 1 23 M
2 58 35 47 -2 18 0 0.00 0.0 0 2.9 9 290 M M 2 18 9 M
3 51 39 45 -4 20 0 0.00 0.0 0 3.0 9 320 M M 6 1 9 M
4 66 40 53 4 12 0 0.00 0.0 0 8.9 20 170 M M 6 29 M
5 57 40 49 0 16 0 1.76 0.0 0 8.8 20 180 M M 10 1 28 M
6 53 40 47 -2 18 0 0.02 0.0 0 5.3 12 260 M M 4 12 M
7 54 39 47 -3 18 0 0.13 0.0 0 5.6 12 10 M M 7 15 M
8 52 37 45 -5 20 0 0.12 0.0 0 6.9 12 190 M M 9 3 24 M
9 51 41 46 -4 19 0 0.41 0.0 0 8.9 17 160 M M 9 5 18 M
10 53 39 46 -4 19 0 0.01 0.0 0 5.6 15 360 M M 7 16 M
11 54 34 44 -6 21 0 0.00 0.0 0 4.8 14 20 M M 1 14 M
12 54 41 48 -2 17 0 0.00 0.0 0 3.2 8 330 M M 6 9 M
13 54 45 50 0 15 0 0.00 0.0 0 5.7 12 170 M M 9 14 M
14 54 39 47 -3 18 0 0.78 0.0 0 7.9 23 330 M M 10 32 M
15 50 41 46 -4 19 0 T 0.0 0 13.9 23 360 M M 4 37 M
16 49 31 40 -10 25 0 0.00 0.0 0 3.6 12 360 M M 4 12 M
17 55 34 45 -5 20 0 T 0.0 0 6.0 16 180 M M 6 21 M
18 60 44 52 2 13 0 0.18 0.0 0 9.5 14 160 M M 10 1 30 M
19 55 41 48 -2 17 0 0.31 0.0 0 5.4 12 220 M M 6 17 M
20 53 41 47 -3 18 0 0.08 0.0 0 5.9 12 340 M M 5 12 M
21 53 36 45 -5 20 0 0.00 0.0 0 5.5 14 360 M M 3 18 M
22 54 41 48 -2 17 0 0.01 0.0 0 5.2 10 270 M M 10 21 M
23 52 37 45 -5 20 0 0.00 0.0 0 10.6 23 360 M M 0 8 32 0
24 52 37 45 -5 20 0 0.12 0.0 0 5.0 15 360 M M 8 1 20 M
25 52 40 46 -4 19 0 T 0.0 0 10.0 14 20 M M 5 8 26 M
26 55 36 46 -4 19 0 0.00 0.0 0 4.2 15 360 M M 0 18 M
27 59 37 48 -2 17 0 0.00 0.0 0 2.4 6 350 M M 1 1 6 M
28 52 42 47 -3 18 0 0.00 0.0 0 3.5 10 360 M M 9 2 14 M
29 52 39 46 -4 19 0 0.00 0.0 0 14.3 23 10 M M 0 38 360
30 55 35 45 -5 20 0 0.00 0.0 0 6.6 15 10 M M 0 8 24 0
31 71 37 54 4 11 0 0.00 0.0 0 2.5 8 280 M M 0 9 280
================================================================================
SM 1696 1195 561 0 3.93 0.0 195.3 M 161
================================================================================
AV 54.7 38.5 6.3 FASTST M M 5 MAX(MPH)
MISC ----> # 23 330 38 360
================================================================================
NOTES:
# LAST OF SEVERAL OCCURRENCES
COLUMN 17 PEAK WIND IN M.P.H.
PRELIMINARY LOCAL CLIMATOLOGICAL DATA (WS FORM: F-6) , PAGE 2
STATION: EUREKA CA
MONTH: MARCH
YEAR: 2021
LATITUDE: 40 47 N
LONGITUDE: 124 10 W
[TEMPERATURE DATA] [PRECIPITATION DATA] SYMBOLS USED IN COLUMN 16
AVERAGE MONTHLY: 46.6 TOTAL FOR MONTH: 3.93 1 = FOG OR MIST
DPTR FM NORMAL: -3.1 DPTR FM NORMAL: -1.37 2 = FOG REDUCING VISIBILITY
HIGHEST: 71 ON 31 GRTST 24HR 1.78 ON 5- 6 TO 1/4 MILE OR LESS
LOWEST: 31 ON 16 3 = THUNDER
SNOW, ICE PELLETS, HAIL 4 = ICE PELLETS
TOTAL MONTH: 0.0 INCH 5 = HAIL
GRTST 24HR 0.0 6 = FREEZING RAIN OR DRIZZLE
GRTST DEPTH: 0 7 = DUSTSTORM OR SANDSTORM:
VSBY 1/2 MILE OR LESS
8 = SMOKE OR HAZE
[NO. OF DAYS WITH] [WEATHER - DAYS WITH] 9 = BLOWING SNOW
X = TORNADO
MAX 32 OR BELOW: 0 0.01 INCH OR MORE: 12
MAX 90 OR ABOVE: 0 0.10 INCH OR MORE: 8
MIN 32 OR BELOW: 1 0.50 INCH OR MORE: 2
MIN 0 OR BELOW: 0 1.00 INCH OR MORE: 1
[HDD (BASE 65) ]
TOTAL THIS MO. 561 CLEAR (SCALE 0-3) 9
DPTR FM NORMAL 85 PTCLDY (SCALE 4-7) 14
TOTAL FM JUL 1 3434 CLOUDY (SCALE 8-10) 8
DPTR FM NORMAL 39
[CDD (BASE 65) ]
TOTAL THIS MO. 0
DPTR FM NORMAL 0 [PRESSURE DATA]
TOTAL FM JAN 1 0 HIGHEST SLP 30.43 ON 21
DPTR FM NORMAL 0 LOWEST SLP 29.80 ON 10
[REMARKS]
#FINAL-03-21#