000
CXUS54 KSHV 011400
CF6ELD
PRELIMINARY LOCAL CLIMATOLOGICAL DATA (WS FORM: F-6)
STATION: EL DORADO
MONTH: JANUARY
YEAR: 2022
LATITUDE: 33 13 N
LONGITUDE: 92 49 W
TEMPERATURE IN F: :PCPN: SNOW: WIND :SUNSHINE: SKY :PK WND
================================================================================
1 2 3 4 5 6A 6B 7 8 9 10 11 12 13 14 15 16 17 18
12Z AVG MX 2MIN
DY MAX MIN AVG DEP HDD CDD WTR SNW DPTH SPD SPD DIR MIN PSBL S-S WX SPD DR
================================================================================
1 79 54 67 22 0 2 0.16 0.0 0 10.0 25 190 M M M 35 190
2 54 25 40 -5 25 0 0.10 T 0 10.1 18 330 M M 7 14 24 320
3 45 21 33 -12 32 0 0.00 0.0 0 3.5 10 60 M M 0 16 30
4 53 25 39 -6 26 0 0.00 0.0 0 5.3 14 160 M M 0 19 190
5 61 33 47 2 18 0 T 0.0 0 4.8 14 60 M M 4 12 18 80
6 48 29 39 -5 26 0 0.08 0.0 0 8.0 16 350 M M 7 1 23 350
7 44 25 35 -9 30 0 0.00 0.0 0 7.5 16 100 M M 3 20 100
8 66 34 50 6 15 0 0.04 0.0 0 8.6 23 130 M M 9 13 31 140
9 71 41 56 12 9 0 0.04 0.0 0 9.5 20 30 M M 8 13 29 20
10 53 29 41 -3 24 0 0.00 0.0 0 4.9 13 10 M M 0 17 20
11 60 25 43 -1 22 0 0.00 0.0 0 0.7 8 190 M M 0 14 150
12 62 28 45 1 20 0 0.00 0.0 0 2.5 13 210 M M 0 19 210
13 70 35 53 9 12 0 0.00 0.0 0 4.3 13 280 M M 0 18 250
14 65 35 50 6 15 0 0.00 0.0 0 5.9 14 100 M M 0 19 150
15 55 29 42 -2 23 0 0.04 0.2 0 10.1 22 290 M M 9 18 32 290
16 49 31 40 -4 25 0 T T T 8.8 16 310 M M 4 1 22 320
17 58 28 43 -1 22 0 0.00 0.0 0 3.9 13 290 M M 0 17 340
18 67 29 48 3 17 0 0.00 0.0 0 6.9 21 150 M M 0 28 170
19 68 38 53 8 12 0 0.27 0.0 0 7.8 21 30 M M 3 13 30 10
20 39 26 33 -12 32 0 0.00 0.0 0 11.5 22 10 M M 3 31 20
21 40 22 31 -14 34 0 0.00 0.0 0 7.2 14 60 M M 0 21 40
22 46 15 31 -14 34 0 0.00 0.0 0 2.3 9 20 M M 0 15 20
23 60 21 41 -4 24 0 0.00 0.0 0 4.2 15 230 M M 0 21 230
24 56 27 42 -3 23 0 0.00 0.0 0 3.7 13 210 M M 5 14 210
25 54 33 44 -1 21 0 0.00 0.0 0 9.2 20 50 M M 3 27 50
26 46 25 36 -9 29 0 0.00 0.0 0 7.0 17 40 M M 0 22 40
27 52 24 38 -7 27 0 0.00 0.0 0 3.6 10 330 M M 5 15 350
28 55 28 42 -3 23 0 0.00 0.0 0 8.2 24 320 M M 4 34 310
29 55 20 38 -7 27 0 0.00 0.0 0 4.6 14 190 M M 0 17 210
30 69 35 52 6 13 0 0.00 0.0 0 5.3 13 220 M M 0 21 230
31 70 31 51 5 14 0 0.00 0.0 0 3.9 17 150 M M 1 22 150
================================================================================
SM 1770 901 674 2 0.73 0.2 193.8 M 75
================================================================================
AV 57.1 29.1 6.3 FASTST M M 3 MAX(MPH)
MISC ----> 25 190 35 190
================================================================================
NOTES:
# LAST OF SEVERAL OCCURRENCES
COLUMN 17 PEAK WIND IN M.P.H.
PRELIMINARY LOCAL CLIMATOLOGICAL DATA (WS FORM: F-6) , PAGE 2
STATION: EL DORADO
MONTH: JANUARY
YEAR: 2022
LATITUDE: 33 13 N
LONGITUDE: 92 49 W
[TEMPERATURE DATA] [PRECIPITATION DATA] SYMBOLS USED IN COLUMN 16
AVERAGE MONTHLY: 43.1 TOTAL FOR MONTH: 0.73 1 = FOG OR MIST
DPTR FM NORMAL: -1.6 DPTR FM NORMAL: -3.66 2 = FOG REDUCING VISIBILITY
HIGHEST: 79 ON 1 GRTST 24HR 0.43 ON 8- 9 TO 1/4 MILE OR LESS
LOWEST: 15 ON 22 3 = THUNDER
SNOW, ICE PELLETS, HAIL 4 = ICE PELLETS
TOTAL MONTH: 0.2 INCH 5 = HAIL
GRTST 24HR 0.2 ON 15-15 6 = FREEZING RAIN OR DRIZZLE
GRTST DEPTH: T 7 = DUSTSTORM OR SANDSTORM:
VSBY 1/2 MILE OR LESS
8 = SMOKE OR HAZE
[NO. OF DAYS WITH] [WEATHER - DAYS WITH] 9 = BLOWING SNOW
X = TORNADO
MAX 32 OR BELOW: 0 0.01 INCH OR MORE: 7
MAX 90 OR ABOVE: 0 0.10 INCH OR MORE: 3
MIN 32 OR BELOW: 22 0.50 INCH OR MORE: 0
MIN 0 OR BELOW: 0 1.00 INCH OR MORE: 0
[HDD (BASE 65) ]
TOTAL THIS MO. 674 CLEAR (SCALE 0-3) 17
DPTR FM NORMAL 44 PTCLDY (SCALE 4-7) 11
TOTAL FM JUL 1 1376 CLOUDY (SCALE 8-10) 3
DPTR FM NORMAL -295
[CDD (BASE 65) ]
TOTAL THIS MO. 2
DPTR FM NORMAL -1 [PRESSURE DATA]
TOTAL FM JAN 1 2 HIGHEST SLP 30.70 ON 10
DPTR FM NORMAL -1 LOWEST SLP 29.56 ON 1
[REMARKS]
#FINAL-01-22#