000
CXUS53 KTOP 010810
CF6EMP
PRELIMINARY LOCAL CLIMATOLOGICAL DATA (WS FORM: F-6)
STATION: EMPORIA KS
MONTH: MAY
YEAR: 2021
LATITUDE: 38 19 N
LONGITUDE: 96 12 W
TEMPERATURE IN F: :PCPN: SNOW: WIND :SUNSHINE: SKY :PK WND
================================================================================
1 2 3 4 5 6A 6B 7 8 9 10 11 12 13 14 15 16 17 18
12Z AVG MX 2MIN
DY MAX MIN AVG DEP HDD CDD WTR SNW DPTH SPD SPD DIR MIN PSBL S-S WX SPD DR
================================================================================
1 80 54 67 7 0 2 0.00 M M 16.3 29 190 M M 0 37 190
2 71 60 66 6 0 1 0.00 M M 11.5 20 160 M M 6 28 170
3 76 60 68 7 0 3 T M M 13.2 25 220 M M 5 37 200
4 68 47 58 -3 7 0 0.04 M M 12.4 25 10 M M 4 36 10
5 71 38 55 -6 10 0 0.00 M M 6.9 20 190 M M 1 23 180
6 69 45 57 -5 8 0 0.00 M M 10.3 20 330 M M 0 28 350
7 68 45 57 -5 8 0 0.06 M M 11.3 17 140 M M 5 1 24 120
8 85 54 70 8 0 5 0.00 M M 15.3 26 170 M M 1 37 150
9 74 47 61 -2 4 0 0.33 M M 10.7 25 10 M M 10 13 34 340
10 63 44 54 -9 11 0 0.00 M M 5.0 14 40 M M 4 1 24 40
11 60 45 53 -10 12 0 0.06 M M 7.5 16 10 M M 10 22 10
12 64 46 55 -9 10 0 0.00 M M 7.3 16 70 M M 6 25 80
13 70 39 55 -9 10 0 0.00 M M 6.0 13 140 M M 0 1 20 140
14 72 49 61 -3 4 0 0.11 M M 12.1 30 200 M M 6 13 42 210
15 72 57 65 0 0 0 0.35 M M 8.5 21 210 M M 6 13 30 210
16 75 60 68 3 0 3 3.64 M M 8.6 18 260 M M 8 13 27 270
17 72 62 67 2 0 2 0.03 M M 7.1 13 40 M M 10 1 17 30
18 78 62 70 4 0 5 0.29 M M 4.2 15 170 M M 8 13 19 170
19 69 64 67 1 0 2 0.15 M M 6.6 15 160 M M 9 1 20 160
20 71 64 68 2 0 3 0.19 M M 8.5 31 150 M M 10 12 42 150
21 79 66 73 6 0 8 0.04 M M 13.9 23 140 M M 9 1 30 130
22 72 66 69 2 0 4 0.07 M M 10.7 23 170 M M 7 1 31 170
23 76 65 71 4 0 6 0.02 M M 8.8 18 180 M M 6 1 25 180
24 77 65 71 3 0 6 0.00 M M 10.7 23 180 M M 7 1 33 170
25 77 67 72 4 0 7 0.23 M M 10.2 25 180 M M 6 13 35 180
26 87 63 75 7 0 10 0.02 M M 7.6 21 150 M M 3 123 31 150
27 81 56 69 0 0 4 0.06 M M 9.2 28 170 M M 4 13 39 180
28 64 53 59 -10 6 0 0.00 M M 11.7 21 40 M M 8 33 10
29 63 50 57 -12 8 0 0.00 M M 8.4 16 100 M M 7 20 130
30 65 47 56 -14 9 0 0.04 M M 5.9 13 140 M M 6 17 140
31 66 59 63 -7 2 0 0.29 M M 5.2 12 60 M M 10 1 16 60
================================================================================
SM 2235 1699 109 71 6.02 M 291.6 M 182
================================================================================
AV 72.1 54.8 9.4 FASTST M M 6 MAX(MPH)
MISC ----> 31 150 # 42 210
================================================================================
NOTES:
# LAST OF SEVERAL OCCURRENCES
COLUMN 17 PEAK WIND IN M.P.H.
PRELIMINARY LOCAL CLIMATOLOGICAL DATA (WS FORM: F-6) , PAGE 2
STATION: EMPORIA KS
MONTH: MAY
YEAR: 2021
LATITUDE: 38 19 N
LONGITUDE: 96 12 W
[TEMPERATURE DATA] [PRECIPITATION DATA] SYMBOLS USED IN COLUMN 16
AVERAGE MONTHLY: 63.5 TOTAL FOR MONTH: 6.02 1 = FOG OR MIST
DPTR FM NORMAL: -1.6 DPTR FM NORMAL: 1.01 2 = FOG REDUCING VISIBILITY
HIGHEST: 87 ON 26 GRTST 24HR 3.64 ON 16-16 TO 1/4 MILE OR LESS
LOWEST: 38 ON 5 3 = THUNDER
SNOW, ICE PELLETS, HAIL 4 = ICE PELLETS
TOTAL MONTH: M 5 = HAIL
GRTST 24HR M ON M 6 = FREEZING RAIN OR DRIZZLE
GRTST DEPTH: M ON M 7 = DUSTSTORM OR SANDSTORM:
VSBY 1/2 MILE OR LESS
8 = SMOKE OR HAZE
[NO. OF DAYS WITH] [WEATHER - DAYS WITH] 9 = BLOWING SNOW
X = TORNADO
MAX 32 OR BELOW: 0 0.01 INCH OR MORE: 19
MAX 90 OR ABOVE: 0 0.10 INCH OR MORE: 9
MIN 32 OR BELOW: 0 0.50 INCH OR MORE: 1
MIN 0 OR BELOW: 0 1.00 INCH OR MORE: 1
[HDD (BASE 65) ]
TOTAL THIS MO. 109 CLEAR (SCALE 0-3) 5
DPTR FM NORMAL 11 PTCLDY (SCALE 4-7) 17
TOTAL FM JUL 1 4528 CLOUDY (SCALE 8-10) 9
DPTR FM NORMAL -260
[CDD (BASE 65) ]
TOTAL THIS MO. 71
DPTR FM NORMAL -29 [PRESSURE DATA]
TOTAL FM JAN 1 95 HIGHEST SLP M ON M
DPTR FM NORMAL -29 LOWEST SLP 29.45 ON 8
[REMARKS]
#FINAL-05-21#