000
CXUS53 KMKX 010810
CF6ENW
PRELIMINARY LOCAL CLIMATOLOGICAL DATA (WS FORM: F-6)
STATION: KENOSHA WI
MONTH: APRIL
YEAR: 2021
LATITUDE: 42 35 N
LONGITUDE: 87 56 W
TEMPERATURE IN F: :PCPN: SNOW: WIND :SUNSHINE: SKY :PK WND
================================================================================
1 2 3 4 5 6A 6B 7 8 9 10 11 12 13 14 15 16 17 18
12Z AVG MX 2MIN
DY MAX MIN AVG DEP HDD CDD WTR SNW DPTH SPD SPD DIR MIN PSBL S-S WX SPD DR
================================================================================
1 41 23 32 -9 33 0 0.00 M M 7.9 17 340 M M 1 25 40
2 50 19 35 -6 30 0 0.00 M M 8.2 16 150 M M 0 24 180
3 72 41 57 16 8 0 0.00 M M 12.7 26 250 M M 1 36 250
4 73 38 56 14 9 0 0.00 M M 8.5 20 150 M M 0 25 150
5 75 56 66 24 0 1 0.00 M M 10.1 18 200 M M 1 26 240
6 82 58 70 28 0 5 0.00 M M 10.4 23 250 M M 2 31 240
7 77 53 65 22 0 0 0.47 M M 7.6 20 130 M M 2 38 25 130
8 61 50 56 13 9 0 0.43 M M 8.9 20 210 M M 9 1 29 200
9 61 50 56 13 9 0 0.00 M M 10.2 23 210 M M 9 1 33 200
10 57 48 53 9 12 0 0.39 M M 9.1 20 40 M M 10 1 28 50
11 57 41 49 5 16 0 0.01 0.0 0 5.7 12 90 M M 5 1 16 90
12 65 43 54 10 11 0 0.03 0.0 0 10.4 25 250 M M 6 1 38 270
13 52 40 46 1 19 0 0.00 M M 11.8 23 270 M M 5 31 240
14 46 32 39 -6 26 0 0.00 M M 9.6 18 260 M M 6 25 270
15 53 38 46 0 19 0 0.00 M M 9.8 18 320 M M 9 27 320
16 54 31 43 -3 22 0 0.00 M M 5.1 13 100 M M 2 1 19 90
17 55 31 43 -3 22 0 0.00 M M 6.5 14 100 M M 0 22 20
18 64 32 48 1 17 0 0.00 M M 6.3 21 250 M M 7 26 250
19 52 37 45 -2 20 0 T M M 12.6 21 310 M M 6 31 310
20 44 30 37 -10 28 0 0.00 M M 5.8 14 90 M M 6 17 100
21 47 27 37 -11 28 0 T M M 6.2 21 350 M M 7 8 29 340
22 62 26 44 -4 21 0 0.00 M M 9.7 20 270 M M 1 1 28 270
23 62 44 53 5 12 0 0.00 M M 10.5 21 210 M M 4 30 200
24 62 42 52 3 13 0 T M M 5.2 17 30 M M 9 24 350
25 47 37 42 -7 23 0 T M M 9.4 18 90 M M 4 34 70
26 72 40 56 7 9 0 T M M 13.7 25 140 M M 4 36 150
27 82 46 64 14 1 0 0.00 M M 12.0 21 230 M M 3 31 230
28 60 46 53 3 12 0 T M M 7.5 15 50 M M 3 21 30
29 70 44 57 7 8 0 0.06 M M 7.9 25 330 M M 7 1 40 310
30 54 39 47 -4 18 0 0.00 M M 10.0 24 60 M M 1 33 350
================================================================================
SM 1809 1182 455 6 1.39 0.0 269.3 M 130
================================================================================
AV 60.3 39.4 9.0 FASTST M M 4 MAX(MPH)
MISC ----> 26 250 40 310
================================================================================
NOTES:
# LAST OF SEVERAL OCCURRENCES
COLUMN 17 PEAK WIND IN M.P.H.
PRELIMINARY LOCAL CLIMATOLOGICAL DATA (WS FORM: F-6) , PAGE 2
STATION: KENOSHA WI
MONTH: APRIL
YEAR: 2021
LATITUDE: 42 35 N
LONGITUDE: 87 56 W
[TEMPERATURE DATA] [PRECIPITATION DATA] SYMBOLS USED IN COLUMN 16
AVERAGE MONTHLY: 49.9 TOTAL FOR MONTH: 1.39 1 = FOG OR MIST
DPTR FM NORMAL: 4.1 DPTR FM NORMAL: -2.21 2 = FOG REDUCING VISIBILITY
HIGHEST: 82 ON 27, 6 GRTST 24HR 0.75 ON 7- 8 TO 1/4 MILE OR LESS
LOWEST: 19 ON 2 3 = THUNDER
SNOW, ICE PELLETS, HAIL 4 = ICE PELLETS
TOTAL MONTH: 0.0 INCH 5 = HAIL
GRTST 24HR 0.0 6 = FREEZING RAIN OR DRIZZLE
GRTST DEPTH: 0 7 = DUSTSTORM OR SANDSTORM:
VSBY 1/2 MILE OR LESS
8 = SMOKE OR HAZE
[NO. OF DAYS WITH] [WEATHER - DAYS WITH] 9 = BLOWING SNOW
X = TORNADO
MAX 32 OR BELOW: 0 0.01 INCH OR MORE: 6
MAX 90 OR ABOVE: 0 0.10 INCH OR MORE: 3
MIN 32 OR BELOW: 9 0.50 INCH OR MORE: 0
MIN 0 OR BELOW: 0 1.00 INCH OR MORE: 0
[HDD (BASE 65) ]
TOTAL THIS MO. 455 CLEAR (SCALE 0-3) 12
DPTR FM NORMAL -128 PTCLDY (SCALE 4-7) 13
TOTAL FM JUL 1 5842 CLOUDY (SCALE 8-10) 5
DPTR FM NORMAL -764
[CDD (BASE 65) ]
TOTAL THIS MO. 6
DPTR FM NORMAL 4 [PRESSURE DATA]
TOTAL FM JAN 1 6 HIGHEST SLP M ON M
DPTR FM NORMAL 4 LOWEST SLP 29.29 ON 11
[REMARKS]
#FINAL-04-21#