000
CXUS56 KOTX 010910
CF6EPH
PRELIMINARY LOCAL CLIMATOLOGICAL DATA (WS FORM: F-6)
STATION: EPHRATA WA AIRPORT
MONTH: OCTOBER
YEAR: 2021
LATITUDE: 47 18 N
LONGITUDE: 119 31 W
TEMPERATURE IN F: :PCPN: SNOW: WIND :SUNSHINE: SKY :PK WND
================================================================================
1 2 3 4 5 6A 6B 7 8 9 10 11 12 13 14 15 16 17 18
12Z AVG MX 2MIN
DY MAX MIN AVG DEP HDD CDD WTR SNW DPTH SPD SPD DIR MIN PSBL S-S WX SPD DR
================================================================================
1 68 46 57 -1 8 0 0.00 M M 6.0 21 310 M M 0 8 26 310
2 69 37 53 -5 12 0 0.00 M M 5.1 13 200 M M 0 17 190
3 74 42 58 0 7 0 0.00 M M 5.7 10 210 M M 0 17 180
4 71 46 59 2 6 0 0.00 M M 4.6 9 160 M M 0 8 14 120
5 72 50 61 5 4 0 0.00 M M 8.3 25 210 M M 0 30 190
6 63 41 52 -4 13 0 0.00 M M 7.5 15 200 M M 2 20 220
7 60 34 47 -9 18 0 0.00 M M 4.2 9 200 M M 0 13 220
8 64 37 51 -4 14 0 0.00 M M 5.4 14 310 M M 0 16 300
9 64 30 47 -7 18 0 T M M 6.1 17 220 M M 3 22 220
10 62 44 53 -1 12 0 0.00 M M 15.4 29 260 M M 1 36 260
11 59 40 50 -3 15 0 0.00 M M 15.3 26 350 M M 1 35 10
12 56 26 41 -12 24 0 0.02 M M 5.9 20 250 M M 3 22 250
13 52 35 44 -8 21 0 0.12 M M 1.9 10 310 M M 6 8 14 320
14 61 30 46 -6 19 0 0.00 M M 5.1 12 240 M M 2 14 230
15 60 44 52 1 13 0 0.00 M M 4.6 8 340 M M 5 8 10 360
16 65 37 51 0 14 0 0.00 M M 4.5 10 10 M M 0 11 10
17 63 41 52 2 13 0 0.00 M M 4.5 13 320 M M 0 15 330
18 68 36 52 2 13 0 0.00 M M 3.9 12 10 M M 0 14 10
19 64 35 50 1 15 0 0.00 M M 5.4 10 330 M M 0 17 50
20 64 40 52 3 13 0 0.02 M M 8.8 22 220 M M 4 28 220
21 69 39 54 6 11 0 T M M 8.8 18 310 M M 3 23 300
22 56 43 50 2 15 0 0.15 M M 9.9 21 310 M M 7 1 26 310
23 59 35 47 0 18 0 T M M 5.7 17 210 M M 6 23 210
24 52 43 48 1 17 0 0.36 M M 7.8 18 230 M M 9 1 23 220
25 60 40 50 4 15 0 0.00 M M 8.1 22 210 M M 4 28 210
26 56 41 49 3 16 0 0.01 M M 11.3 23 190 M M 5 27 190
27 57 43 50 5 15 0 T M M 13.2 31 270 M M 3 38 270
28 68 45 57 12 8 0 T M M 8.1 20 190 M M 7 24 200
29 60 39 50 6 15 0 0.09 M M 10.6 31 310 M M 4 38 310
30 52 36 44 0 21 0 0.00 M M 12.4 21 10 M M 0 24 30
31 53 36 45 1 20 0 0.00 M M 11.5 18 350 M M 1 21 20
================================================================================
SM 1921 1211 443 0 0.77 M 235.6 M 76
================================================================================
AV 62.0 39.1 7.6 FASTST M M 2 MAX(MPH)
MISC ----> # 31 270 # 38 270
================================================================================
NOTES:
# LAST OF SEVERAL OCCURRENCES
COLUMN 17 PEAK WIND IN M.P.H.
PRELIMINARY LOCAL CLIMATOLOGICAL DATA (WS FORM: F-6) , PAGE 2
STATION: EPHRATA WA AIRPORT
MONTH: OCTOBER
YEAR: 2021
LATITUDE: 47 18 N
LONGITUDE: 119 31 W
[TEMPERATURE DATA] [PRECIPITATION DATA] SYMBOLS USED IN COLUMN 16
AVERAGE MONTHLY: 50.5 TOTAL FOR MONTH: 0.77 1 = FOG OR MIST
DPTR FM NORMAL: -0.4 DPTR FM NORMAL: 0.11 2 = FOG REDUCING VISIBILITY
HIGHEST: 74 ON 3 GRTST 24HR 0.36 ON 24-24 TO 1/4 MILE OR LESS
LOWEST: 26 ON 12 3 = THUNDER
SNOW, ICE PELLETS, HAIL 4 = ICE PELLETS
TOTAL MONTH: M 5 = HAIL
GRTST 24HR M ON M 6 = FREEZING RAIN OR DRIZZLE
GRTST DEPTH: M ON M 7 = DUSTSTORM OR SANDSTORM:
VSBY 1/2 MILE OR LESS
8 = SMOKE OR HAZE
[NO. OF DAYS WITH] [WEATHER - DAYS WITH] 9 = BLOWING SNOW
X = TORNADO
MAX 32 OR BELOW: 0 0.01 INCH OR MORE: 7
MAX 90 OR ABOVE: 0 0.10 INCH OR MORE: 3
MIN 32 OR BELOW: 3 0.50 INCH OR MORE: 0
MIN 0 OR BELOW: 0 1.00 INCH OR MORE: 0
[HDD (BASE 65) ]
TOTAL THIS MO. 443 CLEAR (SCALE 0-3) 20
DPTR FM NORMAL 2 PTCLDY (SCALE 4-7) 10
TOTAL FM JUL 1 545 CLOUDY (SCALE 8-10) 1
DPTR FM NORMAL -4
[CDD (BASE 65) ]
TOTAL THIS MO. 0
DPTR FM NORMAL -2 [PRESSURE DATA]
TOTAL FM JAN 1 1221 HIGHEST SLP M ON M
DPTR FM NORMAL 378 LOWEST SLP 29.20 ON 24
[REMARKS]
#FINAL-10-21#