000
CXUS56 KOTX 010900
CF6EPH
PRELIMINARY LOCAL CLIMATOLOGICAL DATA (WS FORM: F-6)
STATION: EPHRATA WA AIRPORT
MONTH: JUNE
YEAR: 2020
LATITUDE: 47 18 N
LONGITUDE: 119 31 W
TEMPERATURE IN F: :PCPN: SNOW: WIND :SUNSHINE: SKY :PK WND
================================================================================
1 2 3 4 5 6A 6B 7 8 9 10 11 12 13 14 15 16 17 18
12Z AVG MX 2MIN
DY MAX MIN AVG DEP HDD CDD WTR SNW DPTH SPD SPD DIR MIN PSBL S-S WX SPD DR
================================================================================
1 78 50 64 0 1 0 0.00 M M 10.1 22 200 M M 0 28 200
2 79 51 65 1 0 0 0.00 M M 11.5 26 310 M M 1 33 320
3 77 49 63 -1 2 0 0.00 M M 9.3 24 310 M M 0 29 310
4 76 56 66 2 0 1 0.00 M M 9.8 26 310 M M 0 34 310
5 74 57 66 2 0 1 T M M 8.4 17 180 M M 3 24 180
6 73 49 61 -4 4 0 0.00 M M 9.5 26 240 M M 2 32 230
7 71 51 61 -4 4 0 0.08 M M 13.2 30 310 M M 5 41 320
8 71 53 62 -3 3 0 0.00 M M 14.1 26 310 M M 1 37 310
9 66 45 56 -9 9 0 0.15 M M 6.0 12 150 M M 8 1 17 260
10 79 51 65 0 0 0 0.00 M M 5.9 15 200 M M 2 21 190
11 81 57 69 3 0 4 0.03 M M 8.6 20 290 M M 2 24 310
12 81 59 70 4 0 5 0.16 M M 11.3 22 280 M M 3 3 26 270
13 67 52 60 -6 5 0 0.22 M M 7.1 21 290 M M 8 1 26 290
14 69 44 57 -9 8 0 T M M 8.2 20 210 M M 5 24 210
15 65 49 57 -9 8 0 0.03 M M 6.1 15 200 M M 8 19 170
16 68 51 60 -7 5 0 0.05 M M 7.7 23 10 M M 8 25 10
17 81 52 67 0 0 2 0.00 M M 10.4 31 270 M M 3 37 270
18 84 59 72 5 0 7 0.00 M M 7.0 21 300 M M 0 26 300
19 88 55 72 5 0 7 0.00 M M 6.9 21 320 M M 0 28 330
20 83 66 75 7 0 10 T M M 8.3 23 220 M M 7 29 310
21 83 60 72 4 0 7 0.00 M M 8.2 21 300 M M 0 27 300
22 88 52 70 2 0 5 0.00 M M 4.3 15 310 M M 0 20 200
23 95 59 77 9 0 12 0.00 M M 7.0 15 310 M M 0 19 220
24 95 65 80 11 0 15 0.00 M M 11.9 25 310 M M 1 36 330
25 91 64 78 9 0 13 0.00 M M 10.5 22 320 M M 0 26 320
26 96 60 78 9 0 13 0.00 M M 10.7 30 310 M M 1 39 310
27 82 61 72 3 0 7 0.00 M M 17.0 37 310 M M 0 45 310
28 72 57 65 -5 0 0 0.04 M M 13.1 23 360 M M 6 3 27 300
29 88 60 74 4 0 9 T M M 12.1 28 300 M M 2 40 320
30 82 54 68 -2 0 3 0.00 M M 13.1 26 310 M M 3 32 310
================================================================================
SM 2383 1648 49 121 0.76 M 287.3 M 79
================================================================================
AV 79.4 54.9 9.6 FASTST M M 3 MAX(MPH)
MISC ----> # 37 310 # 45 310
================================================================================
NOTES:
# LAST OF SEVERAL OCCURRENCES
COLUMN 17 PEAK WIND IN M.P.H.
PRELIMINARY LOCAL CLIMATOLOGICAL DATA (WS FORM: F-6) , PAGE 2
STATION: EPHRATA WA AIRPORT
MONTH: JUNE
YEAR: 2020
LATITUDE: 47 18 N
LONGITUDE: 119 31 W
[TEMPERATURE DATA] [PRECIPITATION DATA] SYMBOLS USED IN COLUMN 16
AVERAGE MONTHLY: 67.2 TOTAL FOR MONTH: 0.76 1 = FOG OR MIST
DPTR FM NORMAL: 0.6 DPTR FM NORMAL: 0.15 2 = FOG REDUCING VISIBILITY
HIGHEST: 96 ON 26 GRTST 24HR 0.22 ON 13-13 TO 1/4 MILE OR LESS
LOWEST: 44 ON 14 3 = THUNDER
SNOW, ICE PELLETS, HAIL 4 = ICE PELLETS
TOTAL MONTH: M 5 = HAIL
GRTST 24HR M ON M 6 = FREEZING RAIN OR DRIZZLE
GRTST DEPTH: M ON M 7 = DUSTSTORM OR SANDSTORM:
VSBY 1/2 MILE OR LESS
8 = SMOKE OR HAZE
[NO. OF DAYS WITH] [WEATHER - DAYS WITH] 9 = BLOWING SNOW
X = TORNADO
MAX 32 OR BELOW: 0 0.01 INCH OR MORE: 8
MAX 90 OR ABOVE: 4 0.10 INCH OR MORE: 3
MIN 32 OR BELOW: 0 0.50 INCH OR MORE: 0
MIN 0 OR BELOW: 0 1.00 INCH OR MORE: 0
[HDD (BASE 65) ]
TOTAL THIS MO. 49 CLEAR (SCALE 0-3) 21
DPTR FM NORMAL -11 PTCLDY (SCALE 4-7) 8
TOTAL FM JUL 1 5622 CLOUDY (SCALE 8-10) 1
DPTR FM NORMAL -347
[CDD (BASE 65) ]
TOTAL THIS MO. 121
DPTR FM NORMAL 11 [PRESSURE DATA]
TOTAL FM JAN 1 156 HIGHEST SLP M ON M
DPTR FM NORMAL 9 LOWEST SLP 29.54 ON 5
[REMARKS]
#FINAL-06-20#